{"id":307,"date":"2025-05-24T17:39:24","date_gmt":"2025-05-24T20:39:24","guid":{"rendered":"https:\/\/viradasustentavel.org.br\/cuiaba\/eventos\/maos-na-terra-pes-na-trilha\/"},"modified":"2025-05-27T18:11:25","modified_gmt":"2025-05-27T21:11:25","slug":"maos-na-terra-pes-na-trilha","status":"publish","type":"tribe_events","link":"https:\/\/viradasustentavel.org.br\/cuiaba\/eventos\/maos-na-terra-pes-na-trilha\/","title":{"rendered":"M\u00e3os na Terra, P\u00e9s na Trilha"},"content":{"rendered":"<p>Em celebra\u00e7\u00e3o ao meio ambiente e com foco na educa\u00e7\u00e3o ecol\u00f3gica, o evento M\u00e3os na Terra, P\u00e9s na Trilha prop\u00f5e uma imers\u00e3o sens\u00edvel e educativa na natureza, voltada especialmente para o p\u00fablico infantil. Realizado no Horto Florestal, o projeto promove trilhas interpretativas e oficinas l\u00fadicas conduzidas por educadores ambientais e monitores especializados. A proposta pedag\u00f3gica aposta na viv\u00eancia direta e no aprendizado experiencial, respeitando o tempo e o ritmo das crian\u00e7as. As atividades \u2013 como trilhas guiadas, oficinas de arte com elementos naturais, conta\u00e7\u00e3o de hist\u00f3rias ambientais e plantio de mudas \u2013 estimulam a reflex\u00e3o sobre a rela\u00e7\u00e3o entre seres humanos e o meio ambiente, promovendo tamb\u00e9m a integra\u00e7\u00e3o social e o cuidado com a biodiversidade local. Mais do que uma programa\u00e7\u00e3o educativa, M\u00e3os na Terra, P\u00e9s na Trilha \u00e9 um convite para cultivar, desde cedo, o respeito pela vida em todas as suas formas.<\/p>\n","protected":false},"excerpt":{"rendered":"<p>Em celebra\u00e7\u00e3o ao meio ambiente e com foco na educa\u00e7\u00e3o ecol\u00f3gica, o evento M\u00e3os na Terra, P\u00e9s na Trilha prop\u00f5e uma imers\u00e3o sens\u00edvel e educativa na natureza, voltada especialmente para [&hellip;]<\/p>\n","protected":false},"author":1,"featured_media":458,"template":"","meta":{"_acf_changed":false,"_tribe_events_status":"","_tribe_events_status_reason":"","footnotes":""},"tags":[18],"tribe_events_cat":[17],"class_list":["post-307","tribe_events","type-tribe_events","status-publish","has-post-thumbnail","hentry","tag-infantil","tribe_events_cat-multidisciplinar","cat_multidisciplinar"],"acf":[],"_links":{"self":[{"href":"https:\/\/viradasustentavel.org.br\/cuiaba\/wp-json\/wp\/v2\/tribe_events\/307","targetHints":{"allow":["GET"]}}],"collection":[{"href":"https:\/\/viradasustentavel.org.br\/cuiaba\/wp-json\/wp\/v2\/tribe_events"}],"about":[{"href":"https:\/\/viradasustentavel.org.br\/cuiaba\/wp-json\/wp\/v2\/types\/tribe_events"}],"author":[{"embeddable":true,"href":"https:\/\/viradasustentavel.org.br\/cuiaba\/wp-json\/wp\/v2\/users\/1"}],"version-history":[{"count":1,"href":"https:\/\/viradasustentavel.org.br\/cuiaba\/wp-json\/wp\/v2\/tribe_events\/307\/revisions"}],"predecessor-version":[{"id":459,"href":"https:\/\/viradasustentavel.org.br\/cuiaba\/wp-json\/wp\/v2\/tribe_events\/307\/revisions\/459"}],"wp:featuredmedia":[{"embeddable":true,"href":"https:\/\/viradasustentavel.org.br\/cuiaba\/wp-json\/wp\/v2\/media\/458"}],"wp:attachment":[{"href":"https:\/\/viradasustentavel.org.br\/cuiaba\/wp-json\/wp\/v2\/media?parent=307"}],"wp:term":[{"taxonomy":"post_tag","embeddable":true,"href":"https:\/\/viradasustentavel.org.br\/cuiaba\/wp-json\/wp\/v2\/tags?post=307"},{"taxonomy":"tribe_events_cat","embeddable":true,"href":"https:\/\/viradasustentavel.org.br\/cuiaba\/wp-json\/wp\/v2\/tribe_events_cat?post=307"}],"curies":[{"name":"wp","href":"https:\/\/api.w.org\/{rel}","templated":true}]}}

Mãos na Terra, Pés na Trilha

<p>Em celebração ao meio ambiente e com foco na educação ecológica, o evento Mãos na Terra, Pés na Trilha propõe uma imersão sensível e educativa na natureza, voltada especialmente para o público infantil. Realizado no Horto Florestal, o projeto promove trilhas interpretativas e oficinas lúdicas conduzidas por educadores ambientais e monitores especializados. A proposta pedagógica aposta na vivência direta e no aprendizado experiencial, respeitando o tempo e o ritmo das crianças. As atividades – como trilhas guiadas, oficinas de arte com elementos naturais, contação de histórias ambientais e plantio de mudas – estimulam a reflexão sobre a relação entre seres humanos e o meio ambiente, promovendo também a integração social e o cuidado com a biodiversidade local. Mais do que uma programação educativa, Mãos na Terra, Pés na Trilha é um convite para cultivar, desde cedo, o respeito pela vida em todas as suas formas.</p>

<p>Em celebração ao meio ambiente e com foco na educação ecológica, o evento Mãos na Terra, Pés na Trilha propõe uma imersão sensível e educativa na natureza, voltada especialmente para [&hellip;]</p>
