{"id":309,"date":"2025-05-24T17:39:24","date_gmt":"2025-05-24T20:39:24","guid":{"rendered":"https:\/\/viradasustentavel.org.br\/cuiaba\/eventos\/direitos-lgbtqiapn-e-crise-ambiental-por-uma-agenda-inclusiva-na-cop-30\/"},"modified":"2025-05-27T18:11:25","modified_gmt":"2025-05-27T21:11:25","slug":"direitos-lgbtqiapn-e-crise-ambiental-por-uma-agenda-inclusiva-na-cop-30","status":"publish","type":"tribe_events","link":"https:\/\/viradasustentavel.org.br\/cuiaba\/eventos\/direitos-lgbtqiapn-e-crise-ambiental-por-uma-agenda-inclusiva-na-cop-30\/","title":{"rendered":"Direitos LGBTQIAPN+ e Crise Ambiental: Por uma Agenda Inclusiva na COP 30"},"content":{"rendered":"<p>Oficina formativa voltada \u00e0 promo\u00e7\u00e3o da consci\u00eancia cr\u00edtica sobre os impactos da crise ambiental nas popula\u00e7\u00f5es LGBTQIAPN+, evidenciando as interse\u00e7\u00f5es entre justi\u00e7a clim\u00e1tica, direitos humanos e inclus\u00e3o social. O encontro tem como foco o fortalecimento da participa\u00e7\u00e3o pol\u00edtica da juventude mato-grossense e do protagonismo LGBTQIAPN+ nas pautas socioambientais, especialmente no contexto da COP 30. Por meio de reflex\u00f5es coletivas e din\u00e2micas participativas, a oficina busca ampliar o debate sobre como as desigualdades sociais aprofundam a vulnerabilidade de grupos historicamente marginalizados diante da emerg\u00eancia clim\u00e1tica. A atividade tamb\u00e9m resultar\u00e1 na constru\u00e7\u00e3o colaborativa de propostas inclusivas que visem influenciar pol\u00edticas e a\u00e7\u00f5es no cen\u00e1rio internacional da Confer\u00eancia das Na\u00e7\u00f5es Unidas sobre as mudan\u00e7as clim\u00e1ticas. Trata-se de um espa\u00e7o de forma\u00e7\u00e3o, escuta e articula\u00e7\u00e3o para que juventudes diversas sejam agentes de transforma\u00e7\u00e3o social e ambiental, ocupando com legitimidade e representatividade os espa\u00e7os de decis\u00e3o e incid\u00eancia pol\u00edtica.<\/p>\n","protected":false},"excerpt":{"rendered":"<p>Oficina formativa voltada \u00e0 promo\u00e7\u00e3o da consci\u00eancia cr\u00edtica sobre os impactos da crise ambiental nas popula\u00e7\u00f5es LGBTQIAPN+, evidenciando as interse\u00e7\u00f5es entre justi\u00e7a clim\u00e1tica, direitos humanos e inclus\u00e3o social. O encontro [&hellip;]<\/p>\n","protected":false},"author":1,"featured_media":454,"template":"","meta":{"_acf_changed":false,"_tribe_events_status":"","_tribe_events_status_reason":"","footnotes":""},"tags":[21],"tribe_events_cat":[20],"class_list":["post-309","tribe_events","type-tribe_events","status-publish","has-post-thumbnail","hentry","tag-a-partir-dos-15-anos","tribe_events_cat-palestra","cat_palestra"],"acf":[],"_links":{"self":[{"href":"https:\/\/viradasustentavel.org.br\/cuiaba\/wp-json\/wp\/v2\/tribe_events\/309","targetHints":{"allow":["GET"]}}],"collection":[{"href":"https:\/\/viradasustentavel.org.br\/cuiaba\/wp-json\/wp\/v2\/tribe_events"}],"about":[{"href":"https:\/\/viradasustentavel.org.br\/cuiaba\/wp-json\/wp\/v2\/types\/tribe_events"}],"author":[{"embeddable":true,"href":"https:\/\/viradasustentavel.org.br\/cuiaba\/wp-json\/wp\/v2\/users\/1"}],"version-history":[{"count":1,"href":"https:\/\/viradasustentavel.org.br\/cuiaba\/wp-json\/wp\/v2\/tribe_events\/309\/revisions"}],"predecessor-version":[{"id":455,"href":"https:\/\/viradasustentavel.org.br\/cuiaba\/wp-json\/wp\/v2\/tribe_events\/309\/revisions\/455"}],"wp:featuredmedia":[{"embeddable":true,"href":"https:\/\/viradasustentavel.org.br\/cuiaba\/wp-json\/wp\/v2\/media\/454"}],"wp:attachment":[{"href":"https:\/\/viradasustentavel.org.br\/cuiaba\/wp-json\/wp\/v2\/media?parent=309"}],"wp:term":[{"taxonomy":"post_tag","embeddable":true,"href":"https:\/\/viradasustentavel.org.br\/cuiaba\/wp-json\/wp\/v2\/tags?post=309"},{"taxonomy":"tribe_events_cat","embeddable":true,"href":"https:\/\/viradasustentavel.org.br\/cuiaba\/wp-json\/wp\/v2\/tribe_events_cat?post=309"}],"curies":[{"name":"wp","href":"https:\/\/api.w.org\/{rel}","templated":true}]}}

<p>Oficina formativa voltada à promoção da consciência crítica sobre os impactos da crise ambiental nas populações LGBTQIAPN+, evidenciando as interseções entre justiça climática, direitos humanos e inclusão social. O encontro tem como foco o fortalecimento da participação política da juventude mato-grossense e do protagonismo LGBTQIAPN+ nas pautas socioambientais, especialmente no contexto da COP 30. Por meio de reflexões coletivas e dinâmicas participativas, a oficina busca ampliar o debate sobre como as desigualdades sociais aprofundam a vulnerabilidade de grupos historicamente marginalizados diante da emergência climática. A atividade também resultará na construção colaborativa de propostas inclusivas que visem influenciar políticas e ações no cenário internacional da Conferência das Nações Unidas sobre as mudanças climáticas. Trata-se de um espaço de formação, escuta e articulação para que juventudes diversas sejam agentes de transformação social e ambiental, ocupando com legitimidade e representatividade os espaços de decisão e incidência política.</p>

<p>Oficina formativa voltada à promoção da consciência crítica sobre os impactos da crise ambiental nas populações LGBTQIAPN+, evidenciando as interseções entre justiça climática, direitos humanos e inclusão social. O encontro [&hellip;]</p>
