{"id":310,"date":"2025-05-24T17:39:24","date_gmt":"2025-05-24T20:39:24","guid":{"rendered":"https:\/\/viradasustentavel.org.br\/cuiaba\/eventos\/desenho-livre-no-macp-com-a-prof-ms-tula-kirst\/"},"modified":"2025-06-03T15:26:05","modified_gmt":"2025-06-03T18:26:05","slug":"desenho-livre-no-macp-com-a-prof-ms-tula-kirst-2-2","status":"publish","type":"tribe_events","link":"https:\/\/viradasustentavel.org.br\/cuiaba\/eventos\/desenho-livre-no-macp-com-a-prof-ms-tula-kirst-2-2\/","title":{"rendered":"Desenho Livre no MACP com a Prof. Ms. Tula Kirst"},"content":{"rendered":"<p>Como parte da programa\u00e7\u00e3o da exposi\u00e7\u00e3o &#8220;Mem\u00f3ria Biocultural: narrativas e resist\u00eancias em 50 anos do MACP\/UFMT&#8221;, a Oficina \u201cDesenho Livre\u201d ser\u00e1 conduzida pela Prof\u00aa MSc. Tula Kirst, e prop\u00f5e uma experi\u00eancia pr\u00e1tica e reflexiva para universit\u00e1rios do curso de Arquitetura e Urbanismo. A atividade estimula o desenvolvimento de habilidades em desenho livre, tomando como ponto de partida o di\u00e1logo com as obras expostas e os temas da mostra. Tula Kirst \u00e9 professora adjunta III do Departamento de Arquitetura e Urbanismo da UFMT, mestre em Arquitetura e doutoranda no Programa de P\u00f3s-Gradua\u00e7\u00e3o em Estudos de Cultura Contempor\u00e2nea (ECCO\/UFMT). Sua pesquisa investiga as rela\u00e7\u00f5es entre arte, espa\u00e7o constru\u00eddo, cultura e subjetividade, o que torna sua condu\u00e7\u00e3o especialmente sens\u00edvel \u00e0 proposta da oficina. A atividade acontece dentro da exposi\u00e7\u00e3o comemorativa de cinquenta anos do Museu de Arte e de Cultura Popular (MACP\/UFMT), intitulada &#8220;Mem\u00f3ria Biocultural (narrativas e resist\u00eancias em cinquenta anos do MACP\/UFMT).&#8221; A mostra apresenta cerca de 88 obras de cinquenta artistas, entre eles a ind\u00edgena Kaya Agari, cuja obra foi recentemente incorporada ao acervo. Com curadoria colaborativa e consultoria da Profa. Dra. Fernanda Pitta (MAC USP), a exposi\u00e7\u00e3o est\u00e1 dividida em tr\u00eas eixos principais \u2013 manifestos sociais, mem\u00f3ria biocultural e emerg\u00eancia clim\u00e1tica \u2013 abordando temas como direitos humanos, desmatamento e modos de vida tradicionais. Essa a\u00e7\u00e3o integra a agenda da gest\u00e3o 2024\/2028 da UFMT, por meio da Procev (Pr\u00f3-Reitoria de Cultura, Extens\u00e3o e Viv\u00eancia), reafirmando o compromisso institucional com a arte, a cultura e o pensamento cr\u00edtico.<\/p>\n","protected":false},"excerpt":{"rendered":"<p>Como parte da programa\u00e7\u00e3o da exposi\u00e7\u00e3o &#8220;Mem\u00f3ria Biocultural: narrativas e resist\u00eancias em 50 anos do MACP\/UFMT&#8221;, a Oficina \u201cDesenho Livre\u201d ser\u00e1 conduzida pela Prof\u00aa MSc. Tula Kirst, e prop\u00f5e uma [&hellip;]<\/p>\n","protected":false},"author":1,"featured_media":178,"template":"","meta":{"_acf_changed":false,"_tribe_events_status":"","_tribe_events_status_reason":"","footnotes":""},"tags":[23],"tribe_events_cat":[22],"class_list":["post-310","tribe_events","type-tribe_events","status-publish","has-post-thumbnail","hentry","tag-a-partir-dos-14-anos","tribe_events_cat-oficina","cat_oficina"],"acf":[],"_links":{"self":[{"href":"https:\/\/viradasustentavel.org.br\/cuiaba\/wp-json\/wp\/v2\/tribe_events\/310","targetHints":{"allow":["GET"]}}],"collection":[{"href":"https:\/\/viradasustentavel.org.br\/cuiaba\/wp-json\/wp\/v2\/tribe_events"}],"about":[{"href":"https:\/\/viradasustentavel.org.br\/cuiaba\/wp-json\/wp\/v2\/types\/tribe_events"}],"author":[{"embeddable":true,"href":"https:\/\/viradasustentavel.org.br\/cuiaba\/wp-json\/wp\/v2\/users\/1"}],"version-history":[{"count":2,"href":"https:\/\/viradasustentavel.org.br\/cuiaba\/wp-json\/wp\/v2\/tribe_events\/310\/revisions"}],"predecessor-version":[{"id":582,"href":"https:\/\/viradasustentavel.org.br\/cuiaba\/wp-json\/wp\/v2\/tribe_events\/310\/revisions\/582"}],"wp:featuredmedia":[{"embeddable":true,"href":"https:\/\/viradasustentavel.org.br\/cuiaba\/wp-json\/wp\/v2\/media\/178"}],"wp:attachment":[{"href":"https:\/\/viradasustentavel.org.br\/cuiaba\/wp-json\/wp\/v2\/media?parent=310"}],"wp:term":[{"taxonomy":"post_tag","embeddable":true,"href":"https:\/\/viradasustentavel.org.br\/cuiaba\/wp-json\/wp\/v2\/tags?post=310"},{"taxonomy":"tribe_events_cat","embeddable":true,"href":"https:\/\/viradasustentavel.org.br\/cuiaba\/wp-json\/wp\/v2\/tribe_events_cat?post=310"}],"curies":[{"name":"wp","href":"https:\/\/api.w.org\/{rel}","templated":true}]}}

<p>Como parte da programação da exposição &#8220;Memória Biocultural: narrativas e resistências em 50 anos do MACP/UFMT&#8221;, a Oficina “Desenho Livre” será conduzida pela Profª MSc. Tula Kirst, e propõe uma experiência prática e reflexiva para universitários do curso de Arquitetura e Urbanismo. A atividade estimula o desenvolvimento de habilidades em desenho livre, tomando como ponto de partida o diálogo com as obras expostas e os temas da mostra. Tula Kirst é professora adjunta III do Departamento de Arquitetura e Urbanismo da UFMT, mestre em Arquitetura e doutoranda no Programa de Pós-Graduação em Estudos de Cultura Contemporânea (ECCO/UFMT). Sua pesquisa investiga as relações entre arte, espaço construído, cultura e subjetividade, o que torna sua condução especialmente sensível à proposta da oficina. A atividade acontece dentro da exposição comemorativa de cinquenta anos do Museu de Arte e de Cultura Popular (MACP/UFMT), intitulada &#8220;Memória Biocultural (narrativas e resistências em cinquenta anos do MACP/UFMT).&#8221; A mostra apresenta cerca de 88 obras de cinquenta artistas, entre eles a indígena Kaya Agari, cuja obra foi recentemente incorporada ao acervo. Com curadoria colaborativa e consultoria da Profa. Dra. Fernanda Pitta (MAC USP), a exposição está dividida em três eixos principais – manifestos sociais, memória biocultural e emergência climática – abordando temas como direitos humanos, desmatamento e modos de vida tradicionais. Essa ação integra a agenda da gestão 2024/2028 da UFMT, por meio da Procev (Pró-Reitoria de Cultura, Extensão e Vivência), reafirmando o compromisso institucional com a arte, a cultura e o pensamento crítico.</p>

<p>Como parte da programação da exposição &#8220;Memória Biocultural: narrativas e resistências em 50 anos do MACP/UFMT&#8221;, a Oficina “Desenho Livre” será conduzida pela Profª MSc. Tula Kirst, e propõe uma [&hellip;]</p>
