{"id":312,"date":"2025-05-24T17:39:27","date_gmt":"2025-05-24T20:39:27","guid":{"rendered":"https:\/\/viradasustentavel.org.br\/cuiaba\/eventos\/trilha-de-observacao-de-aves-na-virada-sustentavel\/"},"modified":"2025-05-27T18:11:27","modified_gmt":"2025-05-27T21:11:27","slug":"trilha-de-observacao-de-aves-na-virada-sustentavel","status":"publish","type":"tribe_events","link":"https:\/\/viradasustentavel.org.br\/cuiaba\/eventos\/trilha-de-observacao-de-aves-na-virada-sustentavel\/","title":{"rendered":"Trilha de Observa\u00e7\u00e3o de Aves na Virada Sustent\u00e1vel"},"content":{"rendered":"<p>A expans\u00e3o urbana de Cuiab\u00e1 tem levado \u00e0 crescente substitui\u00e7\u00e3o das \u00e1reas verdes por edifica\u00e7\u00f5es, alterando a forma como a natureza \u00e9 percebida e utilizada nos grandes centros urbanos. Muitas vezes, o valor ecol\u00f3gico desses espa\u00e7os \u00e9 ofuscado por interesses que se distanciam da conserva\u00e7\u00e3o ambiental e da conviv\u00eancia harmoniosa com a fauna local. Inserida na programa\u00e7\u00e3o da Virada Sustent\u00e1vel, esta atividade especial prop\u00f5e uma trilha interpretativa com observa\u00e7\u00e3o de aves no Parque Estadual Massairo Okamura, trazendo uma oportunidade \u00fanica de reconectar a sociedade com a natureza em meio ao contexto urbano. A trilha ser\u00e1 conduzida pelo especialista em avifauna: Mestre Miguel \u00c2ngelo M. da S. (PPGCA\/UNEMAT). Destinada a participantes de todas as idades (com limite de trinta vagas), a atividade ser\u00e1 realizada em dois grupos, cada um guiado por um dos pesquisadores, ao longo de trilhas interligadas com dura\u00e7\u00e3o aproximada de 45 minutos. Mais do que uma caminhada, a proposta \u00e9 oferecer uma viv\u00eancia imersiva na biodiversidade local, estimulando o olhar atento \u00e0 fauna e promovendo a valoriza\u00e7\u00e3o dos espa\u00e7os naturais urbanos como territ\u00f3rios de educa\u00e7\u00e3o ambiental, lazer consciente e preserva\u00e7\u00e3o.<\/p>\n","protected":false},"excerpt":{"rendered":"<p>A expans\u00e3o urbana de Cuiab\u00e1 tem levado \u00e0 crescente substitui\u00e7\u00e3o das \u00e1reas verdes por edifica\u00e7\u00f5es, alterando a forma como a natureza \u00e9 percebida e utilizada nos grandes centros urbanos. Muitas [&hellip;]<\/p>\n","protected":false},"author":1,"featured_media":450,"template":"","meta":{"_acf_changed":false,"_tribe_events_status":"","_tribe_events_status_reason":"","footnotes":""},"tags":[19],"tribe_events_cat":[17],"class_list":["post-312","tribe_events","type-tribe_events","status-publish","has-post-thumbnail","hentry","tag-todas-as-idades","tribe_events_cat-multidisciplinar","cat_multidisciplinar"],"acf":[],"_links":{"self":[{"href":"https:\/\/viradasustentavel.org.br\/cuiaba\/wp-json\/wp\/v2\/tribe_events\/312","targetHints":{"allow":["GET"]}}],"collection":[{"href":"https:\/\/viradasustentavel.org.br\/cuiaba\/wp-json\/wp\/v2\/tribe_events"}],"about":[{"href":"https:\/\/viradasustentavel.org.br\/cuiaba\/wp-json\/wp\/v2\/types\/tribe_events"}],"author":[{"embeddable":true,"href":"https:\/\/viradasustentavel.org.br\/cuiaba\/wp-json\/wp\/v2\/users\/1"}],"version-history":[{"count":1,"href":"https:\/\/viradasustentavel.org.br\/cuiaba\/wp-json\/wp\/v2\/tribe_events\/312\/revisions"}],"predecessor-version":[{"id":451,"href":"https:\/\/viradasustentavel.org.br\/cuiaba\/wp-json\/wp\/v2\/tribe_events\/312\/revisions\/451"}],"wp:featuredmedia":[{"embeddable":true,"href":"https:\/\/viradasustentavel.org.br\/cuiaba\/wp-json\/wp\/v2\/media\/450"}],"wp:attachment":[{"href":"https:\/\/viradasustentavel.org.br\/cuiaba\/wp-json\/wp\/v2\/media?parent=312"}],"wp:term":[{"taxonomy":"post_tag","embeddable":true,"href":"https:\/\/viradasustentavel.org.br\/cuiaba\/wp-json\/wp\/v2\/tags?post=312"},{"taxonomy":"tribe_events_cat","embeddable":true,"href":"https:\/\/viradasustentavel.org.br\/cuiaba\/wp-json\/wp\/v2\/tribe_events_cat?post=312"}],"curies":[{"name":"wp","href":"https:\/\/api.w.org\/{rel}","templated":true}]}}

Trilha de Observação de Aves na Virada Sustentável

<p>A expansão urbana de Cuiabá tem levado à crescente substituição das áreas verdes por edificações, alterando a forma como a natureza é percebida e utilizada nos grandes centros urbanos. Muitas vezes, o valor ecológico desses espaços é ofuscado por interesses que se distanciam da conservação ambiental e da convivência harmoniosa com a fauna local. Inserida na programação da Virada Sustentável, esta atividade especial propõe uma trilha interpretativa com observação de aves no Parque Estadual Massairo Okamura, trazendo uma oportunidade única de reconectar a sociedade com a natureza em meio ao contexto urbano. A trilha será conduzida pelo especialista em avifauna: Mestre Miguel Ângelo M. da S. (PPGCA/UNEMAT). Destinada a participantes de todas as idades (com limite de trinta vagas), a atividade será realizada em dois grupos, cada um guiado por um dos pesquisadores, ao longo de trilhas interligadas com duração aproximada de 45 minutos. Mais do que uma caminhada, a proposta é oferecer uma vivência imersiva na biodiversidade local, estimulando o olhar atento à fauna e promovendo a valorização dos espaços naturais urbanos como territórios de educação ambiental, lazer consciente e preservação.</p>

<p>A expansão urbana de Cuiabá tem levado à crescente substituição das áreas verdes por edificações, alterando a forma como a natureza é percebida e utilizada nos grandes centros urbanos. Muitas [&hellip;]</p>
