{"id":315,"date":"2025-05-24T17:39:27","date_gmt":"2025-05-24T20:39:27","guid":{"rendered":"https:\/\/viradasustentavel.org.br\/cuiaba\/eventos\/visita-guiada-exposicao-memoria-biocultural-narrativas-e-resistencias-em-50-anos-do-macp-ufmt-com-a-curadora-prof-dra-ruth-albernaz\/"},"modified":"2025-05-27T18:11:27","modified_gmt":"2025-05-27T21:11:27","slug":"visita-guiada-exposicao-memoria-biocultural-narrativas-e-resistencias-em-50-anos-do-macp-ufmt-com-a-curadora-prof-dra-ruth-albernaz","status":"publish","type":"tribe_events","link":"https:\/\/viradasustentavel.org.br\/cuiaba\/eventos\/visita-guiada-exposicao-memoria-biocultural-narrativas-e-resistencias-em-50-anos-do-macp-ufmt-com-a-curadora-prof-dra-ruth-albernaz\/","title":{"rendered":"Visita guiada \u2013 Exposi\u00e7\u00e3o Mem\u00f3ria Biocultural (narrativas e resist\u00eancias em 50 anos do MACP\/UFMT) com a curadora Prof. Dra. Ruth Albernaz"},"content":{"rendered":"<p>Celebrando meio s\u00e9culo de atua\u00e7\u00e3o do Museu de Arte e Cultura Popular da UFMT (MACP), a exposi\u00e7\u00e3o &#8220;Mem\u00f3ria Biocultural (narrativas e resist\u00eancias em 50 anos do MACP\/UFMT)&#8221; prop\u00f5e um mergulho sens\u00edvel e cr\u00edtico nas narrativas art\u00edsticas que comp\u00f5em o acervo do museu, articulando mem\u00f3rias individuais e coletivas sob a \u00f3tica da Etnobiologia. A mostra re\u00fane cerca de 88 obras de cinquenta artistas, incluindo uma nova aquisi\u00e7\u00e3o da artista ind\u00edgena Kaya Agari, e est\u00e1 dividida em tr\u00eas grandes n\u00facleos tem\u00e1ticos: manifestos sociais, mem\u00f3ria biocultural e emerg\u00eancia clim\u00e1tica, com subtemas que abordam desde os direitos humanos at\u00e9 o desmatamento e os modos de vida tradicionais. Resultado de um processo curatorial colaborativo, com consultoria da prof\u00aa. Dra. Fernanda Pitta (MAC\/USP), a exposi\u00e7\u00e3o \u00e9 uma das a\u00e7\u00f5es da gest\u00e3o 2024\/2028 da UFMT, por meio da Procev (Pr\u00f3-reitoria de Cultura, Extens\u00e3o e Viv\u00eancia), reafirmando o compromisso institucional com a valoriza\u00e7\u00e3o da cultura. A curadoria geral \u00e9 assinada pela prof\u00aa. Dra. Ruth Albernaz, artista-bi\u00f3loga e pesquisadora em Etnobiologia, quem far\u00e1 a media\u00e7\u00e3o na visita guiada para a Virada Sustent\u00e1vel. Com um projeto expogr\u00e1fico que dialoga com as paisagens e cores do Cerrado, da Amaz\u00f4nia e do Pantanal, e inspirado na identidade visual da UFMT, Mem\u00f3ria Biocultural tamb\u00e9m integra poemas de autores mato-grossenses e ativa\u00e7\u00f5es educativas sob a met\u00e1fora \u201cQuebrar a Dorm\u00eancia\u201d, convidando o p\u00fablico a repensar suas rela\u00e7\u00f5es com o ambiente, a arte e a mem\u00f3ria. A exposi\u00e7\u00e3o \u00e9 um convite \u00e0 resist\u00eancia frente \u00e0 amn\u00e9sia cultural, reafirmando a arte como for\u00e7a vital de transforma\u00e7\u00e3o e consci\u00eancia coletiva. Na ocasi\u00e3o da visita guiada, ser\u00e3o apresentadas discuss\u00f5es sobre a forma como a exposi\u00e7\u00e3o est\u00e1 montada, bem como reflex\u00f5es sobre obras escolhidas para esta e a rela\u00e7\u00e3o entre elas. A exposi\u00e7\u00e3o contribui para entender as narrativas e resist\u00eancias do museu em seus anos de exist\u00eancia.<\/p>\n","protected":false},"excerpt":{"rendered":"<p>Celebrando meio s\u00e9culo de atua\u00e7\u00e3o do Museu de Arte e Cultura Popular da UFMT (MACP), a exposi\u00e7\u00e3o &#8220;Mem\u00f3ria Biocultural (narrativas e resist\u00eancias em 50 anos do MACP\/UFMT)&#8221; prop\u00f5e um mergulho [&hellip;]<\/p>\n","protected":false},"author":1,"featured_media":440,"template":"","meta":{"_acf_changed":false,"_tribe_events_status":"","_tribe_events_status_reason":"","footnotes":""},"tags":[25],"tribe_events_cat":[17],"class_list":["post-315","tribe_events","type-tribe_events","status-publish","has-post-thumbnail","hentry","tag-a-partir-dos-16-anos","tribe_events_cat-multidisciplinar","cat_multidisciplinar"],"acf":[],"_links":{"self":[{"href":"https:\/\/viradasustentavel.org.br\/cuiaba\/wp-json\/wp\/v2\/tribe_events\/315","targetHints":{"allow":["GET"]}}],"collection":[{"href":"https:\/\/viradasustentavel.org.br\/cuiaba\/wp-json\/wp\/v2\/tribe_events"}],"about":[{"href":"https:\/\/viradasustentavel.org.br\/cuiaba\/wp-json\/wp\/v2\/types\/tribe_events"}],"author":[{"embeddable":true,"href":"https:\/\/viradasustentavel.org.br\/cuiaba\/wp-json\/wp\/v2\/users\/1"}],"version-history":[{"count":1,"href":"https:\/\/viradasustentavel.org.br\/cuiaba\/wp-json\/wp\/v2\/tribe_events\/315\/revisions"}],"predecessor-version":[{"id":441,"href":"https:\/\/viradasustentavel.org.br\/cuiaba\/wp-json\/wp\/v2\/tribe_events\/315\/revisions\/441"}],"wp:featuredmedia":[{"embeddable":true,"href":"https:\/\/viradasustentavel.org.br\/cuiaba\/wp-json\/wp\/v2\/media\/440"}],"wp:attachment":[{"href":"https:\/\/viradasustentavel.org.br\/cuiaba\/wp-json\/wp\/v2\/media?parent=315"}],"wp:term":[{"taxonomy":"post_tag","embeddable":true,"href":"https:\/\/viradasustentavel.org.br\/cuiaba\/wp-json\/wp\/v2\/tags?post=315"},{"taxonomy":"tribe_events_cat","embeddable":true,"href":"https:\/\/viradasustentavel.org.br\/cuiaba\/wp-json\/wp\/v2\/tribe_events_cat?post=315"}],"curies":[{"name":"wp","href":"https:\/\/api.w.org\/{rel}","templated":true}]}}

Visita guiada – Exposição Memória Biocultural (narrativas e resistências em 50 anos do MACP/UFMT) com a curadora Prof. Dra. Ruth Albernaz

<p>Celebrando meio século de atuação do Museu de Arte e Cultura Popular da UFMT (MACP), a exposição &#8220;Memória Biocultural (narrativas e resistências em 50 anos do MACP/UFMT)&#8221; propõe um mergulho sensível e crítico nas narrativas artísticas que compõem o acervo do museu, articulando memórias individuais e coletivas sob a ótica da Etnobiologia. A mostra reúne cerca de 88 obras de cinquenta artistas, incluindo uma nova aquisição da artista indígena Kaya Agari, e está dividida em três grandes núcleos temáticos: manifestos sociais, memória biocultural e emergência climática, com subtemas que abordam desde os direitos humanos até o desmatamento e os modos de vida tradicionais. Resultado de um processo curatorial colaborativo, com consultoria da profª. Dra. Fernanda Pitta (MAC/USP), a exposição é uma das ações da gestão 2024/2028 da UFMT, por meio da Procev (Pró-reitoria de Cultura, Extensão e Vivência), reafirmando o compromisso institucional com a valorização da cultura. A curadoria geral é assinada pela profª. Dra. Ruth Albernaz, artista-bióloga e pesquisadora em Etnobiologia, quem fará a mediação na visita guiada para a Virada Sustentável. Com um projeto expográfico que dialoga com as paisagens e cores do Cerrado, da Amazônia e do Pantanal, e inspirado na identidade visual da UFMT, Memória Biocultural também integra poemas de autores mato-grossenses e ativações educativas sob a metáfora “Quebrar a Dormência”, convidando o público a repensar suas relações com o ambiente, a arte e a memória. A exposição é um convite à resistência frente à amnésia cultural, reafirmando a arte como força vital de transformação e consciência coletiva. Na ocasião da visita guiada, serão apresentadas discussões sobre a forma como a exposição está montada, bem como reflexões sobre obras escolhidas para esta e a relação entre elas. A exposição contribui para entender as narrativas e resistências do museu em seus anos de existência.</p>

<p>Celebrando meio século de atuação do Museu de Arte e Cultura Popular da UFMT (MACP), a exposição &#8220;Memória Biocultural (narrativas e resistências em 50 anos do MACP/UFMT)&#8221; propõe um mergulho [&hellip;]</p>
