{"id":316,"date":"2025-05-24T17:39:27","date_gmt":"2025-05-24T20:39:27","guid":{"rendered":"https:\/\/viradasustentavel.org.br\/cuiaba\/eventos\/arvore-para-todos-na-escola\/"},"modified":"2025-05-27T18:11:27","modified_gmt":"2025-05-27T21:11:27","slug":"arvore-para-todos-na-escola","status":"publish","type":"tribe_events","link":"https:\/\/viradasustentavel.org.br\/cuiaba\/eventos\/arvore-para-todos-na-escola\/","title":{"rendered":"\u00c1rvore Para Todos na Escola"},"content":{"rendered":"<p>A arboriza\u00e7\u00e3o urbana \u00e9 fundamental para combater os efeitos das mudan\u00e7as clim\u00e1ticas nas cidades. Com o aumento da popula\u00e7\u00e3o urbana e a intensifica\u00e7\u00e3o das atividades antr\u00f3picas, as cidades se tornaram grandes emissores de gases de efeito estufa, contribuindo para o aquecimento global. As \u00e1rvores atuam como filtros naturais, absorvendo CO2 e liberando oxig\u00eanio, al\u00e9m de reduzir a temperatura e a polui\u00e7\u00e3o sonora. Apesar dos diversos benef\u00edcios, a arboriza\u00e7\u00e3o urbana ainda \u00e9 negligenciada em muitos planos de desenvolvimento urbano. \u00c9 fundamental investir em projetos de arboriza\u00e7\u00e3o que considerem as caracter\u00edsticas locais e utilizem esp\u00e9cies nativas adequadas. A\u00e7\u00f5es como o plantio de \u00e1rvores com a comunidade, campanhas de educa\u00e7\u00e3o ambiental e a capacita\u00e7\u00e3o de profissionais s\u00e3o essenciais para garantir a qualidade e a sustentabilidade da arboriza\u00e7\u00e3o urbana. Neste sentido, o objetivo do projeto \u00e9 estabelecer um conjunto de atividades referente \u00e0 arboriza\u00e7\u00e3o urbana no estado de Mato Grosso, com a popula\u00e7\u00e3o cuiabana e mato-grossense como p\u00fablico-alvo, bem como \u00f3rg\u00e3os p\u00fablicos, entidades e empresas privadas. O projeto \u00e9 desenvolvido por alunos e professores da Faculdade de Engenharia Florestal, por meio de visitas in loco, identificando problemas da arboriza\u00e7\u00e3o urbana, fornecendo solu\u00e7\u00f5es para tais, bem como realizando pesquisas a fim de fomentar o conhecimento te\u00f3rico-pr\u00e1tico da arboriza\u00e7\u00e3o urbana no estado de Mato Grosso, considerando a sua pluralidade de caracter\u00edsticas. A atividade ser\u00e1 realizada em uma escola p\u00fablica com o objetivo de conscientizar os alunos sobre a import\u00e2ncia da arboriza\u00e7\u00e3o urbana para a qualidade de vida nas cidades. Durante a a\u00e7\u00e3o, ser\u00e3o apresentados diversos materiais educativos e propostas de discuss\u00f5es para incentivar o pensamento cr\u00edtico e a participa\u00e7\u00e3o ativa dos estudantes. Ser\u00e3o abordados temas como os principais benef\u00edcios da arboriza\u00e7\u00e3o urbana: a purifica\u00e7\u00e3o do ar, o sombreamento e o conforto t\u00e9rmico, a redu\u00e7\u00e3o da polui\u00e7\u00e3o sonora, a contribui\u00e7\u00e3o para o bem-estar psicol\u00f3gico da popula\u00e7\u00e3o e a conserva\u00e7\u00e3o da biodiversidade. Os materiais tamb\u00e9m servir\u00e3o para mostrar como as \u00e1rvores colaboram para a melhoria da qualidade do ar, a diminui\u00e7\u00e3o da temperatura e o embelezamento dos espa\u00e7os urbanos. A proposta visa estimular a reflex\u00e3o sobre a preserva\u00e7\u00e3o ambiental e o papel de cada cidad\u00e3o na constru\u00e7\u00e3o de uma cidade mais verde, saud\u00e1vel e sustent\u00e1vel.<\/p>\n","protected":false},"excerpt":{"rendered":"<p>A arboriza\u00e7\u00e3o urbana \u00e9 fundamental para combater os efeitos das mudan\u00e7as clim\u00e1ticas nas cidades. Com o aumento da popula\u00e7\u00e3o urbana e a intensifica\u00e7\u00e3o das atividades antr\u00f3picas, as cidades se tornaram [&hellip;]<\/p>\n","protected":false},"author":1,"featured_media":446,"template":"","meta":{"_acf_changed":false,"_tribe_events_status":"","_tribe_events_status_reason":"","footnotes":""},"tags":[19],"tribe_events_cat":[17],"class_list":["post-316","tribe_events","type-tribe_events","status-publish","has-post-thumbnail","hentry","tag-todas-as-idades","tribe_events_cat-multidisciplinar","cat_multidisciplinar"],"acf":[],"_links":{"self":[{"href":"https:\/\/viradasustentavel.org.br\/cuiaba\/wp-json\/wp\/v2\/tribe_events\/316","targetHints":{"allow":["GET"]}}],"collection":[{"href":"https:\/\/viradasustentavel.org.br\/cuiaba\/wp-json\/wp\/v2\/tribe_events"}],"about":[{"href":"https:\/\/viradasustentavel.org.br\/cuiaba\/wp-json\/wp\/v2\/types\/tribe_events"}],"author":[{"embeddable":true,"href":"https:\/\/viradasustentavel.org.br\/cuiaba\/wp-json\/wp\/v2\/users\/1"}],"version-history":[{"count":1,"href":"https:\/\/viradasustentavel.org.br\/cuiaba\/wp-json\/wp\/v2\/tribe_events\/316\/revisions"}],"predecessor-version":[{"id":447,"href":"https:\/\/viradasustentavel.org.br\/cuiaba\/wp-json\/wp\/v2\/tribe_events\/316\/revisions\/447"}],"wp:featuredmedia":[{"embeddable":true,"href":"https:\/\/viradasustentavel.org.br\/cuiaba\/wp-json\/wp\/v2\/media\/446"}],"wp:attachment":[{"href":"https:\/\/viradasustentavel.org.br\/cuiaba\/wp-json\/wp\/v2\/media?parent=316"}],"wp:term":[{"taxonomy":"post_tag","embeddable":true,"href":"https:\/\/viradasustentavel.org.br\/cuiaba\/wp-json\/wp\/v2\/tags?post=316"},{"taxonomy":"tribe_events_cat","embeddable":true,"href":"https:\/\/viradasustentavel.org.br\/cuiaba\/wp-json\/wp\/v2\/tribe_events_cat?post=316"}],"curies":[{"name":"wp","href":"https:\/\/api.w.org\/{rel}","templated":true}]}}

Árvore Para Todos na Escola

<p>A arborização urbana é fundamental para combater os efeitos das mudanças climáticas nas cidades. Com o aumento da população urbana e a intensificação das atividades antrópicas, as cidades se tornaram grandes emissores de gases de efeito estufa, contribuindo para o aquecimento global. As árvores atuam como filtros naturais, absorvendo CO2 e liberando oxigênio, além de reduzir a temperatura e a poluição sonora. Apesar dos diversos benefícios, a arborização urbana ainda é negligenciada em muitos planos de desenvolvimento urbano. É fundamental investir em projetos de arborização que considerem as características locais e utilizem espécies nativas adequadas. Ações como o plantio de árvores com a comunidade, campanhas de educação ambiental e a capacitação de profissionais são essenciais para garantir a qualidade e a sustentabilidade da arborização urbana. Neste sentido, o objetivo do projeto é estabelecer um conjunto de atividades referente à arborização urbana no estado de Mato Grosso, com a população cuiabana e mato-grossense como público-alvo, bem como órgãos públicos, entidades e empresas privadas. O projeto é desenvolvido por alunos e professores da Faculdade de Engenharia Florestal, por meio de visitas in loco, identificando problemas da arborização urbana, fornecendo soluções para tais, bem como realizando pesquisas a fim de fomentar o conhecimento teórico-prático da arborização urbana no estado de Mato Grosso, considerando a sua pluralidade de características. A atividade será realizada em uma escola pública com o objetivo de conscientizar os alunos sobre a importância da arborização urbana para a qualidade de vida nas cidades. Durante a ação, serão apresentados diversos materiais educativos e propostas de discussões para incentivar o pensamento crítico e a participação ativa dos estudantes. Serão abordados temas como os principais benefícios da arborização urbana: a purificação do ar, o sombreamento e o conforto térmico, a redução da poluição sonora, a contribuição para o bem-estar psicológico da população e a conservação da biodiversidade. Os materiais também servirão para mostrar como as árvores colaboram para a melhoria da qualidade do ar, a diminuição da temperatura e o embelezamento dos espaços urbanos. A proposta visa estimular a reflexão sobre a preservação ambiental e o papel de cada cidadão na construção de uma cidade mais verde, saudável e sustentável.</p>

<p>A arborização urbana é fundamental para combater os efeitos das mudanças climáticas nas cidades. Com o aumento da população urbana e a intensificação das atividades antrópicas, as cidades se tornaram [&hellip;]</p>
