{"id":318,"date":"2025-05-24T17:39:48","date_gmt":"2025-05-24T20:39:48","guid":{"rendered":"https:\/\/viradasustentavel.org.br\/cuiaba\/eventos\/roda-de-terapia-comunitaria-integrativa-e-roda-de-conversa-de-educacao-popular-a-sustentabilidade-como-construcao-de-um-futuro-mais-justo-e-equilibrado\/"},"modified":"2025-05-27T18:11:28","modified_gmt":"2025-05-27T21:11:28","slug":"roda-de-terapia-comunitaria-integrativa-e-roda-de-conversa-de-educacao-popular-a-sustentabilidade-como-construcao-de-um-futuro-mais-justo-e-equilibrado","status":"publish","type":"tribe_events","link":"https:\/\/viradasustentavel.org.br\/cuiaba\/eventos\/roda-de-terapia-comunitaria-integrativa-e-roda-de-conversa-de-educacao-popular-a-sustentabilidade-como-construcao-de-um-futuro-mais-justo-e-equilibrado\/","title":{"rendered":"Roda de terapia comunit\u00e1ria integrativa e roda de conversa de Educa\u00e7\u00e3o Popular \u2013 A sustentabilidade como constru\u00e7\u00e3o de um futuro mais justo e equilibrado"},"content":{"rendered":"<p>A URPICS \u2013 Horto Florestal promove, entre os dias 4 e 6 de junho, uma s\u00e9rie de oficinas voltadas \u00e0 promo\u00e7\u00e3o da sa\u00fade integral, com apoio de terapeutas especializados. O projeto integra pr\u00e1ticas de sa\u00fade complementares e integrativas, unindo arte, natureza, cultura e bem-estar em a\u00e7\u00f5es comunit\u00e1rias e educativas. No dia 04\/06, a arteterapeuta Chrissie Takemura Iwakura conduzir\u00e1 uma oficina de arteterapia com reaproveitamento de materiais recicl\u00e1veis, das 8h \u00e0s 11h. J\u00e1 no dia 05\/06, a programa\u00e7\u00e3o inclui uma oficina de ch\u00e1s terap\u00eauticos para cefaleia com a fitoterapeuta Talizia Hirooka de Medeiros, das 8h \u00e0s 9h, seguida por uma dan\u00e7a circular tem\u00e1tica: M\u00e3e Natureza, conduzida pela terapeuta e enfermeira Fl\u00e1via Elizabeth Dias, das 9h30 \u00e0s 11h. Encerrando o ciclo, no dia 06\/06, o terapeuta Luiz Edmundo da Silva facilitar\u00e1 uma roda de terapia comunit\u00e1ria integrativa e uma roda de conversa sobre Educa\u00e7\u00e3o Popular, com o tema \u201cA sustentabilidade como constru\u00e7\u00e3o de um futuro mais justo e equilibrado\u201d, das 8h \u00e0s 11h. O projeto responde \u00e0 crescente demanda por abordagens de sa\u00fade mais humanas, acess\u00edveis e conectadas com o meio ambiente, a cultura e a educa\u00e7\u00e3o. Busca fortalecer os v\u00ednculos comunit\u00e1rios, estimular a participa\u00e7\u00e3o social e promover um cuidado com a sa\u00fade que valorize o ser humano em sua totalidade.<\/p>\n","protected":false},"excerpt":{"rendered":"<p>A URPICS \u2013 Horto Florestal promove, entre os dias 4 e 6 de junho, uma s\u00e9rie de oficinas voltadas \u00e0 promo\u00e7\u00e3o da sa\u00fade integral, com apoio de terapeutas especializados. O [&hellip;]<\/p>\n","protected":false},"author":1,"featured_media":438,"template":"","meta":{"_acf_changed":false,"_tribe_events_status":"","_tribe_events_status_reason":"","footnotes":""},"tags":[26],"tribe_events_cat":[17],"class_list":["post-318","tribe_events","type-tribe_events","status-publish","has-post-thumbnail","hentry","tag-adulto","tribe_events_cat-multidisciplinar","cat_multidisciplinar"],"acf":[],"_links":{"self":[{"href":"https:\/\/viradasustentavel.org.br\/cuiaba\/wp-json\/wp\/v2\/tribe_events\/318","targetHints":{"allow":["GET"]}}],"collection":[{"href":"https:\/\/viradasustentavel.org.br\/cuiaba\/wp-json\/wp\/v2\/tribe_events"}],"about":[{"href":"https:\/\/viradasustentavel.org.br\/cuiaba\/wp-json\/wp\/v2\/types\/tribe_events"}],"author":[{"embeddable":true,"href":"https:\/\/viradasustentavel.org.br\/cuiaba\/wp-json\/wp\/v2\/users\/1"}],"version-history":[{"count":1,"href":"https:\/\/viradasustentavel.org.br\/cuiaba\/wp-json\/wp\/v2\/tribe_events\/318\/revisions"}],"predecessor-version":[{"id":439,"href":"https:\/\/viradasustentavel.org.br\/cuiaba\/wp-json\/wp\/v2\/tribe_events\/318\/revisions\/439"}],"wp:featuredmedia":[{"embeddable":true,"href":"https:\/\/viradasustentavel.org.br\/cuiaba\/wp-json\/wp\/v2\/media\/438"}],"wp:attachment":[{"href":"https:\/\/viradasustentavel.org.br\/cuiaba\/wp-json\/wp\/v2\/media?parent=318"}],"wp:term":[{"taxonomy":"post_tag","embeddable":true,"href":"https:\/\/viradasustentavel.org.br\/cuiaba\/wp-json\/wp\/v2\/tags?post=318"},{"taxonomy":"tribe_events_cat","embeddable":true,"href":"https:\/\/viradasustentavel.org.br\/cuiaba\/wp-json\/wp\/v2\/tribe_events_cat?post=318"}],"curies":[{"name":"wp","href":"https:\/\/api.w.org\/{rel}","templated":true}]}}

Roda de terapia comunitária integrativa e roda de conversa de Educação Popular – A sustentabilidade como construção de um futuro mais justo e equilibrado

<p>A URPICS – Horto Florestal promove, entre os dias 4 e 6 de junho, uma série de oficinas voltadas à promoção da saúde integral, com apoio de terapeutas especializados. O projeto integra práticas de saúde complementares e integrativas, unindo arte, natureza, cultura e bem-estar em ações comunitárias e educativas. No dia 04/06, a arteterapeuta Chrissie Takemura Iwakura conduzirá uma oficina de arteterapia com reaproveitamento de materiais recicláveis, das 8h às 11h. Já no dia 05/06, a programação inclui uma oficina de chás terapêuticos para cefaleia com a fitoterapeuta Talizia Hirooka de Medeiros, das 8h às 9h, seguida por uma dança circular temática: Mãe Natureza, conduzida pela terapeuta e enfermeira Flávia Elizabeth Dias, das 9h30 às 11h. Encerrando o ciclo, no dia 06/06, o terapeuta Luiz Edmundo da Silva facilitará uma roda de terapia comunitária integrativa e uma roda de conversa sobre Educação Popular, com o tema “A sustentabilidade como construção de um futuro mais justo e equilibrado”, das 8h às 11h. O projeto responde à crescente demanda por abordagens de saúde mais humanas, acessíveis e conectadas com o meio ambiente, a cultura e a educação. Busca fortalecer os vínculos comunitários, estimular a participação social e promover um cuidado com a saúde que valorize o ser humano em sua totalidade.</p>

<p>A URPICS – Horto Florestal promove, entre os dias 4 e 6 de junho, uma série de oficinas voltadas à promoção da saúde integral, com apoio de terapeutas especializados. O [&hellip;]</p>
