{"id":319,"date":"2025-05-24T17:39:49","date_gmt":"2025-05-24T20:39:49","guid":{"rendered":"https:\/\/viradasustentavel.org.br\/cuiaba\/eventos\/desenho-livre-no-macp-com-a-prof-ms-tula-kirst-para-estudantes-de-arquitetura-e-urbanismo-da-ufmt\/"},"modified":"2025-06-03T15:28:22","modified_gmt":"2025-06-03T18:28:22","slug":"desenho-livre-no-macp-com-a-prof-ms-tula-kirst-para-estudantes-de-arquitetura-e-urbanismo-da-ufmt","status":"publish","type":"tribe_events","link":"https:\/\/viradasustentavel.org.br\/cuiaba\/eventos\/desenho-livre-no-macp-com-a-prof-ms-tula-kirst-para-estudantes-de-arquitetura-e-urbanismo-da-ufmt\/","title":{"rendered":"Desenho Livre no MACP com a Prof. Ms. Tula Kirst para Estudantes de Arquitetura e Urbanismo da UFMT"},"content":{"rendered":"<p>Celebrando meio s\u00e9culo de atua\u00e7\u00e3o do Museu de Arte e Cultura Popular da UFMT (MACP), a exposi\u00e7\u00e3o &#8220;Mem\u00f3ria Biocultural [narrativas e resist\u00eancias em 50 anos do Macp\/UFMT]&#8221; prop\u00f5e um mergulho sens\u00edvel e cr\u00edtico nas narrativas art\u00edsticas que comp\u00f5em o acervo do museu, articulando mem\u00f3rias individuais e coletivas sob a \u00f3tica da Etnobiologia. A mostra re\u00fane cerca de 88 obras de 50 artistas, incluindo uma nova aquisi\u00e7\u00e3o da artista ind\u00edgena Kaya Agari, e est\u00e1 dividida em tr\u00eas grandes n\u00facleos tem\u00e1ticos: manifestos sociais, mem\u00f3ria biocultural e emerg\u00eancia clim\u00e1tica, com subtemas que abordam desde os direitos humanos at\u00e9 o desmatamento e os modos de vida tradicionais. Resultado de um processo curatorial colaborativo, com consultoria da Profa. Dra. Fernanda Pitta (MAC USP), a exposi\u00e7\u00e3o \u00e9 uma das a\u00e7\u00f5es da gest\u00e3o 2024\/2028 da UFMT, por meio da Procev (Pr\u00f3-reitoria de Cultura, Extens\u00e3o e Viv\u00eancia), reafirmando o compromisso institucional com a valoriza\u00e7\u00e3o da cultura. Na Oficina &#8220;Desenho Livre&#8221; ser\u00e1 estimulado o desenvolvimento de habilidades de desenho livre relacionado \u00e0 exposi\u00e7\u00e3o \u201cMem\u00f3ria Biocultural: narrativas e resist\u00eancias em 50 anos do MACP\/UFMT\u201d. Esta atividade, para universit\u00e1rios de arquitetura e urbanismo, ser\u00e1 coordenada pela mestre Tula Kirst que \u00e9 professora Adjunta III do Departamento de Arquitetura e Urbanismo da Faculdade de Arquitetura, Engenharia e Tecnologia da Universidade Federal de Mato Grosso (UFMT) e doutoranda no Programa de P\u00f3s-Gradua\u00e7\u00e3o em Estudos de Cultura Contempor\u00e2nea da mesma institui\u00e7\u00e3o. Seus interesses de pesquisa concentram-se na rela\u00e7\u00e3o entre o ser humano, a arte, a cultura e o espa\u00e7o constru\u00eddo.<\/p>\n","protected":false},"excerpt":{"rendered":"<p>Celebrando meio s\u00e9culo de atua\u00e7\u00e3o do Museu de Arte e Cultura Popular da UFMT (MACP), a exposi\u00e7\u00e3o &#8220;Mem\u00f3ria Biocultural [narrativas e resist\u00eancias em 50 anos do Macp\/UFMT]&#8221; prop\u00f5e um mergulho [&hellip;]<\/p>\n","protected":false},"author":1,"featured_media":360,"template":"","meta":{"_acf_changed":false,"_tribe_events_status":"","_tribe_events_status_reason":"","footnotes":""},"tags":[26],"tribe_events_cat":[22],"class_list":["post-319","tribe_events","type-tribe_events","status-publish","has-post-thumbnail","hentry","tag-adulto","tribe_events_cat-oficina","cat_oficina"],"acf":[],"_links":{"self":[{"href":"https:\/\/viradasustentavel.org.br\/cuiaba\/wp-json\/wp\/v2\/tribe_events\/319","targetHints":{"allow":["GET"]}}],"collection":[{"href":"https:\/\/viradasustentavel.org.br\/cuiaba\/wp-json\/wp\/v2\/tribe_events"}],"about":[{"href":"https:\/\/viradasustentavel.org.br\/cuiaba\/wp-json\/wp\/v2\/types\/tribe_events"}],"author":[{"embeddable":true,"href":"https:\/\/viradasustentavel.org.br\/cuiaba\/wp-json\/wp\/v2\/users\/1"}],"version-history":[{"count":1,"href":"https:\/\/viradasustentavel.org.br\/cuiaba\/wp-json\/wp\/v2\/tribe_events\/319\/revisions"}],"predecessor-version":[{"id":551,"href":"https:\/\/viradasustentavel.org.br\/cuiaba\/wp-json\/wp\/v2\/tribe_events\/319\/revisions\/551"}],"wp:featuredmedia":[{"embeddable":true,"href":"https:\/\/viradasustentavel.org.br\/cuiaba\/wp-json\/wp\/v2\/media\/360"}],"wp:attachment":[{"href":"https:\/\/viradasustentavel.org.br\/cuiaba\/wp-json\/wp\/v2\/media?parent=319"}],"wp:term":[{"taxonomy":"post_tag","embeddable":true,"href":"https:\/\/viradasustentavel.org.br\/cuiaba\/wp-json\/wp\/v2\/tags?post=319"},{"taxonomy":"tribe_events_cat","embeddable":true,"href":"https:\/\/viradasustentavel.org.br\/cuiaba\/wp-json\/wp\/v2\/tribe_events_cat?post=319"}],"curies":[{"name":"wp","href":"https:\/\/api.w.org\/{rel}","templated":true}]}}

<p>Celebrando meio século de atuação do Museu de Arte e Cultura Popular da UFMT (MACP), a exposição &#8220;Memória Biocultural [narrativas e resistências em 50 anos do Macp/UFMT]&#8221; propõe um mergulho sensível e crítico nas narrativas artísticas que compõem o acervo do museu, articulando memórias individuais e coletivas sob a ótica da Etnobiologia. A mostra reúne cerca de 88 obras de 50 artistas, incluindo uma nova aquisição da artista indígena Kaya Agari, e está dividida em três grandes núcleos temáticos: manifestos sociais, memória biocultural e emergência climática, com subtemas que abordam desde os direitos humanos até o desmatamento e os modos de vida tradicionais. Resultado de um processo curatorial colaborativo, com consultoria da Profa. Dra. Fernanda Pitta (MAC USP), a exposição é uma das ações da gestão 2024/2028 da UFMT, por meio da Procev (Pró-reitoria de Cultura, Extensão e Vivência), reafirmando o compromisso institucional com a valorização da cultura. Na Oficina &#8220;Desenho Livre&#8221; será estimulado o desenvolvimento de habilidades de desenho livre relacionado à exposição “Memória Biocultural: narrativas e resistências em 50 anos do MACP/UFMT”. Esta atividade, para universitários de arquitetura e urbanismo, será coordenada pela mestre Tula Kirst que é professora Adjunta III do Departamento de Arquitetura e Urbanismo da Faculdade de Arquitetura, Engenharia e Tecnologia da Universidade Federal de Mato Grosso (UFMT) e doutoranda no Programa de Pós-Graduação em Estudos de Cultura Contemporânea da mesma instituição. Seus interesses de pesquisa concentram-se na relação entre o ser humano, a arte, a cultura e o espaço construído.</p>

<p>Celebrando meio século de atuação do Museu de Arte e Cultura Popular da UFMT (MACP), a exposição &#8220;Memória Biocultural [narrativas e resistências em 50 anos do Macp/UFMT]&#8221; propõe um mergulho [&hellip;]</p>
