{"id":323,"date":"2025-05-24T17:39:58","date_gmt":"2025-05-24T20:39:58","guid":{"rendered":"https:\/\/viradasustentavel.org.br\/cuiaba\/eventos\/oficina-de-tecido-acrobatico-com-luma-circo\/"},"modified":"2025-05-27T18:13:29","modified_gmt":"2025-05-27T21:13:29","slug":"oficina-de-tecido-acrobatico-com-luma-circo","status":"publish","type":"tribe_events","link":"https:\/\/viradasustentavel.org.br\/cuiaba\/eventos\/oficina-de-tecido-acrobatico-com-luma-circo\/","title":{"rendered":"Oficina de Tecido Acrob\u00e1tico com Luma Circo"},"content":{"rendered":"<p>Nesta oficina, as crian\u00e7as s\u00e3o convidadas a tirar os p\u00e9s do ch\u00e3o e deixar a imagina\u00e7\u00e3o voar&#8230; at\u00e9 mesmo de cabe\u00e7a para baixo! A proposta combina divers\u00e3o, movimento e criatividade, introduzindo o universo do tecido acrob\u00e1tico de forma segura, leve e encantadora. Um momento para explorar o corpo no ar, ganhar confian\u00e7a e descobrir novas possibilidades, como se estivessem brincando nas nuvens!<\/p>\n","protected":false},"excerpt":{"rendered":"<p>Nesta oficina, as crian\u00e7as s\u00e3o convidadas a tirar os p\u00e9s do ch\u00e3o e deixar a imagina\u00e7\u00e3o voar&#8230; at\u00e9 mesmo de cabe\u00e7a para baixo! A proposta combina divers\u00e3o, movimento e criatividade, [&hellip;]<\/p>\n","protected":false},"author":1,"featured_media":430,"template":"","meta":{"_acf_changed":false,"_tribe_events_status":"","_tribe_events_status_reason":"","footnotes":""},"tags":[29],"tribe_events_cat":[28],"class_list":["post-323","tribe_events","type-tribe_events","status-publish","has-post-thumbnail","hentry","tag-infantojuvenil","tribe_events_cat-circo","cat_circo"],"acf":[],"_links":{"self":[{"href":"https:\/\/viradasustentavel.org.br\/cuiaba\/wp-json\/wp\/v2\/tribe_events\/323","targetHints":{"allow":["GET"]}}],"collection":[{"href":"https:\/\/viradasustentavel.org.br\/cuiaba\/wp-json\/wp\/v2\/tribe_events"}],"about":[{"href":"https:\/\/viradasustentavel.org.br\/cuiaba\/wp-json\/wp\/v2\/types\/tribe_events"}],"author":[{"embeddable":true,"href":"https:\/\/viradasustentavel.org.br\/cuiaba\/wp-json\/wp\/v2\/users\/1"}],"version-history":[{"count":1,"href":"https:\/\/viradasustentavel.org.br\/cuiaba\/wp-json\/wp\/v2\/tribe_events\/323\/revisions"}],"predecessor-version":[{"id":431,"href":"https:\/\/viradasustentavel.org.br\/cuiaba\/wp-json\/wp\/v2\/tribe_events\/323\/revisions\/431"}],"wp:featuredmedia":[{"embeddable":true,"href":"https:\/\/viradasustentavel.org.br\/cuiaba\/wp-json\/wp\/v2\/media\/430"}],"wp:attachment":[{"href":"https:\/\/viradasustentavel.org.br\/cuiaba\/wp-json\/wp\/v2\/media?parent=323"}],"wp:term":[{"taxonomy":"post_tag","embeddable":true,"href":"https:\/\/viradasustentavel.org.br\/cuiaba\/wp-json\/wp\/v2\/tags?post=323"},{"taxonomy":"tribe_events_cat","embeddable":true,"href":"https:\/\/viradasustentavel.org.br\/cuiaba\/wp-json\/wp\/v2\/tribe_events_cat?post=323"}],"curies":[{"name":"wp","href":"https:\/\/api.w.org\/{rel}","templated":true}]}}

Oficina de Tecido Acrobático com Luma Circo

<p>Nesta oficina, as crianças são convidadas a tirar os pés do chão e deixar a imaginação voar&#8230; até mesmo de cabeça para baixo! A proposta combina diversão, movimento e criatividade, introduzindo o universo do tecido acrobático de forma segura, leve e encantadora. Um momento para explorar o corpo no ar, ganhar confiança e descobrir novas possibilidades, como se estivessem brincando nas nuvens!</p>

<p>Nesta oficina, as crianças são convidadas a tirar os pés do chão e deixar a imaginação voar&#8230; até mesmo de cabeça para baixo! A proposta combina diversão, movimento e criatividade, [&hellip;]</p>
