{"id":325,"date":"2025-05-24T17:39:58","date_gmt":"2025-05-24T20:39:58","guid":{"rendered":"https:\/\/viradasustentavel.org.br\/cuiaba\/eventos\/mulheres-do-cerrado-cores-e-encantos-no-parque-ze-bolo-flo\/"},"modified":"2025-05-27T18:13:29","modified_gmt":"2025-05-27T21:13:29","slug":"mulheres-do-cerrado-cores-e-encantos-no-parque-ze-bolo-flo","status":"publish","type":"tribe_events","link":"https:\/\/viradasustentavel.org.br\/cuiaba\/eventos\/mulheres-do-cerrado-cores-e-encantos-no-parque-ze-bolo-flo\/","title":{"rendered":"Mulheres do Cerrado: cores e encantos no Parque Z\u00e9 Bolo Fl\u00f4"},"content":{"rendered":"<p>Arte, Inf\u00e2ncia e Cerrado: um parque que vira lugar de afeto e aprendizado! Esta a\u00e7\u00e3o \u00e9 uma iniciativa de cria\u00e7\u00e3o art\u00edstica do coletivo Manas do Mato, voltada \u00e0 revitaliza\u00e7\u00e3o visual do Parque Z\u00e9 Bolo Fl\u00f4. A proposta promove um novo olhar sobre o espa\u00e7o por meio da arte urbana, com foco na pintura e no grafite. O projeto transforma o parque em um verdadeiro universo l\u00fadico, com um painel de graffiti em grande escala, repleto de cor, for\u00e7a e simbolismo. A obra celebra as mulheres e o Cerrado mato-grossense, unindo a beleza da natureza com a pot\u00eancia da figura feminina. Ip\u00eas floridos, araras-azuis, lobos-guar\u00e1s, tatu-canastra e mulheres encantadas em estilo cartoon agora habitam esse espa\u00e7o, pensado especialmente para o p\u00fablico infantil. Al\u00e9m do mural, o ch\u00e3o do parque tamb\u00e9m ganhou novas cores com jogos, amarelinhas e trilhas num\u00e9ricas, que estimulam a criatividade e o aprendizado de forma divertida. Mais do que uma interven\u00e7\u00e3o visual, essa cria\u00e7\u00e3o do coletivo Manas do Mato prop\u00f5e a transforma\u00e7\u00e3o de espa\u00e7os urbanos em territ\u00f3rios de pertencimento, brincadeira e conex\u00e3o com a cultura local e o bioma do cerrado.<\/p>\n","protected":false},"excerpt":{"rendered":"<p>Arte, Inf\u00e2ncia e Cerrado: um parque que vira lugar de afeto e aprendizado! Esta a\u00e7\u00e3o \u00e9 uma iniciativa de cria\u00e7\u00e3o art\u00edstica do coletivo Manas do Mato, voltada \u00e0 revitaliza\u00e7\u00e3o visual [&hellip;]<\/p>\n","protected":false},"author":1,"featured_media":426,"template":"","meta":{"_acf_changed":false,"_tribe_events_status":"","_tribe_events_status_reason":"","footnotes":""},"tags":[19],"tribe_events_cat":[24],"class_list":["post-325","tribe_events","type-tribe_events","status-publish","has-post-thumbnail","hentry","tag-todas-as-idades","tribe_events_cat-performance","cat_performance"],"acf":[],"_links":{"self":[{"href":"https:\/\/viradasustentavel.org.br\/cuiaba\/wp-json\/wp\/v2\/tribe_events\/325","targetHints":{"allow":["GET"]}}],"collection":[{"href":"https:\/\/viradasustentavel.org.br\/cuiaba\/wp-json\/wp\/v2\/tribe_events"}],"about":[{"href":"https:\/\/viradasustentavel.org.br\/cuiaba\/wp-json\/wp\/v2\/types\/tribe_events"}],"author":[{"embeddable":true,"href":"https:\/\/viradasustentavel.org.br\/cuiaba\/wp-json\/wp\/v2\/users\/1"}],"version-history":[{"count":1,"href":"https:\/\/viradasustentavel.org.br\/cuiaba\/wp-json\/wp\/v2\/tribe_events\/325\/revisions"}],"predecessor-version":[{"id":427,"href":"https:\/\/viradasustentavel.org.br\/cuiaba\/wp-json\/wp\/v2\/tribe_events\/325\/revisions\/427"}],"wp:featuredmedia":[{"embeddable":true,"href":"https:\/\/viradasustentavel.org.br\/cuiaba\/wp-json\/wp\/v2\/media\/426"}],"wp:attachment":[{"href":"https:\/\/viradasustentavel.org.br\/cuiaba\/wp-json\/wp\/v2\/media?parent=325"}],"wp:term":[{"taxonomy":"post_tag","embeddable":true,"href":"https:\/\/viradasustentavel.org.br\/cuiaba\/wp-json\/wp\/v2\/tags?post=325"},{"taxonomy":"tribe_events_cat","embeddable":true,"href":"https:\/\/viradasustentavel.org.br\/cuiaba\/wp-json\/wp\/v2\/tribe_events_cat?post=325"}],"curies":[{"name":"wp","href":"https:\/\/api.w.org\/{rel}","templated":true}]}}

Mulheres do Cerrado: cores e encantos no Parque Zé Bolo Flô

<p>Arte, Infância e Cerrado: um parque que vira lugar de afeto e aprendizado! Esta ação é uma iniciativa de criação artística do coletivo Manas do Mato, voltada à revitalização visual do Parque Zé Bolo Flô. A proposta promove um novo olhar sobre o espaço por meio da arte urbana, com foco na pintura e no grafite. O projeto transforma o parque em um verdadeiro universo lúdico, com um painel de graffiti em grande escala, repleto de cor, força e simbolismo. A obra celebra as mulheres e o Cerrado mato-grossense, unindo a beleza da natureza com a potência da figura feminina. Ipês floridos, araras-azuis, lobos-guarás, tatu-canastra e mulheres encantadas em estilo cartoon agora habitam esse espaço, pensado especialmente para o público infantil. Além do mural, o chão do parque também ganhou novas cores com jogos, amarelinhas e trilhas numéricas, que estimulam a criatividade e o aprendizado de forma divertida. Mais do que uma intervenção visual, essa criação do coletivo Manas do Mato propõe a transformação de espaços urbanos em territórios de pertencimento, brincadeira e conexão com a cultura local e o bioma do cerrado.</p>

<p>Arte, Infância e Cerrado: um parque que vira lugar de afeto e aprendizado! Esta ação é uma iniciativa de criação artística do coletivo Manas do Mato, voltada à revitalização visual [&hellip;]</p>
