{"id":326,"date":"2025-05-24T17:39:58","date_gmt":"2025-05-24T20:39:58","guid":{"rendered":"https:\/\/viradasustentavel.org.br\/cuiaba\/eventos\/arte-e-educacao-ambiental-nas-trilhas-do-ze-bolo-flo\/"},"modified":"2025-05-27T18:13:29","modified_gmt":"2025-05-27T21:13:29","slug":"arte-e-educacao-ambiental-nas-trilhas-do-ze-bolo-flo","status":"publish","type":"tribe_events","link":"https:\/\/viradasustentavel.org.br\/cuiaba\/eventos\/arte-e-educacao-ambiental-nas-trilhas-do-ze-bolo-flo\/","title":{"rendered":"Arte e Educa\u00e7\u00e3o Ambiental nas trilhas do Z\u00e9 Bolo Fl\u00f4"},"content":{"rendered":"<p>Uma oficina de trilha ecol\u00f3gica onde as crian\u00e7as ir\u00e3o aprender, de forma divertida e sens\u00edvel, sobre a fauna e a flora do nosso Cerrado. A atividade acontece no Parque Z\u00e9 Bolo Fl\u00f4 e convida os participantes a observarem de perto os animais e as plantas nativas, despertando o olhar para a import\u00e2ncia da preserva\u00e7\u00e3o ambiental. E para fechar com chave de ouro, as crian\u00e7as ir\u00e3o transformar tudo o que aprenderam e vivenciaram em desenhos art\u00edsticos, registrando essa experi\u00eancia fant\u00e1stica atrav\u00e9s da arte!<\/p>\n","protected":false},"excerpt":{"rendered":"<p>Uma oficina de trilha ecol\u00f3gica onde as crian\u00e7as ir\u00e3o aprender, de forma divertida e sens\u00edvel, sobre a fauna e a flora do nosso Cerrado. A atividade acontece no Parque Z\u00e9 [&hellip;]<\/p>\n","protected":false},"author":1,"featured_media":428,"template":"","meta":{"_acf_changed":false,"_tribe_events_status":"","_tribe_events_status_reason":"","footnotes":""},"tags":[19],"tribe_events_cat":[22],"class_list":["post-326","tribe_events","type-tribe_events","status-publish","has-post-thumbnail","hentry","tag-todas-as-idades","tribe_events_cat-oficina","cat_oficina"],"acf":[],"_links":{"self":[{"href":"https:\/\/viradasustentavel.org.br\/cuiaba\/wp-json\/wp\/v2\/tribe_events\/326","targetHints":{"allow":["GET"]}}],"collection":[{"href":"https:\/\/viradasustentavel.org.br\/cuiaba\/wp-json\/wp\/v2\/tribe_events"}],"about":[{"href":"https:\/\/viradasustentavel.org.br\/cuiaba\/wp-json\/wp\/v2\/types\/tribe_events"}],"author":[{"embeddable":true,"href":"https:\/\/viradasustentavel.org.br\/cuiaba\/wp-json\/wp\/v2\/users\/1"}],"version-history":[{"count":1,"href":"https:\/\/viradasustentavel.org.br\/cuiaba\/wp-json\/wp\/v2\/tribe_events\/326\/revisions"}],"predecessor-version":[{"id":429,"href":"https:\/\/viradasustentavel.org.br\/cuiaba\/wp-json\/wp\/v2\/tribe_events\/326\/revisions\/429"}],"wp:featuredmedia":[{"embeddable":true,"href":"https:\/\/viradasustentavel.org.br\/cuiaba\/wp-json\/wp\/v2\/media\/428"}],"wp:attachment":[{"href":"https:\/\/viradasustentavel.org.br\/cuiaba\/wp-json\/wp\/v2\/media?parent=326"}],"wp:term":[{"taxonomy":"post_tag","embeddable":true,"href":"https:\/\/viradasustentavel.org.br\/cuiaba\/wp-json\/wp\/v2\/tags?post=326"},{"taxonomy":"tribe_events_cat","embeddable":true,"href":"https:\/\/viradasustentavel.org.br\/cuiaba\/wp-json\/wp\/v2\/tribe_events_cat?post=326"}],"curies":[{"name":"wp","href":"https:\/\/api.w.org\/{rel}","templated":true}]}}

Arte e Educação Ambiental nas trilhas do Zé Bolo Flô

<p>Uma oficina de trilha ecológica onde as crianças irão aprender, de forma divertida e sensível, sobre a fauna e a flora do nosso Cerrado. A atividade acontece no Parque Zé Bolo Flô e convida os participantes a observarem de perto os animais e as plantas nativas, despertando o olhar para a importância da preservação ambiental. E para fechar com chave de ouro, as crianças irão transformar tudo o que aprenderam e vivenciaram em desenhos artísticos, registrando essa experiência fantástica através da arte!</p>

<p>Uma oficina de trilha ecológica onde as crianças irão aprender, de forma divertida e sensível, sobre a fauna e a flora do nosso Cerrado. A atividade acontece no Parque Zé [&hellip;]</p>
