{"id":327,"date":"2025-05-24T17:40:13","date_gmt":"2025-05-24T20:40:13","guid":{"rendered":"https:\/\/viradasustentavel.org.br\/cuiaba\/eventos\/lendas-do-rio-cuiaba-ao-pantanal\/"},"modified":"2025-05-27T18:13:51","modified_gmt":"2025-05-27T21:13:51","slug":"lendas-do-rio-cuiaba-ao-pantanal","status":"publish","type":"tribe_events","link":"https:\/\/viradasustentavel.org.br\/cuiaba\/eventos\/lendas-do-rio-cuiaba-ao-pantanal\/","title":{"rendered":"Lendas do Rio Cuiab\u00e1 ao Pantanal"},"content":{"rendered":"<p>\u201cLendas do Rio Cuiab\u00e1 ao Pantanal&#8221; um espet\u00e1culo de contos de seres m\u00e1gicos e hist\u00f3ria de pescador. De forma envolvente, brincante, com can\u00e7\u00f5es ao vivo inspiradas nas manifesta\u00e7\u00f5es folcl\u00f3rica regionais do \u201cSiriri\u201d, a narradora de hist\u00f3rias Alicce Oliveira, conduzir\u00e1 os participantes a realizarem uma viagem imagin\u00e1ria pelos cerrados, rios, ba\u00edas e pantanal de Mato Grosso. O espet\u00e1culo \u00e9 uma releitura das hist\u00f3rias coletadas por Dunga Rodrigues do livro \u201cLendas de Mato Grosso\u201d, do Em\u00edlio Antunes autor do livro \u2018Lendas do Rio Cuiab\u00e1\u2019 e o livro \u201cContos do Mato\u201d de Ricardo Azevedo entre outros que serviram de inspira\u00e7\u00e3o.<\/p>\n","protected":false},"excerpt":{"rendered":"<p>\u201cLendas do Rio Cuiab\u00e1 ao Pantanal&#8221; um espet\u00e1culo de contos de seres m\u00e1gicos e hist\u00f3ria de pescador. De forma envolvente, brincante, com can\u00e7\u00f5es ao vivo inspiradas nas manifesta\u00e7\u00f5es folcl\u00f3rica regionais [&hellip;]<\/p>\n","protected":false},"author":1,"featured_media":424,"template":"","meta":{"_acf_changed":false,"_tribe_events_status":"","_tribe_events_status_reason":"","footnotes":""},"tags":[29],"tribe_events_cat":[31],"class_list":["post-327","tribe_events","type-tribe_events","status-publish","has-post-thumbnail","hentry","tag-infantojuvenil","tribe_events_cat-contacao-de-historia","cat_contacao-de-historia"],"acf":[],"_links":{"self":[{"href":"https:\/\/viradasustentavel.org.br\/cuiaba\/wp-json\/wp\/v2\/tribe_events\/327","targetHints":{"allow":["GET"]}}],"collection":[{"href":"https:\/\/viradasustentavel.org.br\/cuiaba\/wp-json\/wp\/v2\/tribe_events"}],"about":[{"href":"https:\/\/viradasustentavel.org.br\/cuiaba\/wp-json\/wp\/v2\/types\/tribe_events"}],"author":[{"embeddable":true,"href":"https:\/\/viradasustentavel.org.br\/cuiaba\/wp-json\/wp\/v2\/users\/1"}],"version-history":[{"count":1,"href":"https:\/\/viradasustentavel.org.br\/cuiaba\/wp-json\/wp\/v2\/tribe_events\/327\/revisions"}],"predecessor-version":[{"id":425,"href":"https:\/\/viradasustentavel.org.br\/cuiaba\/wp-json\/wp\/v2\/tribe_events\/327\/revisions\/425"}],"wp:featuredmedia":[{"embeddable":true,"href":"https:\/\/viradasustentavel.org.br\/cuiaba\/wp-json\/wp\/v2\/media\/424"}],"wp:attachment":[{"href":"https:\/\/viradasustentavel.org.br\/cuiaba\/wp-json\/wp\/v2\/media?parent=327"}],"wp:term":[{"taxonomy":"post_tag","embeddable":true,"href":"https:\/\/viradasustentavel.org.br\/cuiaba\/wp-json\/wp\/v2\/tags?post=327"},{"taxonomy":"tribe_events_cat","embeddable":true,"href":"https:\/\/viradasustentavel.org.br\/cuiaba\/wp-json\/wp\/v2\/tribe_events_cat?post=327"}],"curies":[{"name":"wp","href":"https:\/\/api.w.org\/{rel}","templated":true}]}}

Lendas do Rio Cuiabá ao Pantanal

<p>“Lendas do Rio Cuiabá ao Pantanal&#8221; um espetáculo de contos de seres mágicos e história de pescador. De forma envolvente, brincante, com canções ao vivo inspiradas nas manifestações folclórica regionais do “Siriri”, a narradora de histórias Alicce Oliveira, conduzirá os participantes a realizarem uma viagem imaginária pelos cerrados, rios, baías e pantanal de Mato Grosso. O espetáculo é uma releitura das histórias coletadas por Dunga Rodrigues do livro “Lendas de Mato Grosso”, do Emílio Antunes autor do livro ‘Lendas do Rio Cuiabá’ e o livro “Contos do Mato” de Ricardo Azevedo entre outros que serviram de inspiração.</p>

<p>“Lendas do Rio Cuiabá ao Pantanal&#8221; um espetáculo de contos de seres mágicos e história de pescador. De forma envolvente, brincante, com canções ao vivo inspiradas nas manifestações folclórica regionais [&hellip;]</p>
