{"id":328,"date":"2025-05-24T17:40:13","date_gmt":"2025-05-24T20:40:13","guid":{"rendered":"https:\/\/viradasustentavel.org.br\/cuiaba\/eventos\/sustentabilidade-em-foco-transformando-residuos-em-recursos-com-a-ecodescarte\/"},"modified":"2025-05-27T18:13:51","modified_gmt":"2025-05-27T21:13:51","slug":"sustentabilidade-em-foco-transformando-residuos-em-recursos-com-a-ecodescarte","status":"publish","type":"tribe_events","link":"https:\/\/viradasustentavel.org.br\/cuiaba\/eventos\/sustentabilidade-em-foco-transformando-residuos-em-recursos-com-a-ecodescarte\/","title":{"rendered":"Sustentabilidade em foco: transformando res\u00edduos em recursos com a Ecodescarte"},"content":{"rendered":"<p>A atividade prop\u00f5e uma viv\u00eancia educativa e interativa sobre o ciclo de vida dos res\u00edduos eletroeletr\u00f4nicos, a partir da experi\u00eancia da Ecodescarte \u2014 empresa refer\u00eancia em sustentabilidade tecnol\u00f3gica em Mato Grosso. Com din\u00e2micas participativas, roda de conversa e oficina criativa, o p\u00fablico ser\u00e1 convidado a refletir sobre os impactos do lixo eletr\u00f4nico e conhecer solu\u00e7\u00f5es reais de reciclagem, reaproveitamento e log\u00edstica reversa. Voltada para todas as idades, a a\u00e7\u00e3o busca promover o descarte consciente, incentivar a economia circular e apresentar alternativas sustent\u00e1veis que unem tecnologia, responsabilidade ambiental e compromisso social. Durante a atividade, haver\u00e1 ainda um ponto de coleta ativo para recebimento de equipamentos eletroeletr\u00f4nicos antigos ou danificados.<\/p>\n","protected":false},"excerpt":{"rendered":"<p>A atividade prop\u00f5e uma viv\u00eancia educativa e interativa sobre o ciclo de vida dos res\u00edduos eletroeletr\u00f4nicos, a partir da experi\u00eancia da Ecodescarte \u2014 empresa refer\u00eancia em sustentabilidade tecnol\u00f3gica em Mato [&hellip;]<\/p>\n","protected":false},"author":1,"featured_media":422,"template":"","meta":{"_acf_changed":false,"_tribe_events_status":"","_tribe_events_status_reason":"","footnotes":""},"tags":[19],"tribe_events_cat":[27],"class_list":["post-328","tribe_events","type-tribe_events","status-publish","has-post-thumbnail","hentry","tag-todas-as-idades","tribe_events_cat-exposicao","cat_exposicao"],"acf":[],"_links":{"self":[{"href":"https:\/\/viradasustentavel.org.br\/cuiaba\/wp-json\/wp\/v2\/tribe_events\/328","targetHints":{"allow":["GET"]}}],"collection":[{"href":"https:\/\/viradasustentavel.org.br\/cuiaba\/wp-json\/wp\/v2\/tribe_events"}],"about":[{"href":"https:\/\/viradasustentavel.org.br\/cuiaba\/wp-json\/wp\/v2\/types\/tribe_events"}],"author":[{"embeddable":true,"href":"https:\/\/viradasustentavel.org.br\/cuiaba\/wp-json\/wp\/v2\/users\/1"}],"version-history":[{"count":1,"href":"https:\/\/viradasustentavel.org.br\/cuiaba\/wp-json\/wp\/v2\/tribe_events\/328\/revisions"}],"predecessor-version":[{"id":423,"href":"https:\/\/viradasustentavel.org.br\/cuiaba\/wp-json\/wp\/v2\/tribe_events\/328\/revisions\/423"}],"wp:featuredmedia":[{"embeddable":true,"href":"https:\/\/viradasustentavel.org.br\/cuiaba\/wp-json\/wp\/v2\/media\/422"}],"wp:attachment":[{"href":"https:\/\/viradasustentavel.org.br\/cuiaba\/wp-json\/wp\/v2\/media?parent=328"}],"wp:term":[{"taxonomy":"post_tag","embeddable":true,"href":"https:\/\/viradasustentavel.org.br\/cuiaba\/wp-json\/wp\/v2\/tags?post=328"},{"taxonomy":"tribe_events_cat","embeddable":true,"href":"https:\/\/viradasustentavel.org.br\/cuiaba\/wp-json\/wp\/v2\/tribe_events_cat?post=328"}],"curies":[{"name":"wp","href":"https:\/\/api.w.org\/{rel}","templated":true}]}}

Sustentabilidade em foco: transformando resíduos em recursos com a Ecodescarte

<p>A atividade propõe uma vivência educativa e interativa sobre o ciclo de vida dos resíduos eletroeletrônicos, a partir da experiência da Ecodescarte — empresa referência em sustentabilidade tecnológica em Mato Grosso. Com dinâmicas participativas, roda de conversa e oficina criativa, o público será convidado a refletir sobre os impactos do lixo eletrônico e conhecer soluções reais de reciclagem, reaproveitamento e logística reversa. Voltada para todas as idades, a ação busca promover o descarte consciente, incentivar a economia circular e apresentar alternativas sustentáveis que unem tecnologia, responsabilidade ambiental e compromisso social. Durante a atividade, haverá ainda um ponto de coleta ativo para recebimento de equipamentos eletroeletrônicos antigos ou danificados.</p>

<p>A atividade propõe uma vivência educativa e interativa sobre o ciclo de vida dos resíduos eletroeletrônicos, a partir da experiência da Ecodescarte — empresa referência em sustentabilidade tecnológica em Mato [&hellip;]</p>
