{"id":331,"date":"2025-05-24T17:40:13","date_gmt":"2025-05-24T20:40:13","guid":{"rendered":"https:\/\/viradasustentavel.org.br\/cuiaba\/eventos\/dancando-siriri-com-bichos-lendarios\/"},"modified":"2025-05-24T18:23:55","modified_gmt":"2025-05-24T21:23:55","slug":"dancando-siriri-com-bichos-lendarios","status":"publish","type":"tribe_events","link":"https:\/\/viradasustentavel.org.br\/cuiaba\/eventos\/dancando-siriri-com-bichos-lendarios\/","title":{"rendered":"Dan\u00e7ando Siriri com Bichos Lend\u00e1rios"},"content":{"rendered":"<p>Nesta oficina especialmente voltada para o p\u00fablico infantil, as crian\u00e7as ter\u00e3o a oportunidade de aprender, de forma l\u00fadica e divertida, os passos e movimentos da tradicional dan\u00e7a do siriri, manifesta\u00e7\u00e3o cultural vibrante do Centro-Oeste brasileiro. Durante a aula, as crian\u00e7as ser\u00e3o introduzidas aos ritmos, \u00e0 musicalidade e \u00e0 express\u00e3o corporal que caracterizam essa dan\u00e7a popular, fortalecendo o v\u00ednculo com o patrim\u00f4nio cultural regional. Como parte da experi\u00eancia, haver\u00e1 a apresenta\u00e7\u00e3o dos bichos lend\u00e1rios que fazem parte do universo do siriri \u2014 o Minhoc\u00e3o do Pari, o Boi \u00e0 Serra e a Ema \u2014 personagens folcl\u00f3ricos que encantam com suas hist\u00f3rias e performances visuais marcantes. A oficina se encerra com uma apresenta\u00e7\u00e3o final realizada pelas pr\u00f3prias crian\u00e7as, junto do coletivo AMFMT, celebrando o aprendizado e permitindo que elas compartilhem com o p\u00fablico a alegria e o colorido dessa tradi\u00e7\u00e3o.<\/p>\n","protected":false},"excerpt":{"rendered":"<p>Nesta oficina especialmente voltada para o p\u00fablico infantil, as crian\u00e7as ter\u00e3o a oportunidade de aprender, de forma l\u00fadica e divertida, os passos e movimentos da tradicional dan\u00e7a do siriri, manifesta\u00e7\u00e3o [&hellip;]<\/p>\n","protected":false},"author":1,"featured_media":416,"template":"","meta":{"_acf_changed":false,"_tribe_events_status":"","_tribe_events_status_reason":"","footnotes":""},"tags":[18],"tribe_events_cat":[22],"class_list":["post-331","tribe_events","type-tribe_events","status-publish","has-post-thumbnail","hentry","tag-infantil","tribe_events_cat-oficina","cat_oficina"],"acf":[],"_links":{"self":[{"href":"https:\/\/viradasustentavel.org.br\/cuiaba\/wp-json\/wp\/v2\/tribe_events\/331","targetHints":{"allow":["GET"]}}],"collection":[{"href":"https:\/\/viradasustentavel.org.br\/cuiaba\/wp-json\/wp\/v2\/tribe_events"}],"about":[{"href":"https:\/\/viradasustentavel.org.br\/cuiaba\/wp-json\/wp\/v2\/types\/tribe_events"}],"author":[{"embeddable":true,"href":"https:\/\/viradasustentavel.org.br\/cuiaba\/wp-json\/wp\/v2\/users\/1"}],"version-history":[{"count":1,"href":"https:\/\/viradasustentavel.org.br\/cuiaba\/wp-json\/wp\/v2\/tribe_events\/331\/revisions"}],"predecessor-version":[{"id":417,"href":"https:\/\/viradasustentavel.org.br\/cuiaba\/wp-json\/wp\/v2\/tribe_events\/331\/revisions\/417"}],"wp:featuredmedia":[{"embeddable":true,"href":"https:\/\/viradasustentavel.org.br\/cuiaba\/wp-json\/wp\/v2\/media\/416"}],"wp:attachment":[{"href":"https:\/\/viradasustentavel.org.br\/cuiaba\/wp-json\/wp\/v2\/media?parent=331"}],"wp:term":[{"taxonomy":"post_tag","embeddable":true,"href":"https:\/\/viradasustentavel.org.br\/cuiaba\/wp-json\/wp\/v2\/tags?post=331"},{"taxonomy":"tribe_events_cat","embeddable":true,"href":"https:\/\/viradasustentavel.org.br\/cuiaba\/wp-json\/wp\/v2\/tribe_events_cat?post=331"}],"curies":[{"name":"wp","href":"https:\/\/api.w.org\/{rel}","templated":true}]}}

Dançando Siriri com Bichos Lendários

<p>Nesta oficina especialmente voltada para o público infantil, as crianças terão a oportunidade de aprender, de forma lúdica e divertida, os passos e movimentos da tradicional dança do siriri, manifestação cultural vibrante do Centro-Oeste brasileiro. Durante a aula, as crianças serão introduzidas aos ritmos, à musicalidade e à expressão corporal que caracterizam essa dança popular, fortalecendo o vínculo com o patrimônio cultural regional. Como parte da experiência, haverá a apresentação dos bichos lendários que fazem parte do universo do siriri — o Minhocão do Pari, o Boi à Serra e a Ema — personagens folclóricos que encantam com suas histórias e performances visuais marcantes. A oficina se encerra com uma apresentação final realizada pelas próprias crianças, junto do coletivo AMFMT, celebrando o aprendizado e permitindo que elas compartilhem com o público a alegria e o colorido dessa tradição.</p>

<p>Nesta oficina especialmente voltada para o público infantil, as crianças terão a oportunidade de aprender, de forma lúdica e divertida, os passos e movimentos da tradicional dança do siriri, manifestação [&hellip;]</p>
