{"id":332,"date":"2025-05-24T17:40:28","date_gmt":"2025-05-24T20:40:28","guid":{"rendered":"https:\/\/viradasustentavel.org.br\/cuiaba\/eventos\/tardes-ludicas-na-virada-sustentavel\/"},"modified":"2025-05-27T18:14:06","modified_gmt":"2025-05-27T21:14:06","slug":"tardes-ludicas-na-virada-sustentavel","status":"publish","type":"tribe_events","link":"https:\/\/viradasustentavel.org.br\/cuiaba\/eventos\/tardes-ludicas-na-virada-sustentavel\/","title":{"rendered":"Tardes L\u00fadicas na Virada Sustent\u00e1vel"},"content":{"rendered":"<p>O Tardes L\u00fadicas \u00e9 um projeto de extens\u00e3o da Universidade Federal de Mato Grosso (UFMT) que convida a comunidade a vivenciar experi\u00eancias de jogo em um espa\u00e7o l\u00fadico, acolhedor e criativo. Criado em 2013, o projeto proporciona um ambiente de descontra\u00e7\u00e3o por meio de jogos de tabuleiro, estimulando a socializa\u00e7\u00e3o, o pensamento coletivo e a pausa na rotina estressante. Nesta edi\u00e7\u00e3o da Virada Sustent\u00e1vel, o Tardes L\u00fadicas integra a programa\u00e7\u00e3o com uma proposta alinhada ao tema da biodiversidade. Ser\u00e3o levados de 8 a 10 jogos (um de cada t\u00edtulo), cuidadosamente selecionados para estimular a intera\u00e7\u00e3o, a imagina\u00e7\u00e3o e a reflex\u00e3o de forma divertida e acess\u00edvel. Com um p\u00fablico em fluxo constante, a expectativa \u00e9 atender at\u00e9 50 pessoas ao longo da atividade \u2014 caso n\u00e3o haja repeti\u00e7\u00e3o de participantes nas mesas. No entanto, como nas sess\u00f5es regulares do projeto n\u00e3o costumamos limitar o tempo de perman\u00eancia nas mesas, o n\u00famero pode ser reduzido para cerca de 10 pessoas, caso optem por uma experi\u00eancia mais longa e imersiva. Coordenado pela professora H\u00e9lia Vannucchi, do curso de Publicidade e Propaganda da UFMT, e realizado com apoio de estudantes bolsistas, o projeto aposta em uma viv\u00eancia transformadora que vai al\u00e9m do entretenimento. Ao permitir que os participantes se desliguem momentaneamente dos problemas cotidianos e se concentrem apenas em divertimento e descontra\u00e7\u00e3o, o Tardes L\u00fadicas contribui diretamente para o desenvolvimento da sa\u00fade mental e do bem-estar social. A participa\u00e7\u00e3o na Virada Sustent\u00e1vel refor\u00e7a o compromisso do projeto com pr\u00e1ticas educativas que valorizam a sustentabilidade, o conv\u00edvio e o respeito \u00e0 diversidade em todas as suas formas \u2014 inclusive no brincar.<\/p>\n","protected":false},"excerpt":{"rendered":"<p>O Tardes L\u00fadicas \u00e9 um projeto de extens\u00e3o da Universidade Federal de Mato Grosso (UFMT) que convida a comunidade a vivenciar experi\u00eancias de jogo em um espa\u00e7o l\u00fadico, acolhedor e [&hellip;]<\/p>\n","protected":false},"author":1,"featured_media":414,"template":"","meta":{"_acf_changed":false,"_tribe_events_status":"","_tribe_events_status_reason":"","footnotes":""},"tags":[19],"tribe_events_cat":[32],"class_list":["post-332","tribe_events","type-tribe_events","status-publish","has-post-thumbnail","hentry","tag-todas-as-idades","tribe_events_cat-jogo","cat_jogo"],"acf":[],"_links":{"self":[{"href":"https:\/\/viradasustentavel.org.br\/cuiaba\/wp-json\/wp\/v2\/tribe_events\/332","targetHints":{"allow":["GET"]}}],"collection":[{"href":"https:\/\/viradasustentavel.org.br\/cuiaba\/wp-json\/wp\/v2\/tribe_events"}],"about":[{"href":"https:\/\/viradasustentavel.org.br\/cuiaba\/wp-json\/wp\/v2\/types\/tribe_events"}],"author":[{"embeddable":true,"href":"https:\/\/viradasustentavel.org.br\/cuiaba\/wp-json\/wp\/v2\/users\/1"}],"version-history":[{"count":1,"href":"https:\/\/viradasustentavel.org.br\/cuiaba\/wp-json\/wp\/v2\/tribe_events\/332\/revisions"}],"predecessor-version":[{"id":415,"href":"https:\/\/viradasustentavel.org.br\/cuiaba\/wp-json\/wp\/v2\/tribe_events\/332\/revisions\/415"}],"wp:featuredmedia":[{"embeddable":true,"href":"https:\/\/viradasustentavel.org.br\/cuiaba\/wp-json\/wp\/v2\/media\/414"}],"wp:attachment":[{"href":"https:\/\/viradasustentavel.org.br\/cuiaba\/wp-json\/wp\/v2\/media?parent=332"}],"wp:term":[{"taxonomy":"post_tag","embeddable":true,"href":"https:\/\/viradasustentavel.org.br\/cuiaba\/wp-json\/wp\/v2\/tags?post=332"},{"taxonomy":"tribe_events_cat","embeddable":true,"href":"https:\/\/viradasustentavel.org.br\/cuiaba\/wp-json\/wp\/v2\/tribe_events_cat?post=332"}],"curies":[{"name":"wp","href":"https:\/\/api.w.org\/{rel}","templated":true}]}}

Tardes Lúdicas na Virada Sustentável

<p>O Tardes Lúdicas é um projeto de extensão da Universidade Federal de Mato Grosso (UFMT) que convida a comunidade a vivenciar experiências de jogo em um espaço lúdico, acolhedor e criativo. Criado em 2013, o projeto proporciona um ambiente de descontração por meio de jogos de tabuleiro, estimulando a socialização, o pensamento coletivo e a pausa na rotina estressante. Nesta edição da Virada Sustentável, o Tardes Lúdicas integra a programação com uma proposta alinhada ao tema da biodiversidade. Serão levados de 8 a 10 jogos (um de cada título), cuidadosamente selecionados para estimular a interação, a imaginação e a reflexão de forma divertida e acessível. Com um público em fluxo constante, a expectativa é atender até 50 pessoas ao longo da atividade — caso não haja repetição de participantes nas mesas. No entanto, como nas sessões regulares do projeto não costumamos limitar o tempo de permanência nas mesas, o número pode ser reduzido para cerca de 10 pessoas, caso optem por uma experiência mais longa e imersiva. Coordenado pela professora Hélia Vannucchi, do curso de Publicidade e Propaganda da UFMT, e realizado com apoio de estudantes bolsistas, o projeto aposta em uma vivência transformadora que vai além do entretenimento. Ao permitir que os participantes se desliguem momentaneamente dos problemas cotidianos e se concentrem apenas em divertimento e descontração, o Tardes Lúdicas contribui diretamente para o desenvolvimento da saúde mental e do bem-estar social. A participação na Virada Sustentável reforça o compromisso do projeto com práticas educativas que valorizam a sustentabilidade, o convívio e o respeito à diversidade em todas as suas formas — inclusive no brincar.</p>

<p>O Tardes Lúdicas é um projeto de extensão da Universidade Federal de Mato Grosso (UFMT) que convida a comunidade a vivenciar experiências de jogo em um espaço lúdico, acolhedor e [&hellip;]</p>
