{"id":337,"date":"2025-05-24T17:42:28","date_gmt":"2025-05-24T20:42:28","guid":{"rendered":"https:\/\/viradasustentavel.org.br\/cuiaba\/eventos\/santian\/"},"modified":"2025-05-27T18:14:21","modified_gmt":"2025-05-27T21:14:21","slug":"santian","status":"publish","type":"tribe_events","link":"https:\/\/viradasustentavel.org.br\/cuiaba\/eventos\/santian\/","title":{"rendered":"Santian"},"content":{"rendered":"<p>Reunir formas h\u00edbridas de express\u00f5es art\u00edsticas que caminham entre fotografia, audiovisual e m\u00fasica \u00e9 uma d\u00e1diva. Este \u00e9 o caminho percorrido pelo multiartista mato-grossense Henrique Santian, fot\u00f3grafo documentarista, diretor\/produtor audiovisual e pesquisador etnomusical, onde criou sua marca seu 7. Em sua viv\u00eancia com povos origin\u00e1rios, tradicionais e afro-brasileiros, Santian compartilha livremente sua identidade visual no mundo de imagens, \u00e1udios e narrativas poss\u00edveis. A sua pesquisa musical brasileira \u00e9 diversa em ritmos onde desenvolve uma performance com discotecagem e colagens musicais, revelando sua identidade contempor\u00e2nea e tradicional, criando experi\u00eancias, promovendo eventos culturais e interven\u00e7\u00f5es urbanas. A proposta \u00e9 trazer nesta apresenta\u00e7\u00e3o, um set de 20 minutos reunindo brasilidades, e sua diversidade org\u00e2nica: can\u00e7\u00f5es tradicionais e contempor\u00e2neas ind\u00edgenas e afro-brasileiras em suas variedades como: cabula \u2013 ijex\u00e1 \u2013 carimb\u00f3 \u2013 congada \u2013  ciranda \u2013 samba \u2013 coco \u2013 MPB. As m\u00fasicas selecionadas se confluem em interpreta\u00e7\u00f5es org\u00e2nicas que por sua diversidade conectam sentimentos e reflex\u00f5es em temas falando de quest\u00f5es ambientais voltadas a terra e a diversidade cultural.<\/p>\n","protected":false},"excerpt":{"rendered":"<p>Reunir formas h\u00edbridas de express\u00f5es art\u00edsticas que caminham entre fotografia, audiovisual e m\u00fasica \u00e9 uma d\u00e1diva. Este \u00e9 o caminho percorrido pelo multiartista mato-grossense Henrique Santian, fot\u00f3grafo documentarista, diretor\/produtor audiovisual [&hellip;]<\/p>\n","protected":false},"author":1,"featured_media":406,"template":"","meta":{"_acf_changed":false,"_tribe_events_status":"","_tribe_events_status_reason":"","footnotes":""},"tags":[19],"tribe_events_cat":[33],"class_list":["post-337","tribe_events","type-tribe_events","status-publish","has-post-thumbnail","hentry","tag-todas-as-idades","tribe_events_cat-musica","cat_musica"],"acf":[],"_links":{"self":[{"href":"https:\/\/viradasustentavel.org.br\/cuiaba\/wp-json\/wp\/v2\/tribe_events\/337","targetHints":{"allow":["GET"]}}],"collection":[{"href":"https:\/\/viradasustentavel.org.br\/cuiaba\/wp-json\/wp\/v2\/tribe_events"}],"about":[{"href":"https:\/\/viradasustentavel.org.br\/cuiaba\/wp-json\/wp\/v2\/types\/tribe_events"}],"author":[{"embeddable":true,"href":"https:\/\/viradasustentavel.org.br\/cuiaba\/wp-json\/wp\/v2\/users\/1"}],"version-history":[{"count":1,"href":"https:\/\/viradasustentavel.org.br\/cuiaba\/wp-json\/wp\/v2\/tribe_events\/337\/revisions"}],"predecessor-version":[{"id":407,"href":"https:\/\/viradasustentavel.org.br\/cuiaba\/wp-json\/wp\/v2\/tribe_events\/337\/revisions\/407"}],"wp:featuredmedia":[{"embeddable":true,"href":"https:\/\/viradasustentavel.org.br\/cuiaba\/wp-json\/wp\/v2\/media\/406"}],"wp:attachment":[{"href":"https:\/\/viradasustentavel.org.br\/cuiaba\/wp-json\/wp\/v2\/media?parent=337"}],"wp:term":[{"taxonomy":"post_tag","embeddable":true,"href":"https:\/\/viradasustentavel.org.br\/cuiaba\/wp-json\/wp\/v2\/tags?post=337"},{"taxonomy":"tribe_events_cat","embeddable":true,"href":"https:\/\/viradasustentavel.org.br\/cuiaba\/wp-json\/wp\/v2\/tribe_events_cat?post=337"}],"curies":[{"name":"wp","href":"https:\/\/api.w.org\/{rel}","templated":true}]}}

<p>Reunir formas híbridas de expressões artísticas que caminham entre fotografia, audiovisual e música é uma dádiva. Este é o caminho percorrido pelo multiartista mato-grossense Henrique Santian, fotógrafo documentarista, diretor/produtor audiovisual e pesquisador etnomusical, onde criou sua marca seu 7. Em sua vivência com povos originários, tradicionais e afro-brasileiros, Santian compartilha livremente sua identidade visual no mundo de imagens, áudios e narrativas possíveis. A sua pesquisa musical brasileira é diversa em ritmos onde desenvolve uma performance com discotecagem e colagens musicais, revelando sua identidade contemporânea e tradicional, criando experiências, promovendo eventos culturais e intervenções urbanas. A proposta é trazer nesta apresentação, um set de 20 minutos reunindo brasilidades, e sua diversidade orgânica: canções tradicionais e contemporâneas indígenas e afro-brasileiras em suas variedades como: cabula – ijexá – carimbó – congada –  ciranda – samba – coco – MPB. As músicas selecionadas se confluem em interpretações orgânicas que por sua diversidade conectam sentimentos e reflexões em temas falando de questões ambientais voltadas a terra e a diversidade cultural.</p>

<p>Reunir formas híbridas de expressões artísticas que caminham entre fotografia, audiovisual e música é uma dádiva. Este é o caminho percorrido pelo multiartista mato-grossense Henrique Santian, fotógrafo documentarista, diretor/produtor audiovisual [&hellip;]</p>
