{"id":338,"date":"2025-05-24T17:42:29","date_gmt":"2025-05-24T20:42:29","guid":{"rendered":"https:\/\/viradasustentavel.org.br\/cuiaba\/eventos\/estela-ceregatti-canteiro\/"},"modified":"2025-05-27T18:14:21","modified_gmt":"2025-05-27T21:14:21","slug":"estela-ceregatti-canteiro","status":"publish","type":"tribe_events","link":"https:\/\/viradasustentavel.org.br\/cuiaba\/eventos\/estela-ceregatti-canteiro\/","title":{"rendered":"Estela Ceregatti, Canteiro"},"content":{"rendered":"<p>Canteiro \u00e9 show da premiada cantautora mato-grossense, Estela Ceregatti, composto por m\u00fasicas autorais da artista, lan\u00e7adas nos \u00e1lbuns: \u201cAR\u201d (2017), \u201cTERRA FOR\u00c7A MULHER\u201d E \u201cCACICA\u201d (2022) e \u201cDO RIO PARA O MAR\u201d (2025). Al\u00e9m delas, o show traz interpreta\u00e7\u00f5es de cl\u00e1ssicos da m\u00fasica brasileira e dos pa\u00edses de fronteira, perpassando tamb\u00e9m por m\u00fasicas de g\u00eaneros regionais de Mato Grosso, como o Siriri e Rasqueado. Conta ainda com cantos ind\u00edgenas, guiados pela participa\u00e7\u00e3o especial das mulheres ind\u00edgenas do povo Kur\u00e2-Bakairi e o contraponto do beat eletr\u00f4nico do DJ Henrique Santian. Nascida e criada em Cuiab\u00e1, com bisav\u00f3s e tatarav\u00f3s cuiabanas, Estela apresenta sua liga\u00e7\u00e3o ancestral com esta terra, atrav\u00e9s de m\u00fasicas que verdejam seu elo profundo com a cultura do povo de Mato Grosso. Canteiro \u00e9 marcado pela tem\u00e1tica do empoderamento feminino e das quest\u00f5es ambientais \u2013 onde a m\u00fasica reflete tamb\u00e9m a rela\u00e7\u00e3o da artista com sua regi\u00e3o t\u00e3o rica em biodiversidade (Pantanal, Cerrado e Amaz\u00f4nia) e t\u00e3o repleta de for\u00e7as femininas a serem homenageadas. Estela Ceregatti \u00e9 pesquisadora musical e traz em seu show \u201cCanteiro\u201d instrumentos mato-grossenses como o mocho (percuss\u00e3o) e a viola de cocho entrela\u00e7ados com um toque contempor\u00e2neo e experimental ampliado atrav\u00e9s da presen\u00e7a dos m\u00fasicos que enriquecem a sonoridade do trabalho com outros instrumentos, como: piano, acorde\u00e3o, violino e guitarra. Estela \u00e9 uma artista que preza pelo encontro entre vertentes art\u00edsticas diversas, declamando no show poesias de poetas locais e nacionais, concebendo figurino, ilumina\u00e7\u00e3o, performance corporal e outros detalhes que fazem de Canteiro uma experi\u00eancia \u00fanica e sensorial.<\/p>\n","protected":false},"excerpt":{"rendered":"<p>Canteiro \u00e9 show da premiada cantautora mato-grossense, Estela Ceregatti, composto por m\u00fasicas autorais da artista, lan\u00e7adas nos \u00e1lbuns: \u201cAR\u201d (2017), \u201cTERRA FOR\u00c7A MULHER\u201d E \u201cCACICA\u201d (2022) e \u201cDO RIO PARA [&hellip;]<\/p>\n","protected":false},"author":1,"featured_media":404,"template":"","meta":{"_acf_changed":false,"_tribe_events_status":"","_tribe_events_status_reason":"","footnotes":""},"tags":[19],"tribe_events_cat":[33],"class_list":["post-338","tribe_events","type-tribe_events","status-publish","has-post-thumbnail","hentry","tag-todas-as-idades","tribe_events_cat-musica","cat_musica"],"acf":[],"_links":{"self":[{"href":"https:\/\/viradasustentavel.org.br\/cuiaba\/wp-json\/wp\/v2\/tribe_events\/338","targetHints":{"allow":["GET"]}}],"collection":[{"href":"https:\/\/viradasustentavel.org.br\/cuiaba\/wp-json\/wp\/v2\/tribe_events"}],"about":[{"href":"https:\/\/viradasustentavel.org.br\/cuiaba\/wp-json\/wp\/v2\/types\/tribe_events"}],"author":[{"embeddable":true,"href":"https:\/\/viradasustentavel.org.br\/cuiaba\/wp-json\/wp\/v2\/users\/1"}],"version-history":[{"count":1,"href":"https:\/\/viradasustentavel.org.br\/cuiaba\/wp-json\/wp\/v2\/tribe_events\/338\/revisions"}],"predecessor-version":[{"id":405,"href":"https:\/\/viradasustentavel.org.br\/cuiaba\/wp-json\/wp\/v2\/tribe_events\/338\/revisions\/405"}],"wp:featuredmedia":[{"embeddable":true,"href":"https:\/\/viradasustentavel.org.br\/cuiaba\/wp-json\/wp\/v2\/media\/404"}],"wp:attachment":[{"href":"https:\/\/viradasustentavel.org.br\/cuiaba\/wp-json\/wp\/v2\/media?parent=338"}],"wp:term":[{"taxonomy":"post_tag","embeddable":true,"href":"https:\/\/viradasustentavel.org.br\/cuiaba\/wp-json\/wp\/v2\/tags?post=338"},{"taxonomy":"tribe_events_cat","embeddable":true,"href":"https:\/\/viradasustentavel.org.br\/cuiaba\/wp-json\/wp\/v2\/tribe_events_cat?post=338"}],"curies":[{"name":"wp","href":"https:\/\/api.w.org\/{rel}","templated":true}]}}

<p>Canteiro é show da premiada cantautora mato-grossense, Estela Ceregatti, composto por músicas autorais da artista, lançadas nos álbuns: “AR” (2017), “TERRA FORÇA MULHER” E “CACICA” (2022) e “DO RIO PARA O MAR” (2025). Além delas, o show traz interpretações de clássicos da música brasileira e dos países de fronteira, perpassando também por músicas de gêneros regionais de Mato Grosso, como o Siriri e Rasqueado. Conta ainda com cantos indígenas, guiados pela participação especial das mulheres indígenas do povo Kurâ-Bakairi e o contraponto do beat eletrônico do DJ Henrique Santian. Nascida e criada em Cuiabá, com bisavós e tataravós cuiabanas, Estela apresenta sua ligação ancestral com esta terra, através de músicas que verdejam seu elo profundo com a cultura do povo de Mato Grosso. Canteiro é marcado pela temática do empoderamento feminino e das questões ambientais – onde a música reflete também a relação da artista com sua região tão rica em biodiversidade (Pantanal, Cerrado e Amazônia) e tão repleta de forças femininas a serem homenageadas. Estela Ceregatti é pesquisadora musical e traz em seu show “Canteiro” instrumentos mato-grossenses como o mocho (percussão) e a viola de cocho entrelaçados com um toque contemporâneo e experimental ampliado através da presença dos músicos que enriquecem a sonoridade do trabalho com outros instrumentos, como: piano, acordeão, violino e guitarra. Estela é uma artista que preza pelo encontro entre vertentes artísticas diversas, declamando no show poesias de poetas locais e nacionais, concebendo figurino, iluminação, performance corporal e outros detalhes que fazem de Canteiro uma experiência única e sensorial.</p>

<p>Canteiro é show da premiada cantautora mato-grossense, Estela Ceregatti, composto por músicas autorais da artista, lançadas nos álbuns: “AR” (2017), “TERRA FORÇA MULHER” E “CACICA” (2022) e “DO RIO PARA [&hellip;]</p>
