{"id":342,"date":"2025-05-24T17:43:00","date_gmt":"2025-05-24T20:43:00","guid":{"rendered":"https:\/\/viradasustentavel.org.br\/cuiaba\/eventos\/vivencia-pratica-yoga-na-mata-com-soundhealing\/"},"modified":"2025-05-27T18:14:36","modified_gmt":"2025-05-27T21:14:36","slug":"vivencia-pratica-yoga-na-mata-com-soundhealing","status":"publish","type":"tribe_events","link":"https:\/\/viradasustentavel.org.br\/cuiaba\/eventos\/vivencia-pratica-yoga-na-mata-com-soundhealing\/","title":{"rendered":"Viv\u00eancia pr\u00e1tica \u2013  Y\u00f4ga na Mata com SoundHealing"},"content":{"rendered":"<p>A partir de uma pr\u00e1tica completa de Sw\u00e1Sthya Y\u00f4ga com SoundHealing, os participantes ser\u00e3o levados a conex\u00e3o com sua pr\u00f3pria natureza, com a natureza e pessoas ao redor, despertando para sa\u00fade e bem-estar integrada com o meio no qual se encontram. Assim, a viv\u00eancia Y\u00f4ga na Mata, proporcionar\u00e1 o aprendizado de t\u00e9cnicas prazerosas e emancipat\u00f3rias que poder\u00e3o ser incorporadas nas rotinas dos participantes produzindo um refor\u00e7o de sa\u00fade e qualidade de vida. E ainda, oportunizar um contato mais profundo com suas pr\u00f3prias exist\u00eancias, ampliando suas capacidades de concentra\u00e7\u00e3o e de cria\u00e7\u00e3o, efeitos do contato com a arte do Y\u00f4ga. Tudo isso embalado pelos instrumentos musicais da terapia do som.<\/p>\n","protected":false},"excerpt":{"rendered":"<p>A partir de uma pr\u00e1tica completa de Sw\u00e1Sthya Y\u00f4ga com SoundHealing, os participantes ser\u00e3o levados a conex\u00e3o com sua pr\u00f3pria natureza, com a natureza e pessoas ao redor, despertando para [&hellip;]<\/p>\n","protected":false},"author":1,"featured_media":396,"template":"","meta":{"_acf_changed":false,"_tribe_events_status":"","_tribe_events_status_reason":"","footnotes":""},"tags":[19],"tribe_events_cat":[35],"class_list":["post-342","tribe_events","type-tribe_events","status-publish","has-post-thumbnail","hentry","tag-todas-as-idades","tribe_events_cat-outros","cat_outros"],"acf":[],"_links":{"self":[{"href":"https:\/\/viradasustentavel.org.br\/cuiaba\/wp-json\/wp\/v2\/tribe_events\/342","targetHints":{"allow":["GET"]}}],"collection":[{"href":"https:\/\/viradasustentavel.org.br\/cuiaba\/wp-json\/wp\/v2\/tribe_events"}],"about":[{"href":"https:\/\/viradasustentavel.org.br\/cuiaba\/wp-json\/wp\/v2\/types\/tribe_events"}],"author":[{"embeddable":true,"href":"https:\/\/viradasustentavel.org.br\/cuiaba\/wp-json\/wp\/v2\/users\/1"}],"version-history":[{"count":1,"href":"https:\/\/viradasustentavel.org.br\/cuiaba\/wp-json\/wp\/v2\/tribe_events\/342\/revisions"}],"predecessor-version":[{"id":397,"href":"https:\/\/viradasustentavel.org.br\/cuiaba\/wp-json\/wp\/v2\/tribe_events\/342\/revisions\/397"}],"wp:featuredmedia":[{"embeddable":true,"href":"https:\/\/viradasustentavel.org.br\/cuiaba\/wp-json\/wp\/v2\/media\/396"}],"wp:attachment":[{"href":"https:\/\/viradasustentavel.org.br\/cuiaba\/wp-json\/wp\/v2\/media?parent=342"}],"wp:term":[{"taxonomy":"post_tag","embeddable":true,"href":"https:\/\/viradasustentavel.org.br\/cuiaba\/wp-json\/wp\/v2\/tags?post=342"},{"taxonomy":"tribe_events_cat","embeddable":true,"href":"https:\/\/viradasustentavel.org.br\/cuiaba\/wp-json\/wp\/v2\/tribe_events_cat?post=342"}],"curies":[{"name":"wp","href":"https:\/\/api.w.org\/{rel}","templated":true}]}}

Vivência prática –  Yôga na Mata com SoundHealing

<p>A partir de uma prática completa de SwáSthya Yôga com SoundHealing, os participantes serão levados a conexão com sua própria natureza, com a natureza e pessoas ao redor, despertando para saúde e bem-estar integrada com o meio no qual se encontram. Assim, a vivência Yôga na Mata, proporcionará o aprendizado de técnicas prazerosas e emancipatórias que poderão ser incorporadas nas rotinas dos participantes produzindo um reforço de saúde e qualidade de vida. E ainda, oportunizar um contato mais profundo com suas próprias existências, ampliando suas capacidades de concentração e de criação, efeitos do contato com a arte do Yôga. Tudo isso embalado pelos instrumentos musicais da terapia do som.</p>

<p>A partir de uma prática completa de SwáSthya Yôga com SoundHealing, os participantes serão levados a conexão com sua própria natureza, com a natureza e pessoas ao redor, despertando para [&hellip;]</p>
