{"id":343,"date":"2025-05-24T17:43:00","date_gmt":"2025-05-24T20:43:00","guid":{"rendered":"https:\/\/viradasustentavel.org.br\/cuiaba\/eventos\/varal-de-desenhos-2\/"},"modified":"2025-06-03T16:22:24","modified_gmt":"2025-06-03T19:22:24","slug":"varal-de-desenhos-2","status":"publish","type":"tribe_events","link":"https:\/\/viradasustentavel.org.br\/cuiaba\/eventos\/varal-de-desenhos-2\/","title":{"rendered":"Varal de Desenhos"},"content":{"rendered":"<p>A SEMA e a SEDUC, respons\u00e1veis pela gest\u00e3o da educa\u00e7\u00e3o ambiental no estado de Mato Grosso, promover\u00e3o uma atividade voltada a jovens e adolescentes da rede p\u00fablica estadual. Durante as aulas, os professores ir\u00e3o abordar o tema da Semana do Meio Ambiente \u2014 &#8220;Biodiversidade&#8221;. Como resultado desse trabalho, produ\u00e7\u00f5es art\u00edsticas dos estudantes ser\u00e3o expostas nos parques M\u00e3e Bonif\u00e1cia e Z\u00e9 Bolo Fl\u00f4, por meio de um criativo varal de desenhos.<\/p>\n","protected":false},"excerpt":{"rendered":"<p>A SEMA e a SEDUC, respons\u00e1veis pela gest\u00e3o da educa\u00e7\u00e3o ambiental no estado de Mato Grosso, promover\u00e3o uma atividade voltada a jovens e adolescentes da rede p\u00fablica estadual. Durante as [&hellip;]<\/p>\n","protected":false},"author":1,"featured_media":360,"template":"","meta":{"_acf_changed":false,"_tribe_events_status":"","_tribe_events_status_reason":"","footnotes":""},"tags":[29],"tribe_events_cat":[27],"class_list":["post-343","tribe_events","type-tribe_events","status-publish","has-post-thumbnail","hentry","tag-infantojuvenil","tribe_events_cat-exposicao","cat_exposicao"],"acf":[],"_links":{"self":[{"href":"https:\/\/viradasustentavel.org.br\/cuiaba\/wp-json\/wp\/v2\/tribe_events\/343","targetHints":{"allow":["GET"]}}],"collection":[{"href":"https:\/\/viradasustentavel.org.br\/cuiaba\/wp-json\/wp\/v2\/tribe_events"}],"about":[{"href":"https:\/\/viradasustentavel.org.br\/cuiaba\/wp-json\/wp\/v2\/types\/tribe_events"}],"author":[{"embeddable":true,"href":"https:\/\/viradasustentavel.org.br\/cuiaba\/wp-json\/wp\/v2\/users\/1"}],"version-history":[{"count":1,"href":"https:\/\/viradasustentavel.org.br\/cuiaba\/wp-json\/wp\/v2\/tribe_events\/343\/revisions"}],"predecessor-version":[{"id":558,"href":"https:\/\/viradasustentavel.org.br\/cuiaba\/wp-json\/wp\/v2\/tribe_events\/343\/revisions\/558"}],"wp:featuredmedia":[{"embeddable":true,"href":"https:\/\/viradasustentavel.org.br\/cuiaba\/wp-json\/wp\/v2\/media\/360"}],"wp:attachment":[{"href":"https:\/\/viradasustentavel.org.br\/cuiaba\/wp-json\/wp\/v2\/media?parent=343"}],"wp:term":[{"taxonomy":"post_tag","embeddable":true,"href":"https:\/\/viradasustentavel.org.br\/cuiaba\/wp-json\/wp\/v2\/tags?post=343"},{"taxonomy":"tribe_events_cat","embeddable":true,"href":"https:\/\/viradasustentavel.org.br\/cuiaba\/wp-json\/wp\/v2\/tribe_events_cat?post=343"}],"curies":[{"name":"wp","href":"https:\/\/api.w.org\/{rel}","templated":true}]}}

<p>A SEMA e a SEDUC, responsáveis pela gestão da educação ambiental no estado de Mato Grosso, promoverão uma atividade voltada a jovens e adolescentes da rede pública estadual. Durante as aulas, os professores irão abordar o tema da Semana do Meio Ambiente — &#8220;Biodiversidade&#8221;. Como resultado desse trabalho, produções artísticas dos estudantes serão expostas nos parques Mãe Bonifácia e Zé Bolo Flô, por meio de um criativo varal de desenhos.</p>

<p>A SEMA e a SEDUC, responsáveis pela gestão da educação ambiental no estado de Mato Grosso, promoverão uma atividade voltada a jovens e adolescentes da rede pública estadual. Durante as [&hellip;]</p>
