{"id":344,"date":"2025-05-24T17:43:00","date_gmt":"2025-05-24T20:43:00","guid":{"rendered":"https:\/\/viradasustentavel.org.br\/cuiaba\/eventos\/arte-memoria-e-natureza-25-anos-do-parque-mae-bonifacia-e-entrega-das-obras-de-victor-hugo\/"},"modified":"2025-05-27T18:14:36","modified_gmt":"2025-05-27T21:14:36","slug":"arte-memoria-e-natureza-25-anos-do-parque-mae-bonifacia-e-entrega-das-obras-de-victor-hugo","status":"publish","type":"tribe_events","link":"https:\/\/viradasustentavel.org.br\/cuiaba\/eventos\/arte-memoria-e-natureza-25-anos-do-parque-mae-bonifacia-e-entrega-das-obras-de-victor-hugo\/","title":{"rendered":"Arte, Mem\u00f3ria e Natureza: 25 anos do Parque M\u00e3e Bonif\u00e1cia e Entrega das Obras de Victor Hugo"},"content":{"rendered":"<p>O projeto de pintura e revitaliza\u00e7\u00e3o da concha ac\u00fastica e do coreto do Parque M\u00e3e Bonif\u00e1cia, em Cuiab\u00e1, \u00e9 uma iniciativa in\u00e9dita que une arte, meio ambiente e sa\u00fade mental em um mesmo espa\u00e7o. Com o objetivo de transformar o parque em um ambiente ainda mais acolhedor para seus frequentadores di\u00e1rios, a proposta valoriza o uso das artes visuais como ferramenta de promo\u00e7\u00e3o do bem-estar e da qualidade de vida. Inspirado em pr\u00e1ticas adotadas mundialmente, o projeto reconhece o poder das artes como recurso terap\u00eautico e ambiental. A revitaliza\u00e7\u00e3o busca integrar as artes pl\u00e1sticas ao cotidiano do parque, em harmonia com a pr\u00e1tica de atividades f\u00edsicas, criando um espa\u00e7o esteticamente agrad\u00e1vel, emocionalmente reconfortante e estimulante para a sa\u00fade mental. Ao embelezar espa\u00e7os p\u00fablicos com arte, o projeto promove n\u00e3o apenas a valoriza\u00e7\u00e3o do patrim\u00f4nio urbano, mas tamb\u00e9m o cuidado com o indiv\u00edduo em sua totalidade, incentivando o conv\u00edvio, o lazer e o autocuidado por meio de uma abordagem sens\u00edvel e inovadora.<\/p>\n","protected":false},"excerpt":{"rendered":"<p>O projeto de pintura e revitaliza\u00e7\u00e3o da concha ac\u00fastica e do coreto do Parque M\u00e3e Bonif\u00e1cia, em Cuiab\u00e1, \u00e9 uma iniciativa in\u00e9dita que une arte, meio ambiente e sa\u00fade mental [&hellip;]<\/p>\n","protected":false},"author":1,"featured_media":394,"template":"","meta":{"_acf_changed":false,"_tribe_events_status":"","_tribe_events_status_reason":"","footnotes":""},"tags":[19],"tribe_events_cat":[36],"class_list":["post-344","tribe_events","type-tribe_events","status-publish","has-post-thumbnail","hentry","tag-todas-as-idades","tribe_events_cat-intervencao","cat_intervencao"],"acf":[],"_links":{"self":[{"href":"https:\/\/viradasustentavel.org.br\/cuiaba\/wp-json\/wp\/v2\/tribe_events\/344","targetHints":{"allow":["GET"]}}],"collection":[{"href":"https:\/\/viradasustentavel.org.br\/cuiaba\/wp-json\/wp\/v2\/tribe_events"}],"about":[{"href":"https:\/\/viradasustentavel.org.br\/cuiaba\/wp-json\/wp\/v2\/types\/tribe_events"}],"author":[{"embeddable":true,"href":"https:\/\/viradasustentavel.org.br\/cuiaba\/wp-json\/wp\/v2\/users\/1"}],"version-history":[{"count":2,"href":"https:\/\/viradasustentavel.org.br\/cuiaba\/wp-json\/wp\/v2\/tribe_events\/344\/revisions"}],"predecessor-version":[{"id":559,"href":"https:\/\/viradasustentavel.org.br\/cuiaba\/wp-json\/wp\/v2\/tribe_events\/344\/revisions\/559"}],"wp:featuredmedia":[{"embeddable":true,"href":"https:\/\/viradasustentavel.org.br\/cuiaba\/wp-json\/wp\/v2\/media\/394"}],"wp:attachment":[{"href":"https:\/\/viradasustentavel.org.br\/cuiaba\/wp-json\/wp\/v2\/media?parent=344"}],"wp:term":[{"taxonomy":"post_tag","embeddable":true,"href":"https:\/\/viradasustentavel.org.br\/cuiaba\/wp-json\/wp\/v2\/tags?post=344"},{"taxonomy":"tribe_events_cat","embeddable":true,"href":"https:\/\/viradasustentavel.org.br\/cuiaba\/wp-json\/wp\/v2\/tribe_events_cat?post=344"}],"curies":[{"name":"wp","href":"https:\/\/api.w.org\/{rel}","templated":true}]}}

Arte, Memória e Natureza: 25 anos do Parque Mãe Bonifácia e Entrega das Obras de Victor Hugo

<p>O projeto de pintura e revitalização da concha acústica e do coreto do Parque Mãe Bonifácia, em Cuiabá, é uma iniciativa inédita que une arte, meio ambiente e saúde mental em um mesmo espaço. Com o objetivo de transformar o parque em um ambiente ainda mais acolhedor para seus frequentadores diários, a proposta valoriza o uso das artes visuais como ferramenta de promoção do bem-estar e da qualidade de vida. Inspirado em práticas adotadas mundialmente, o projeto reconhece o poder das artes como recurso terapêutico e ambiental. A revitalização busca integrar as artes plásticas ao cotidiano do parque, em harmonia com a prática de atividades físicas, criando um espaço esteticamente agradável, emocionalmente reconfortante e estimulante para a saúde mental. Ao embelezar espaços públicos com arte, o projeto promove não apenas a valorização do patrimônio urbano, mas também o cuidado com o indivíduo em sua totalidade, incentivando o convívio, o lazer e o autocuidado por meio de uma abordagem sensível e inovadora.</p>

<p>O projeto de pintura e revitalização da concha acústica e do coreto do Parque Mãe Bonifácia, em Cuiabá, é uma iniciativa inédita que une arte, meio ambiente e saúde mental [&hellip;]</p>
