{"id":347,"date":"2025-05-24T17:43:15","date_gmt":"2025-05-24T20:43:15","guid":{"rendered":"https:\/\/viradasustentavel.org.br\/cuiaba\/eventos\/o-jardim-da-minha-mae\/"},"modified":"2025-05-27T18:14:51","modified_gmt":"2025-05-27T21:14:51","slug":"o-jardim-da-minha-mae","status":"publish","type":"tribe_events","link":"https:\/\/viradasustentavel.org.br\/cuiaba\/eventos\/o-jardim-da-minha-mae\/","title":{"rendered":"O Jardim da Minha M\u00e3e"},"content":{"rendered":"<p>A escritora e mediadora de leitura Cristina Maria convida o p\u00fablico infantil para a experi\u00eancia \u201cMedia\u00e7\u00e3o de Leitura: O Jardim da Minha M\u00e3e\u201d, uma viv\u00eancia l\u00fadica, po\u00e9tica e interativa com seu primeiro livro autoral. A atividade \u00e9 voltada para crian\u00e7as e prop\u00f5e um mergulho sens\u00edvel na obra, explorando temas como natureza, sentimentos, amizade e o encantamento das pequenas coisas. Com mais de 20 anos dedicados \u00e0 media\u00e7\u00e3o de leitura para a inf\u00e2ncia, Cristina \u00e9 fundadora da Livraria da Cris, uma livraria itinerante e neg\u00f3cio social voltado \u00e0 promo\u00e7\u00e3o da leitura entre crian\u00e7as de 0 a 12 anos. Durante a pandemia de Covid-19, apresentou os programas Sesc MT Acontece e Clube do Livro, na TV Mais (afiliada da TV Cultura em Mato Grosso), al\u00e9m de participar do programa R\u00e1dio Recreio, com o quadro \u201cCris Indica\u201d, na R\u00e1dio TRT FM 104.3, recomendando livros infantis. A media\u00e7\u00e3o \u00e9 conduzida a partir do texto e das ilustra\u00e7\u00f5es do livro, estimulando a escuta sens\u00edvel, o olhar atento e a imagina\u00e7\u00e3o dos pequenos leitores. A atividade tem in\u00edcio com uma conversa leve sobre os temas presentes na obra \u2014 como flores, \u00e1rvores, jardins, brinquedos, amizade, tristeza e palavras curiosas \u2014 para despertar a curiosidade e percep\u00e7\u00e3o das crian\u00e7as durante a leitura. Ao final, as crian\u00e7as s\u00e3o convidadas a explorar o acervo dispon\u00edvel, ampliando sua viv\u00eancia liter\u00e1ria e fortalecendo seu v\u00ednculo com o universo da leitura. Sobre o livro: &#8220;O Jardim da Minha M\u00e3e&#8221; \u00e9 uma colet\u00e2nea de 10 poemas delicados e coloridos que transportam leitores de todas as idades para um universo encantado, onde flores, \u00e1rvores e animais convivem em harmonia com sentimentos e mem\u00f3rias da inf\u00e2ncia. A obra celebra o afeto, a amizade, a natureza e as descobertas do cotidiano com leveza e poesia.<\/p>\n","protected":false},"excerpt":{"rendered":"<p>A escritora e mediadora de leitura Cristina Maria convida o p\u00fablico infantil para a experi\u00eancia \u201cMedia\u00e7\u00e3o de Leitura: O Jardim da Minha M\u00e3e\u201d, uma viv\u00eancia l\u00fadica, po\u00e9tica e interativa com [&hellip;]<\/p>\n","protected":false},"author":1,"featured_media":388,"template":"","meta":{"_acf_changed":false,"_tribe_events_status":"","_tribe_events_status_reason":"","footnotes":""},"tags":[18],"tribe_events_cat":[31],"class_list":["post-347","tribe_events","type-tribe_events","status-publish","has-post-thumbnail","hentry","tag-infantil","tribe_events_cat-contacao-de-historia","cat_contacao-de-historia"],"acf":[],"_links":{"self":[{"href":"https:\/\/viradasustentavel.org.br\/cuiaba\/wp-json\/wp\/v2\/tribe_events\/347","targetHints":{"allow":["GET"]}}],"collection":[{"href":"https:\/\/viradasustentavel.org.br\/cuiaba\/wp-json\/wp\/v2\/tribe_events"}],"about":[{"href":"https:\/\/viradasustentavel.org.br\/cuiaba\/wp-json\/wp\/v2\/types\/tribe_events"}],"author":[{"embeddable":true,"href":"https:\/\/viradasustentavel.org.br\/cuiaba\/wp-json\/wp\/v2\/users\/1"}],"version-history":[{"count":1,"href":"https:\/\/viradasustentavel.org.br\/cuiaba\/wp-json\/wp\/v2\/tribe_events\/347\/revisions"}],"predecessor-version":[{"id":389,"href":"https:\/\/viradasustentavel.org.br\/cuiaba\/wp-json\/wp\/v2\/tribe_events\/347\/revisions\/389"}],"wp:featuredmedia":[{"embeddable":true,"href":"https:\/\/viradasustentavel.org.br\/cuiaba\/wp-json\/wp\/v2\/media\/388"}],"wp:attachment":[{"href":"https:\/\/viradasustentavel.org.br\/cuiaba\/wp-json\/wp\/v2\/media?parent=347"}],"wp:term":[{"taxonomy":"post_tag","embeddable":true,"href":"https:\/\/viradasustentavel.org.br\/cuiaba\/wp-json\/wp\/v2\/tags?post=347"},{"taxonomy":"tribe_events_cat","embeddable":true,"href":"https:\/\/viradasustentavel.org.br\/cuiaba\/wp-json\/wp\/v2\/tribe_events_cat?post=347"}],"curies":[{"name":"wp","href":"https:\/\/api.w.org\/{rel}","templated":true}]}}

O Jardim da Minha Mãe

<p>A escritora e mediadora de leitura Cristina Maria convida o público infantil para a experiência “Mediação de Leitura: O Jardim da Minha Mãe”, uma vivência lúdica, poética e interativa com seu primeiro livro autoral. A atividade é voltada para crianças e propõe um mergulho sensível na obra, explorando temas como natureza, sentimentos, amizade e o encantamento das pequenas coisas. Com mais de 20 anos dedicados à mediação de leitura para a infância, Cristina é fundadora da Livraria da Cris, uma livraria itinerante e negócio social voltado à promoção da leitura entre crianças de 0 a 12 anos. Durante a pandemia de Covid-19, apresentou os programas Sesc MT Acontece e Clube do Livro, na TV Mais (afiliada da TV Cultura em Mato Grosso), além de participar do programa Rádio Recreio, com o quadro “Cris Indica”, na Rádio TRT FM 104.3, recomendando livros infantis. A mediação é conduzida a partir do texto e das ilustrações do livro, estimulando a escuta sensível, o olhar atento e a imaginação dos pequenos leitores. A atividade tem início com uma conversa leve sobre os temas presentes na obra — como flores, árvores, jardins, brinquedos, amizade, tristeza e palavras curiosas — para despertar a curiosidade e percepção das crianças durante a leitura. Ao final, as crianças são convidadas a explorar o acervo disponível, ampliando sua vivência literária e fortalecendo seu vínculo com o universo da leitura. Sobre o livro: &#8220;O Jardim da Minha Mãe&#8221; é uma coletânea de 10 poemas delicados e coloridos que transportam leitores de todas as idades para um universo encantado, onde flores, árvores e animais convivem em harmonia com sentimentos e memórias da infância. A obra celebra o afeto, a amizade, a natureza e as descobertas do cotidiano com leveza e poesia.</p>

<p>A escritora e mediadora de leitura Cristina Maria convida o público infantil para a experiência “Mediação de Leitura: O Jardim da Minha Mãe”, uma vivência lúdica, poética e interativa com [&hellip;]</p>
