{"id":348,"date":"2025-05-24T17:43:15","date_gmt":"2025-05-24T20:43:15","guid":{"rendered":"https:\/\/viradasustentavel.org.br\/cuiaba\/eventos\/circo-sem-lona-pede-carona\/"},"modified":"2025-05-27T18:14:51","modified_gmt":"2025-05-27T21:14:51","slug":"circo-sem-lona-pede-carona","status":"publish","type":"tribe_events","link":"https:\/\/viradasustentavel.org.br\/cuiaba\/eventos\/circo-sem-lona-pede-carona\/","title":{"rendered":"Circo Sem Lona Pede Carona"},"content":{"rendered":"<p>Circo Sem Lona Pede Carona, \u00e9 um espet\u00e1culo que retrata duas pessoas em situa\u00e7\u00e3o de rua, tendo como base na sua cria\u00e7\u00e3o, a palha\u00e7aria, que aborda o tema de forma l\u00fadica, atrav\u00e9s dos dois personagens que s\u00e3o os palha\u00e7os Black Pow e Domenique, que vivem nas ruas, em busca de comida, de um banho, de pertencer. Existindo no caos, no sil\u00eancio e nos perigos da falta de afeto, direitos e um lugar, eles insistem em sonhar em contraponto com a tentativa de se manterem vivos, um quer tudo para ontem e outro espera que algo aconte\u00e7a, eles ocupam a cidade com seus traumas, com humor e nostalgia e descobrem a arte ou a arte os descobre?<\/p>\n","protected":false},"excerpt":{"rendered":"<p>Circo Sem Lona Pede Carona, \u00e9 um espet\u00e1culo que retrata duas pessoas em situa\u00e7\u00e3o de rua, tendo como base na sua cria\u00e7\u00e3o, a palha\u00e7aria, que aborda o tema de forma [&hellip;]<\/p>\n","protected":false},"author":1,"featured_media":386,"template":"","meta":{"_acf_changed":false,"_tribe_events_status":"","_tribe_events_status_reason":"","footnotes":""},"tags":[19],"tribe_events_cat":[28],"class_list":["post-348","tribe_events","type-tribe_events","status-publish","has-post-thumbnail","hentry","tag-todas-as-idades","tribe_events_cat-circo","cat_circo"],"acf":[],"_links":{"self":[{"href":"https:\/\/viradasustentavel.org.br\/cuiaba\/wp-json\/wp\/v2\/tribe_events\/348","targetHints":{"allow":["GET"]}}],"collection":[{"href":"https:\/\/viradasustentavel.org.br\/cuiaba\/wp-json\/wp\/v2\/tribe_events"}],"about":[{"href":"https:\/\/viradasustentavel.org.br\/cuiaba\/wp-json\/wp\/v2\/types\/tribe_events"}],"author":[{"embeddable":true,"href":"https:\/\/viradasustentavel.org.br\/cuiaba\/wp-json\/wp\/v2\/users\/1"}],"version-history":[{"count":1,"href":"https:\/\/viradasustentavel.org.br\/cuiaba\/wp-json\/wp\/v2\/tribe_events\/348\/revisions"}],"predecessor-version":[{"id":387,"href":"https:\/\/viradasustentavel.org.br\/cuiaba\/wp-json\/wp\/v2\/tribe_events\/348\/revisions\/387"}],"wp:featuredmedia":[{"embeddable":true,"href":"https:\/\/viradasustentavel.org.br\/cuiaba\/wp-json\/wp\/v2\/media\/386"}],"wp:attachment":[{"href":"https:\/\/viradasustentavel.org.br\/cuiaba\/wp-json\/wp\/v2\/media?parent=348"}],"wp:term":[{"taxonomy":"post_tag","embeddable":true,"href":"https:\/\/viradasustentavel.org.br\/cuiaba\/wp-json\/wp\/v2\/tags?post=348"},{"taxonomy":"tribe_events_cat","embeddable":true,"href":"https:\/\/viradasustentavel.org.br\/cuiaba\/wp-json\/wp\/v2\/tribe_events_cat?post=348"}],"curies":[{"name":"wp","href":"https:\/\/api.w.org\/{rel}","templated":true}]}}

<p>Circo Sem Lona Pede Carona, é um espetáculo que retrata duas pessoas em situação de rua, tendo como base na sua criação, a palhaçaria, que aborda o tema de forma lúdica, através dos dois personagens que são os palhaços Black Pow e Domenique, que vivem nas ruas, em busca de comida, de um banho, de pertencer. Existindo no caos, no silêncio e nos perigos da falta de afeto, direitos e um lugar, eles insistem em sonhar em contraponto com a tentativa de se manterem vivos, um quer tudo para ontem e outro espera que algo aconteça, eles ocupam a cidade com seus traumas, com humor e nostalgia e descobrem a arte ou a arte os descobre?</p>

<p>Circo Sem Lona Pede Carona, é um espetáculo que retrata duas pessoas em situação de rua, tendo como base na sua criação, a palhaçaria, que aborda o tema de forma [&hellip;]</p>
