{"id":349,"date":"2025-05-24T17:43:15","date_gmt":"2025-05-24T20:43:15","guid":{"rendered":"https:\/\/viradasustentavel.org.br\/cuiaba\/eventos\/caminhada-afro-rota-da-mae-bonifacia\/"},"modified":"2025-05-27T18:14:51","modified_gmt":"2025-05-27T21:14:51","slug":"caminhada-afro-rota-da-mae-bonifacia","status":"publish","type":"tribe_events","link":"https:\/\/viradasustentavel.org.br\/cuiaba\/eventos\/caminhada-afro-rota-da-mae-bonifacia\/","title":{"rendered":"Caminhada Afro \u2013 Rota da M\u00e3e Bonif\u00e1cia"},"content":{"rendered":"<p>A Bemtivi Academia de Arte, produtora respons\u00e1vel pela a\u00e7\u00e3o, re\u00fane diversos representantes art\u00edsticos, sociais e educacionais nesta potente iniciativa j\u00e1 conhecida no Centro Hist\u00f3rico de Cuiab\u00e1: a Rota da Ancestralidade, que nesta edi\u00e7\u00e3o ser\u00e1 intitulada Rota da M\u00e3e Bonif\u00e1cia. O projeto, que envolve caminhadas afros, rodas de conversa, eventos e outras viv\u00eancias, apresenta em 2025 uma proposta in\u00e9dita dentro da Virada Sustent\u00e1vel MT, feita especialmente para este momento. Com um roteiro in\u00e9dito, a atividade ser\u00e1 composta por cinco paradas, onde o p\u00fablico poder\u00e1 vivenciar n\u00e3o apenas falas e reflex\u00f5es, mas tamb\u00e9m interven\u00e7\u00f5es art\u00edsticas e performances exclusivas em homenagem \u00e0 mem\u00f3ria negra e \u00e0 personagem hist\u00f3rica central do evento: M\u00e3e Bonif\u00e1cia. Entrela\u00e7ando temas como refer\u00eancias afro-ambientais, letramento racial e protagonismo negro, a a\u00e7\u00e3o transforma um ambiente de lazer e sa\u00fade p\u00fablica em um espa\u00e7o educativo, de escuta, reflex\u00e3o e combate ao racismo, promovendo o di\u00e1logo com a hist\u00f3ria e a consci\u00eancia ambiental do nosso bioma: o Cerrado. Mais do que uma caminhada, esta edi\u00e7\u00e3o da Rota representa tamb\u00e9m uma grande oportunidade de fortalecimento das redes de projetos e coletivos negros, de valoriza\u00e7\u00e3o de nossos artistas, agentes culturais e das colabora\u00e7\u00f5es hist\u00f3ricas que comp\u00f5em a diversidade viva de Mato Grosso.<\/p>\n","protected":false},"excerpt":{"rendered":"<p>A Bemtivi Academia de Arte, produtora respons\u00e1vel pela a\u00e7\u00e3o, re\u00fane diversos representantes art\u00edsticos, sociais e educacionais nesta potente iniciativa j\u00e1 conhecida no Centro Hist\u00f3rico de Cuiab\u00e1: a Rota da Ancestralidade, [&hellip;]<\/p>\n","protected":false},"author":1,"featured_media":384,"template":"","meta":{"_acf_changed":false,"_tribe_events_status":"","_tribe_events_status_reason":"","footnotes":""},"tags":[19],"tribe_events_cat":[30],"class_list":["post-349","tribe_events","type-tribe_events","status-publish","has-post-thumbnail","hentry","tag-todas-as-idades","tribe_events_cat-teatro","cat_teatro"],"acf":[],"_links":{"self":[{"href":"https:\/\/viradasustentavel.org.br\/cuiaba\/wp-json\/wp\/v2\/tribe_events\/349","targetHints":{"allow":["GET"]}}],"collection":[{"href":"https:\/\/viradasustentavel.org.br\/cuiaba\/wp-json\/wp\/v2\/tribe_events"}],"about":[{"href":"https:\/\/viradasustentavel.org.br\/cuiaba\/wp-json\/wp\/v2\/types\/tribe_events"}],"author":[{"embeddable":true,"href":"https:\/\/viradasustentavel.org.br\/cuiaba\/wp-json\/wp\/v2\/users\/1"}],"version-history":[{"count":1,"href":"https:\/\/viradasustentavel.org.br\/cuiaba\/wp-json\/wp\/v2\/tribe_events\/349\/revisions"}],"predecessor-version":[{"id":385,"href":"https:\/\/viradasustentavel.org.br\/cuiaba\/wp-json\/wp\/v2\/tribe_events\/349\/revisions\/385"}],"wp:featuredmedia":[{"embeddable":true,"href":"https:\/\/viradasustentavel.org.br\/cuiaba\/wp-json\/wp\/v2\/media\/384"}],"wp:attachment":[{"href":"https:\/\/viradasustentavel.org.br\/cuiaba\/wp-json\/wp\/v2\/media?parent=349"}],"wp:term":[{"taxonomy":"post_tag","embeddable":true,"href":"https:\/\/viradasustentavel.org.br\/cuiaba\/wp-json\/wp\/v2\/tags?post=349"},{"taxonomy":"tribe_events_cat","embeddable":true,"href":"https:\/\/viradasustentavel.org.br\/cuiaba\/wp-json\/wp\/v2\/tribe_events_cat?post=349"}],"curies":[{"name":"wp","href":"https:\/\/api.w.org\/{rel}","templated":true}]}}

Caminhada Afro – Rota da Mãe Bonifácia

<p>A Bemtivi Academia de Arte, produtora responsável pela ação, reúne diversos representantes artísticos, sociais e educacionais nesta potente iniciativa já conhecida no Centro Histórico de Cuiabá: a Rota da Ancestralidade, que nesta edição será intitulada Rota da Mãe Bonifácia. O projeto, que envolve caminhadas afros, rodas de conversa, eventos e outras vivências, apresenta em 2025 uma proposta inédita dentro da Virada Sustentável MT, feita especialmente para este momento. Com um roteiro inédito, a atividade será composta por cinco paradas, onde o público poderá vivenciar não apenas falas e reflexões, mas também intervenções artísticas e performances exclusivas em homenagem à memória negra e à personagem histórica central do evento: Mãe Bonifácia. Entrelaçando temas como referências afro-ambientais, letramento racial e protagonismo negro, a ação transforma um ambiente de lazer e saúde pública em um espaço educativo, de escuta, reflexão e combate ao racismo, promovendo o diálogo com a história e a consciência ambiental do nosso bioma: o Cerrado. Mais do que uma caminhada, esta edição da Rota representa também uma grande oportunidade de fortalecimento das redes de projetos e coletivos negros, de valorização de nossos artistas, agentes culturais e das colaborações históricas que compõem a diversidade viva de Mato Grosso.</p>

<p>A Bemtivi Academia de Arte, produtora responsável pela ação, reúne diversos representantes artísticos, sociais e educacionais nesta potente iniciativa já conhecida no Centro Histórico de Cuiabá: a Rota da Ancestralidade, [&hellip;]</p>
