{"id":352,"date":"2025-05-24T17:43:30","date_gmt":"2025-05-24T20:43:30","guid":{"rendered":"https:\/\/viradasustentavel.org.br\/cuiaba\/eventos\/conversas-de-botas-e-batidas\/"},"modified":"2025-05-27T18:15:06","modified_gmt":"2025-05-27T21:15:06","slug":"conversas-de-botas-e-batidas","status":"publish","type":"tribe_events","link":"https:\/\/viradasustentavel.org.br\/cuiaba\/eventos\/conversas-de-botas-e-batidas\/","title":{"rendered":"Conversas de Botas e Batidas"},"content":{"rendered":"<p>Conversa de Botas e Batidas \u00e9 um espet\u00e1culo po\u00e9tico-musical que celebra e preserva a mem\u00f3ria viva dos manifestos culturais de Mato Grosso e do Brasil. Com liberdade criativa, a montagem transita entre ritmos, dan\u00e7as, cantos e saberes populares \u2014 do siriri \u00e0 capoeira, do cururu \u00e0 dan\u00e7a do coco, das emboladas rimadas \u00e0s entoadas tradicionais, do Boi \u00e0 Serra ao Boi Luzeiro. Inspirado por mestres como Seu Caetano e Mestre Salustiano, o espet\u00e1culo costura refer\u00eancias do Centro-Oeste ao Nordeste brasileiro, promovendo um vibrante encontro entre o ator-contador e a plateia. Atrav\u00e9s do folclore, da religiosidade e das identidades culturais do povo brasileiro, &#8220;Conversa de Botas e Batidas&#8221; rende homenagem \u00e0 riqueza da cultura popular e \u00e0 sabedoria ancestral de seus mestres, transformando o palco em territ\u00f3rio de mem\u00f3ria, ritmo e resist\u00eancia.<\/p>\n","protected":false},"excerpt":{"rendered":"<p>Conversa de Botas e Batidas \u00e9 um espet\u00e1culo po\u00e9tico-musical que celebra e preserva a mem\u00f3ria viva dos manifestos culturais de Mato Grosso e do Brasil. Com liberdade criativa, a montagem [&hellip;]<\/p>\n","protected":false},"author":1,"featured_media":378,"template":"","meta":{"_acf_changed":false,"_tribe_events_status":"","_tribe_events_status_reason":"","footnotes":""},"tags":[19],"tribe_events_cat":[30],"class_list":["post-352","tribe_events","type-tribe_events","status-publish","has-post-thumbnail","hentry","tag-todas-as-idades","tribe_events_cat-teatro","cat_teatro"],"acf":[],"_links":{"self":[{"href":"https:\/\/viradasustentavel.org.br\/cuiaba\/wp-json\/wp\/v2\/tribe_events\/352","targetHints":{"allow":["GET"]}}],"collection":[{"href":"https:\/\/viradasustentavel.org.br\/cuiaba\/wp-json\/wp\/v2\/tribe_events"}],"about":[{"href":"https:\/\/viradasustentavel.org.br\/cuiaba\/wp-json\/wp\/v2\/types\/tribe_events"}],"author":[{"embeddable":true,"href":"https:\/\/viradasustentavel.org.br\/cuiaba\/wp-json\/wp\/v2\/users\/1"}],"version-history":[{"count":1,"href":"https:\/\/viradasustentavel.org.br\/cuiaba\/wp-json\/wp\/v2\/tribe_events\/352\/revisions"}],"predecessor-version":[{"id":379,"href":"https:\/\/viradasustentavel.org.br\/cuiaba\/wp-json\/wp\/v2\/tribe_events\/352\/revisions\/379"}],"wp:featuredmedia":[{"embeddable":true,"href":"https:\/\/viradasustentavel.org.br\/cuiaba\/wp-json\/wp\/v2\/media\/378"}],"wp:attachment":[{"href":"https:\/\/viradasustentavel.org.br\/cuiaba\/wp-json\/wp\/v2\/media?parent=352"}],"wp:term":[{"taxonomy":"post_tag","embeddable":true,"href":"https:\/\/viradasustentavel.org.br\/cuiaba\/wp-json\/wp\/v2\/tags?post=352"},{"taxonomy":"tribe_events_cat","embeddable":true,"href":"https:\/\/viradasustentavel.org.br\/cuiaba\/wp-json\/wp\/v2\/tribe_events_cat?post=352"}],"curies":[{"name":"wp","href":"https:\/\/api.w.org\/{rel}","templated":true}]}}

<p>Conversa de Botas e Batidas é um espetáculo poético-musical que celebra e preserva a memória viva dos manifestos culturais de Mato Grosso e do Brasil. Com liberdade criativa, a montagem transita entre ritmos, danças, cantos e saberes populares — do siriri à capoeira, do cururu à dança do coco, das emboladas rimadas às entoadas tradicionais, do Boi à Serra ao Boi Luzeiro. Inspirado por mestres como Seu Caetano e Mestre Salustiano, o espetáculo costura referências do Centro-Oeste ao Nordeste brasileiro, promovendo um vibrante encontro entre o ator-contador e a plateia. Através do folclore, da religiosidade e das identidades culturais do povo brasileiro, &#8220;Conversa de Botas e Batidas&#8221; rende homenagem à riqueza da cultura popular e à sabedoria ancestral de seus mestres, transformando o palco em território de memória, ritmo e resistência.</p>

<p>Conversa de Botas e Batidas é um espetáculo poético-musical que celebra e preserva a memória viva dos manifestos culturais de Mato Grosso e do Brasil. Com liberdade criativa, a montagem [&hellip;]</p>
