{"id":353,"date":"2025-05-24T17:43:30","date_gmt":"2025-05-24T20:43:30","guid":{"rendered":"https:\/\/viradasustentavel.org.br\/cuiaba\/eventos\/concerto-popular-com-o-nucleo-de-cordas-da-orquestra-sinfonica-da-ufmt\/"},"modified":"2025-05-27T18:15:06","modified_gmt":"2025-05-27T21:15:06","slug":"concerto-popular-com-o-nucleo-de-cordas-da-orquestra-sinfonica-da-ufmt","status":"publish","type":"tribe_events","link":"https:\/\/viradasustentavel.org.br\/cuiaba\/eventos\/concerto-popular-com-o-nucleo-de-cordas-da-orquestra-sinfonica-da-ufmt\/","title":{"rendered":"Concerto Popular com o n\u00facleo de Cordas da Orquestra Sinf\u00f4nica da UFMT"},"content":{"rendered":"<p>A Orquestra Sinf\u00f4nica da UFMT realizar\u00e1 uma apresenta\u00e7\u00e3o emocionante na concha ac\u00fastica do Parque M\u00e3e Bonif\u00e1cia, em um fim de tarde especial durante a programa\u00e7\u00e3o da Virada Sustent\u00e1vel. O concerto ser\u00e1 popular, com um repert\u00f3rio que transita entre o universo cl\u00e1ssico e o popular. A proposta \u00e9 apresentar um apanhado de melodias conhecidas, que costumam surgir vez ou outra em diversos meios de comunica\u00e7\u00e3o, composi\u00e7\u00f5es que fazem parte do imagin\u00e1rio coletivo. Trata-se do &#8220;popular dos cl\u00e1ssicos&#8221;: m\u00fasicas eruditas que se tornaram familiares ao grande p\u00fablico, proporcionando uma experi\u00eancia acess\u00edvel, envolvente e cheia de emo\u00e7\u00e3o para todas as idades.<\/p>\n","protected":false},"excerpt":{"rendered":"<p>A Orquestra Sinf\u00f4nica da UFMT realizar\u00e1 uma apresenta\u00e7\u00e3o emocionante na concha ac\u00fastica do Parque M\u00e3e Bonif\u00e1cia, em um fim de tarde especial durante a programa\u00e7\u00e3o da Virada Sustent\u00e1vel. O concerto [&hellip;]<\/p>\n","protected":false},"author":1,"featured_media":376,"template":"","meta":{"_acf_changed":false,"_tribe_events_status":"","_tribe_events_status_reason":"","footnotes":""},"tags":[19],"tribe_events_cat":[33],"class_list":["post-353","tribe_events","type-tribe_events","status-publish","has-post-thumbnail","hentry","tag-todas-as-idades","tribe_events_cat-musica","cat_musica"],"acf":[],"_links":{"self":[{"href":"https:\/\/viradasustentavel.org.br\/cuiaba\/wp-json\/wp\/v2\/tribe_events\/353","targetHints":{"allow":["GET"]}}],"collection":[{"href":"https:\/\/viradasustentavel.org.br\/cuiaba\/wp-json\/wp\/v2\/tribe_events"}],"about":[{"href":"https:\/\/viradasustentavel.org.br\/cuiaba\/wp-json\/wp\/v2\/types\/tribe_events"}],"author":[{"embeddable":true,"href":"https:\/\/viradasustentavel.org.br\/cuiaba\/wp-json\/wp\/v2\/users\/1"}],"version-history":[{"count":1,"href":"https:\/\/viradasustentavel.org.br\/cuiaba\/wp-json\/wp\/v2\/tribe_events\/353\/revisions"}],"predecessor-version":[{"id":377,"href":"https:\/\/viradasustentavel.org.br\/cuiaba\/wp-json\/wp\/v2\/tribe_events\/353\/revisions\/377"}],"wp:featuredmedia":[{"embeddable":true,"href":"https:\/\/viradasustentavel.org.br\/cuiaba\/wp-json\/wp\/v2\/media\/376"}],"wp:attachment":[{"href":"https:\/\/viradasustentavel.org.br\/cuiaba\/wp-json\/wp\/v2\/media?parent=353"}],"wp:term":[{"taxonomy":"post_tag","embeddable":true,"href":"https:\/\/viradasustentavel.org.br\/cuiaba\/wp-json\/wp\/v2\/tags?post=353"},{"taxonomy":"tribe_events_cat","embeddable":true,"href":"https:\/\/viradasustentavel.org.br\/cuiaba\/wp-json\/wp\/v2\/tribe_events_cat?post=353"}],"curies":[{"name":"wp","href":"https:\/\/api.w.org\/{rel}","templated":true}]}}

Concerto Popular com o núcleo de Cordas da Orquestra Sinfônica da UFMT

<p>A Orquestra Sinfônica da UFMT realizará uma apresentação emocionante na concha acústica do Parque Mãe Bonifácia, em um fim de tarde especial durante a programação da Virada Sustentável. O concerto será popular, com um repertório que transita entre o universo clássico e o popular. A proposta é apresentar um apanhado de melodias conhecidas, que costumam surgir vez ou outra em diversos meios de comunicação, composições que fazem parte do imaginário coletivo. Trata-se do &#8220;popular dos clássicos&#8221;: músicas eruditas que se tornaram familiares ao grande público, proporcionando uma experiência acessível, envolvente e cheia de emoção para todas as idades.</p>

<p>A Orquestra Sinfônica da UFMT realizará uma apresentação emocionante na concha acústica do Parque Mãe Bonifácia, em um fim de tarde especial durante a programação da Virada Sustentável. O concerto [&hellip;]</p>
