{"id":354,"date":"2025-05-24T17:43:30","date_gmt":"2025-05-24T20:43:30","guid":{"rendered":"https:\/\/viradasustentavel.org.br\/cuiaba\/eventos\/cantando-nossa-terra\/"},"modified":"2025-05-27T18:15:07","modified_gmt":"2025-05-27T21:15:07","slug":"cantando-nossa-terra","status":"publish","type":"tribe_events","link":"https:\/\/viradasustentavel.org.br\/cuiaba\/eventos\/cantando-nossa-terra\/","title":{"rendered":"Cantando Nossa Terra"},"content":{"rendered":"<p>Vera Capil\u00e9 se apresenta com o Quarteto de Cordas da UFMT no encerramento da Virada Sustent\u00e1vel Mato Grosso 2025, no dia 8 de junho. O espet\u00e1culo &#8220;Canta da Nossa Terra&#8221; contar\u00e1 tamb\u00e9m com duas can\u00e7\u00f5es: S\u00e3o Benedito \u2013 Flor de Laranjeira (dom\u00ednio p\u00fablico) e Cidade Verde, de Maria L\u00edgia Borges Garcia.<\/p>\n","protected":false},"excerpt":{"rendered":"<p>Vera Capil\u00e9 se apresenta com o Quarteto de Cordas da UFMT no encerramento da Virada Sustent\u00e1vel Mato Grosso 2025, no dia 8 de junho. O espet\u00e1culo &#8220;Canta da Nossa Terra&#8221; [&hellip;]<\/p>\n","protected":false},"author":1,"featured_media":372,"template":"","meta":{"_acf_changed":false,"_tribe_events_status":"","_tribe_events_status_reason":"","footnotes":""},"tags":[19],"tribe_events_cat":[33],"class_list":["post-354","tribe_events","type-tribe_events","status-publish","has-post-thumbnail","hentry","tag-todas-as-idades","tribe_events_cat-musica","cat_musica"],"acf":[],"_links":{"self":[{"href":"https:\/\/viradasustentavel.org.br\/cuiaba\/wp-json\/wp\/v2\/tribe_events\/354","targetHints":{"allow":["GET"]}}],"collection":[{"href":"https:\/\/viradasustentavel.org.br\/cuiaba\/wp-json\/wp\/v2\/tribe_events"}],"about":[{"href":"https:\/\/viradasustentavel.org.br\/cuiaba\/wp-json\/wp\/v2\/types\/tribe_events"}],"author":[{"embeddable":true,"href":"https:\/\/viradasustentavel.org.br\/cuiaba\/wp-json\/wp\/v2\/users\/1"}],"version-history":[{"count":1,"href":"https:\/\/viradasustentavel.org.br\/cuiaba\/wp-json\/wp\/v2\/tribe_events\/354\/revisions"}],"predecessor-version":[{"id":373,"href":"https:\/\/viradasustentavel.org.br\/cuiaba\/wp-json\/wp\/v2\/tribe_events\/354\/revisions\/373"}],"wp:featuredmedia":[{"embeddable":true,"href":"https:\/\/viradasustentavel.org.br\/cuiaba\/wp-json\/wp\/v2\/media\/372"}],"wp:attachment":[{"href":"https:\/\/viradasustentavel.org.br\/cuiaba\/wp-json\/wp\/v2\/media?parent=354"}],"wp:term":[{"taxonomy":"post_tag","embeddable":true,"href":"https:\/\/viradasustentavel.org.br\/cuiaba\/wp-json\/wp\/v2\/tags?post=354"},{"taxonomy":"tribe_events_cat","embeddable":true,"href":"https:\/\/viradasustentavel.org.br\/cuiaba\/wp-json\/wp\/v2\/tribe_events_cat?post=354"}],"curies":[{"name":"wp","href":"https:\/\/api.w.org\/{rel}","templated":true}]}}

<p>Vera Capilé se apresenta com o Quarteto de Cordas da UFMT no encerramento da Virada Sustentável Mato Grosso 2025, no dia 8 de junho. O espetáculo &#8220;Canta da Nossa Terra&#8221; contará também com duas canções: São Benedito – Flor de Laranjeira (domínio público) e Cidade Verde, de Maria Lígia Borges Garcia.</p>

<p>Vera Capilé se apresenta com o Quarteto de Cordas da UFMT no encerramento da Virada Sustentável Mato Grosso 2025, no dia 8 de junho. O espetáculo &#8220;Canta da Nossa Terra&#8221; [&hellip;]</p>
