{"id":355,"date":"2025-05-24T17:43:31","date_gmt":"2025-05-24T20:43:31","guid":{"rendered":"https:\/\/viradasustentavel.org.br\/cuiaba\/eventos\/rasqueado-cuiabano\/"},"modified":"2025-05-27T18:15:07","modified_gmt":"2025-05-27T21:15:07","slug":"rasqueado-cuiabano","status":"publish","type":"tribe_events","link":"https:\/\/viradasustentavel.org.br\/cuiaba\/eventos\/rasqueado-cuiabano\/","title":{"rendered":"Rasqueado Cuiabano"},"content":{"rendered":"<p>Roberto Lucialdo, reconhecido como o Rei do Rasqueado, apresenta um show in\u00e9dito e memor\u00e1vel ao lado da Orquestra Sinf\u00f4nica da UFMT. O espet\u00e1culo promete emocionar o p\u00fablico com releituras sofisticadas e apaixonadas de grandes cl\u00e1ssicos do rasqueado que marcaram a hist\u00f3ria cultural de Cuiab\u00e1. Com mais de 40 anos dedicados \u00e0 m\u00fasica, Roberto Lucialdo traz ao palco can\u00e7\u00f5es que fazem parte da identidade cuiabana, como \u201cCuiab\u00e1 Cuiab\u00e1\u201d, \u201cCaximboc\u00f3\u201d, &#8220;Hei Mato Grosso&#8221;. Acompanhado pela excel\u00eancia da orquestra universit\u00e1ria, o artista revisita suas composi\u00e7\u00f5es com novos arranjos, unindo a for\u00e7a da tradi\u00e7\u00e3o popular \u00e0 sonoridade erudita das cordas. O evento celebra a riqueza do rasqueado como express\u00e3o aut\u00eantica da alma cuiabana e homenageia os grandes nomes e movimentos culturais que ajudaram a consolidar esse g\u00eanero como patrim\u00f4nio da m\u00fasica mato-grossense. Ser\u00e1 uma noite \u00fanica, onde a emo\u00e7\u00e3o, a mem\u00f3ria e a musicalidade se encontram para exaltar o orgulho da cultura local em um cen\u00e1rio de pura arte.<\/p>\n","protected":false},"excerpt":{"rendered":"<p>Roberto Lucialdo, reconhecido como o Rei do Rasqueado, apresenta um show in\u00e9dito e memor\u00e1vel ao lado da Orquestra Sinf\u00f4nica da UFMT. O espet\u00e1culo promete emocionar o p\u00fablico com releituras sofisticadas [&hellip;]<\/p>\n","protected":false},"author":1,"featured_media":356,"template":"","meta":{"_acf_changed":false,"_tribe_events_status":"","_tribe_events_status_reason":"","footnotes":""},"tags":[19],"tribe_events_cat":[33],"class_list":["post-355","tribe_events","type-tribe_events","status-publish","has-post-thumbnail","hentry","tag-todas-as-idades","tribe_events_cat-musica","cat_musica"],"acf":[],"_links":{"self":[{"href":"https:\/\/viradasustentavel.org.br\/cuiaba\/wp-json\/wp\/v2\/tribe_events\/355","targetHints":{"allow":["GET"]}}],"collection":[{"href":"https:\/\/viradasustentavel.org.br\/cuiaba\/wp-json\/wp\/v2\/tribe_events"}],"about":[{"href":"https:\/\/viradasustentavel.org.br\/cuiaba\/wp-json\/wp\/v2\/types\/tribe_events"}],"author":[{"embeddable":true,"href":"https:\/\/viradasustentavel.org.br\/cuiaba\/wp-json\/wp\/v2\/users\/1"}],"version-history":[{"count":1,"href":"https:\/\/viradasustentavel.org.br\/cuiaba\/wp-json\/wp\/v2\/tribe_events\/355\/revisions"}],"predecessor-version":[{"id":357,"href":"https:\/\/viradasustentavel.org.br\/cuiaba\/wp-json\/wp\/v2\/tribe_events\/355\/revisions\/357"}],"wp:featuredmedia":[{"embeddable":true,"href":"https:\/\/viradasustentavel.org.br\/cuiaba\/wp-json\/wp\/v2\/media\/356"}],"wp:attachment":[{"href":"https:\/\/viradasustentavel.org.br\/cuiaba\/wp-json\/wp\/v2\/media?parent=355"}],"wp:term":[{"taxonomy":"post_tag","embeddable":true,"href":"https:\/\/viradasustentavel.org.br\/cuiaba\/wp-json\/wp\/v2\/tags?post=355"},{"taxonomy":"tribe_events_cat","embeddable":true,"href":"https:\/\/viradasustentavel.org.br\/cuiaba\/wp-json\/wp\/v2\/tribe_events_cat?post=355"}],"curies":[{"name":"wp","href":"https:\/\/api.w.org\/{rel}","templated":true}]}}

<p>Roberto Lucialdo, reconhecido como o Rei do Rasqueado, apresenta um show inédito e memorável ao lado da Orquestra Sinfônica da UFMT. O espetáculo promete emocionar o público com releituras sofisticadas e apaixonadas de grandes clássicos do rasqueado que marcaram a história cultural de Cuiabá. Com mais de 40 anos dedicados à música, Roberto Lucialdo traz ao palco canções que fazem parte da identidade cuiabana, como “Cuiabá Cuiabá”, “Caximbocó”, &#8220;Hei Mato Grosso&#8221;. Acompanhado pela excelência da orquestra universitária, o artista revisita suas composições com novos arranjos, unindo a força da tradição popular à sonoridade erudita das cordas. O evento celebra a riqueza do rasqueado como expressão autêntica da alma cuiabana e homenageia os grandes nomes e movimentos culturais que ajudaram a consolidar esse gênero como patrimônio da música mato-grossense. Será uma noite única, onde a emoção, a memória e a musicalidade se encontram para exaltar o orgulho da cultura local em um cenário de pura arte.</p>

<p>Roberto Lucialdo, reconhecido como o Rei do Rasqueado, apresenta um show inédito e memorável ao lado da Orquestra Sinfônica da UFMT. O espetáculo promete emocionar o público com releituras sofisticadas [&hellip;]</p>
