{"id":554,"date":"2025-05-27T18:13:52","date_gmt":"2025-05-27T21:13:52","guid":{"rendered":"https:\/\/viradasustentavel.org.br\/cuiaba\/eventos\/oficina-fazer-da-viola-de-cocho-e-show-danca-do-boi-a-serra-2\/"},"modified":"2025-06-03T16:21:03","modified_gmt":"2025-06-03T19:21:03","slug":"oficina-fazer-da-viola-de-cocho-e-show-danca-do-boi-a-serra-2","status":"publish","type":"tribe_events","link":"https:\/\/viradasustentavel.org.br\/cuiaba\/eventos\/oficina-fazer-da-viola-de-cocho-e-show-danca-do-boi-a-serra-2\/","title":{"rendered":"Oficina \u2013 Fazer da Viola de Cocho e Show Dan\u00e7a do Boi a Serra"},"content":{"rendered":"<p>Uma imers\u00e3o na cultura mato-grossense! O mestre artes\u00e3o Alcides Ribeiro mostra ao vivo as 10 etapas de cria\u00e7\u00e3o da Viola de Cocho, instrumento patrim\u00f4nio cultural brasileiro. Em seguida, jovens artistas apresentam a vibrante Dan\u00e7a do Boi a Serra ao som de instrumentos tradicionais: a viola, o mocho e o ganz\u00e1. Uma celebra\u00e7\u00e3o da cultura popular que une gera\u00e7\u00f5es e mostra a riqueza dos saberes tradicionais em di\u00e1logo com a sustentabilidade cultural.<\/p>\n","protected":false},"excerpt":{"rendered":"<p>Uma imers\u00e3o na cultura mato-grossense! O mestre artes\u00e3o Alcides Ribeiro mostra ao vivo as 10 etapas de cria\u00e7\u00e3o da Viola de Cocho, instrumento patrim\u00f4nio cultural brasileiro. Em seguida, jovens artistas [&hellip;]<\/p>\n","protected":false},"author":1,"featured_media":360,"template":"","meta":{"_acf_changed":false,"_tribe_events_status":"","_tribe_events_status_reason":"","footnotes":""},"tags":[19],"tribe_events_cat":[33],"class_list":["post-554","tribe_events","type-tribe_events","status-publish","has-post-thumbnail","hentry","tag-todas-as-idades","tribe_events_cat-musica","cat_musica"],"acf":[],"_links":{"self":[{"href":"https:\/\/viradasustentavel.org.br\/cuiaba\/wp-json\/wp\/v2\/tribe_events\/554","targetHints":{"allow":["GET"]}}],"collection":[{"href":"https:\/\/viradasustentavel.org.br\/cuiaba\/wp-json\/wp\/v2\/tribe_events"}],"about":[{"href":"https:\/\/viradasustentavel.org.br\/cuiaba\/wp-json\/wp\/v2\/types\/tribe_events"}],"author":[{"embeddable":true,"href":"https:\/\/viradasustentavel.org.br\/cuiaba\/wp-json\/wp\/v2\/users\/1"}],"version-history":[{"count":1,"href":"https:\/\/viradasustentavel.org.br\/cuiaba\/wp-json\/wp\/v2\/tribe_events\/554\/revisions"}],"predecessor-version":[{"id":589,"href":"https:\/\/viradasustentavel.org.br\/cuiaba\/wp-json\/wp\/v2\/tribe_events\/554\/revisions\/589"}],"wp:featuredmedia":[{"embeddable":true,"href":"https:\/\/viradasustentavel.org.br\/cuiaba\/wp-json\/wp\/v2\/media\/360"}],"wp:attachment":[{"href":"https:\/\/viradasustentavel.org.br\/cuiaba\/wp-json\/wp\/v2\/media?parent=554"}],"wp:term":[{"taxonomy":"post_tag","embeddable":true,"href":"https:\/\/viradasustentavel.org.br\/cuiaba\/wp-json\/wp\/v2\/tags?post=554"},{"taxonomy":"tribe_events_cat","embeddable":true,"href":"https:\/\/viradasustentavel.org.br\/cuiaba\/wp-json\/wp\/v2\/tribe_events_cat?post=554"}],"curies":[{"name":"wp","href":"https:\/\/api.w.org\/{rel}","templated":true}]}}

Oficina – Fazer da Viola de Cocho e Show Dança do Boi a Serra

<p>Uma imersão na cultura mato-grossense! O mestre artesão Alcides Ribeiro mostra ao vivo as 10 etapas de criação da Viola de Cocho, instrumento patrimônio cultural brasileiro. Em seguida, jovens artistas apresentam a vibrante Dança do Boi a Serra ao som de instrumentos tradicionais: a viola, o mocho e o ganzá. Uma celebração da cultura popular que une gerações e mostra a riqueza dos saberes tradicionais em diálogo com a sustentabilidade cultural.</p>

<p>Uma imersão na cultura mato-grossense! O mestre artesão Alcides Ribeiro mostra ao vivo as 10 etapas de criação da Viola de Cocho, instrumento patrimônio cultural brasileiro. Em seguida, jovens artistas [&hellip;]</p>
