{"id":556,"date":"2025-05-27T18:14:06","date_gmt":"2025-05-27T21:14:06","guid":{"rendered":"https:\/\/viradasustentavel.org.br\/cuiaba\/eventos\/siriri-serra-abaixo\/"},"modified":"2025-06-03T16:20:32","modified_gmt":"2025-06-03T19:20:32","slug":"siriri-serra-abaixo","status":"publish","type":"tribe_events","link":"https:\/\/viradasustentavel.org.br\/cuiaba\/eventos\/siriri-serra-abaixo\/","title":{"rendered":"Siriri Serra Abaixo"},"content":{"rendered":"<p>O grupo Flor Serrana leva ao palco toda a for\u00e7a, alegria e tradi\u00e7\u00e3o do siriri raiz de Cuiab\u00e1, com uma apresenta\u00e7\u00e3o vibrante que celebra a cultura das comunidades rurais da Baixada Cuiabana. Com seus instrumentos t\u00edpicos, a viola de cocho, o ganz\u00e1 e o mocho e a presen\u00e7a simb\u00f3lica dos padroeiros Santo Ant\u00f4nio e Nossa Senhora Aparecida, o grupo transforma o palco em uma verdadeira festa, onde a tradi\u00e7\u00e3o ganha vida por meio dos cantos e dan\u00e7as que atravessam gera\u00e7\u00f5es. Ao som contagiante do siriri, oito casais de dan\u00e7arinos encantam o p\u00fablico com passos marcados, figurinos coloridos e muita anima\u00e7\u00e3o, num enredo que valoriza a identidade e os saberes do povo cuiabano. Flor Serrana \u00e9 mais do que uma apresenta\u00e7\u00e3o \u00e9 um mergulho nas ra\u00edzes da nossa cultura popular!<\/p>\n","protected":false},"excerpt":{"rendered":"<p>O grupo Flor Serrana leva ao palco toda a for\u00e7a, alegria e tradi\u00e7\u00e3o do siriri raiz de Cuiab\u00e1, com uma apresenta\u00e7\u00e3o vibrante que celebra a cultura das comunidades rurais da [&hellip;]<\/p>\n","protected":false},"author":1,"featured_media":360,"template":"","meta":{"_acf_changed":false,"_tribe_events_status":"","_tribe_events_status_reason":"","footnotes":""},"tags":[19],"tribe_events_cat":[34],"class_list":["post-556","tribe_events","type-tribe_events","status-publish","has-post-thumbnail","hentry","tag-todas-as-idades","tribe_events_cat-danca","cat_danca"],"acf":[],"_links":{"self":[{"href":"https:\/\/viradasustentavel.org.br\/cuiaba\/wp-json\/wp\/v2\/tribe_events\/556","targetHints":{"allow":["GET"]}}],"collection":[{"href":"https:\/\/viradasustentavel.org.br\/cuiaba\/wp-json\/wp\/v2\/tribe_events"}],"about":[{"href":"https:\/\/viradasustentavel.org.br\/cuiaba\/wp-json\/wp\/v2\/types\/tribe_events"}],"author":[{"embeddable":true,"href":"https:\/\/viradasustentavel.org.br\/cuiaba\/wp-json\/wp\/v2\/users\/1"}],"version-history":[{"count":1,"href":"https:\/\/viradasustentavel.org.br\/cuiaba\/wp-json\/wp\/v2\/tribe_events\/556\/revisions"}],"predecessor-version":[{"id":588,"href":"https:\/\/viradasustentavel.org.br\/cuiaba\/wp-json\/wp\/v2\/tribe_events\/556\/revisions\/588"}],"wp:featuredmedia":[{"embeddable":true,"href":"https:\/\/viradasustentavel.org.br\/cuiaba\/wp-json\/wp\/v2\/media\/360"}],"wp:attachment":[{"href":"https:\/\/viradasustentavel.org.br\/cuiaba\/wp-json\/wp\/v2\/media?parent=556"}],"wp:term":[{"taxonomy":"post_tag","embeddable":true,"href":"https:\/\/viradasustentavel.org.br\/cuiaba\/wp-json\/wp\/v2\/tags?post=556"},{"taxonomy":"tribe_events_cat","embeddable":true,"href":"https:\/\/viradasustentavel.org.br\/cuiaba\/wp-json\/wp\/v2\/tribe_events_cat?post=556"}],"curies":[{"name":"wp","href":"https:\/\/api.w.org\/{rel}","templated":true}]}}

<p>O grupo Flor Serrana leva ao palco toda a força, alegria e tradição do siriri raiz de Cuiabá, com uma apresentação vibrante que celebra a cultura das comunidades rurais da Baixada Cuiabana. Com seus instrumentos típicos, a viola de cocho, o ganzá e o mocho e a presença simbólica dos padroeiros Santo Antônio e Nossa Senhora Aparecida, o grupo transforma o palco em uma verdadeira festa, onde a tradição ganha vida por meio dos cantos e danças que atravessam gerações. Ao som contagiante do siriri, oito casais de dançarinos encantam o público com passos marcados, figurinos coloridos e muita animação, num enredo que valoriza a identidade e os saberes do povo cuiabano. Flor Serrana é mais do que uma apresentação é um mergulho nas raízes da nossa cultura popular!</p>

<p>O grupo Flor Serrana leva ao palco toda a força, alegria e tradição do siriri raiz de Cuiabá, com uma apresentação vibrante que celebra a cultura das comunidades rurais da [&hellip;]</p>
