{"id":178,"date":"2025-07-09T09:05:40","date_gmt":"2025-07-09T12:05:40","guid":{"rendered":"https:\/\/viradasustentavel.org.br\/manaus\/?post_type=tribe_events&#038;p=178"},"modified":"2025-07-09T11:05:47","modified_gmt":"2025-07-09T14:05:47","slug":"abertura-da-virada-sustentavel-manaus-com-amazonas-jazz-band","status":"publish","type":"tribe_events","link":"https:\/\/viradasustentavel.org.br\/manaus\/eventos\/abertura-da-virada-sustentavel-manaus-com-amazonas-jazz-band\/","title":{"rendered":"Abertura da Virada Sustent\u00e1vel Manaus com Amazonas Jazz Band"},"content":{"rendered":"<p>O espet\u00e1culo da Amazonas Jazz Band ser\u00e1 diversificado e abranger\u00e1 diferentes per\u00edodos e estilos do jazz, com pe\u00e7as conhecidas e outras menos conhecidas, mas igualmente relevantes para o g\u00eanero. A banda \u00e9 conhecida por suas apresenta\u00e7\u00f5es no Teatro Amazonas e por convidar artistas locais e internacionais para participa\u00e7\u00f5es especiais.<\/p>\n<p>O grupo era constitu\u00eddo por cinco saxofones, cinco trompetes, quatro trombones, guitarra, piano, baixo, bateria e percuss\u00e3o, al\u00e9m de flauta e uma se\u00e7\u00e3o de cordas com oito instrumentistas. Essa forma\u00e7\u00e3o orquestral manteve-se, sob reg\u00eancia do maestro Sandino Hohagen, at\u00e9 a chegada do maestro Rui Carvalho, em junho de 2001, quando o grupo foi reformulado. A partir de ent\u00e3o, a orquestra tornou-se, efetivamente, uma big band.<\/p>\n<p>Artista\/Grupo: Amazonas Jazz Band<\/p>\n","protected":false},"excerpt":{"rendered":"<p>O espet\u00e1culo da Amazonas Jazz Band ser\u00e1 diversificado e abranger\u00e1 diferentes per\u00edodos e estilos do jazz, com pe\u00e7as conhecidas e outras menos conhecidas, mas igualmente relevantes para o g\u00eanero. A [&hellip;]<\/p>\n","protected":false},"author":1,"featured_media":184,"template":"","meta":{"_acf_changed":false,"_tribe_events_status":"","_tribe_events_status_reason":"","footnotes":""},"tags":[],"tribe_events_cat":[20],"class_list":["post-178","tribe_events","type-tribe_events","status-publish","has-post-thumbnail","hentry","tribe_events_cat-musica","cat_musica"],"acf":[],"_links":{"self":[{"href":"https:\/\/viradasustentavel.org.br\/manaus\/wp-json\/wp\/v2\/tribe_events\/178","targetHints":{"allow":["GET"]}}],"collection":[{"href":"https:\/\/viradasustentavel.org.br\/manaus\/wp-json\/wp\/v2\/tribe_events"}],"about":[{"href":"https:\/\/viradasustentavel.org.br\/manaus\/wp-json\/wp\/v2\/types\/tribe_events"}],"author":[{"embeddable":true,"href":"https:\/\/viradasustentavel.org.br\/manaus\/wp-json\/wp\/v2\/users\/1"}],"version-history":[{"count":1,"href":"https:\/\/viradasustentavel.org.br\/manaus\/wp-json\/wp\/v2\/tribe_events\/178\/revisions"}],"predecessor-version":[{"id":180,"href":"https:\/\/viradasustentavel.org.br\/manaus\/wp-json\/wp\/v2\/tribe_events\/178\/revisions\/180"}],"wp:featuredmedia":[{"embeddable":true,"href":"https:\/\/viradasustentavel.org.br\/manaus\/wp-json\/wp\/v2\/media\/184"}],"wp:attachment":[{"href":"https:\/\/viradasustentavel.org.br\/manaus\/wp-json\/wp\/v2\/media?parent=178"}],"wp:term":[{"taxonomy":"post_tag","embeddable":true,"href":"https:\/\/viradasustentavel.org.br\/manaus\/wp-json\/wp\/v2\/tags?post=178"},{"taxonomy":"tribe_events_cat","embeddable":true,"href":"https:\/\/viradasustentavel.org.br\/manaus\/wp-json\/wp\/v2\/tribe_events_cat?post=178"}],"curies":[{"name":"wp","href":"https:\/\/api.w.org\/{rel}","templated":true}]}}

Abertura da Virada Sustentável Manaus com Amazonas Jazz Band

<p>O espetáculo da Amazonas Jazz Band será diversificado e abrangerá diferentes períodos e estilos do jazz, com peças conhecidas e outras menos conhecidas, mas igualmente relevantes para o gênero. A banda é conhecida por suas apresentações no Teatro Amazonas e por convidar artistas locais e internacionais para participações especiais.</p>
<p>O grupo era constituído por cinco saxofones, cinco trompetes, quatro trombones, guitarra, piano, baixo, bateria e percussão, além de flauta e uma seção de cordas com oito instrumentistas. Essa formação orquestral manteve-se, sob regência do maestro Sandino Hohagen, até a chegada do maestro Rui Carvalho, em junho de 2001, quando o grupo foi reformulado. A partir de então, a orquestra tornou-se, efetivamente, uma big band.</p>
<p>Artista/Grupo: Amazonas Jazz Band</p>

<p>O espetáculo da Amazonas Jazz Band será diversificado e abrangerá diferentes períodos e estilos do jazz, com peças conhecidas e outras menos conhecidas, mas igualmente relevantes para o gênero. A [&hellip;]</p>
