{"id":183,"date":"2025-07-09T11:07:40","date_gmt":"2025-07-09T14:07:40","guid":{"rendered":"https:\/\/viradasustentavel.org.br\/manaus\/?post_type=tribe_events&#038;p=183"},"modified":"2025-07-09T11:08:18","modified_gmt":"2025-07-09T14:08:18","slug":"forum-virada-sustentavel","status":"publish","type":"tribe_events","link":"https:\/\/viradasustentavel.org.br\/manaus\/eventos\/forum-virada-sustentavel\/","title":{"rendered":"F\u00f3rum Virada Sustent\u00e1vel"},"content":{"rendered":"<p>O f\u00f3rum ser\u00e1 no formato de um encontro aberto, vamos construir juntos um texto coletivo para compor uma carta da Manaus dos nossos sonhos para a COP-30.<\/p>\n<p>O conselho \u00e9 formado por pessoas e institui\u00e7\u00f5es que ajudam a construir o Festival.<\/p>\n<p>Artista\/Grupo: Conselho Criativo da Virada<\/p>\n","protected":false},"excerpt":{"rendered":"<p>O f\u00f3rum ser\u00e1 no formato de um encontro aberto, vamos construir juntos um texto coletivo para compor uma carta da Manaus dos nossos sonhos para a COP-30. O conselho \u00e9 [&hellip;]<\/p>\n","protected":false},"author":1,"featured_media":187,"template":"","meta":{"_acf_changed":false,"_tribe_events_status":"","_tribe_events_status_reason":"","footnotes":""},"tags":[],"tribe_events_cat":[21],"class_list":["post-183","tribe_events","type-tribe_events","status-publish","has-post-thumbnail","hentry","tribe_events_cat-talks","cat_talks"],"acf":[],"_links":{"self":[{"href":"https:\/\/viradasustentavel.org.br\/manaus\/wp-json\/wp\/v2\/tribe_events\/183","targetHints":{"allow":["GET"]}}],"collection":[{"href":"https:\/\/viradasustentavel.org.br\/manaus\/wp-json\/wp\/v2\/tribe_events"}],"about":[{"href":"https:\/\/viradasustentavel.org.br\/manaus\/wp-json\/wp\/v2\/types\/tribe_events"}],"author":[{"embeddable":true,"href":"https:\/\/viradasustentavel.org.br\/manaus\/wp-json\/wp\/v2\/users\/1"}],"version-history":[{"count":1,"href":"https:\/\/viradasustentavel.org.br\/manaus\/wp-json\/wp\/v2\/tribe_events\/183\/revisions"}],"predecessor-version":[{"id":188,"href":"https:\/\/viradasustentavel.org.br\/manaus\/wp-json\/wp\/v2\/tribe_events\/183\/revisions\/188"}],"wp:featuredmedia":[{"embeddable":true,"href":"https:\/\/viradasustentavel.org.br\/manaus\/wp-json\/wp\/v2\/media\/187"}],"wp:attachment":[{"href":"https:\/\/viradasustentavel.org.br\/manaus\/wp-json\/wp\/v2\/media?parent=183"}],"wp:term":[{"taxonomy":"post_tag","embeddable":true,"href":"https:\/\/viradasustentavel.org.br\/manaus\/wp-json\/wp\/v2\/tags?post=183"},{"taxonomy":"tribe_events_cat","embeddable":true,"href":"https:\/\/viradasustentavel.org.br\/manaus\/wp-json\/wp\/v2\/tribe_events_cat?post=183"}],"curies":[{"name":"wp","href":"https:\/\/api.w.org\/{rel}","templated":true}]}}

Fórum Virada Sustentável

<p>O fórum será no formato de um encontro aberto, vamos construir juntos um texto coletivo para compor uma carta da Manaus dos nossos sonhos para a COP-30.</p>
<p>O conselho é formado por pessoas e instituições que ajudam a construir o Festival.</p>
<p>Artista/Grupo: Conselho Criativo da Virada</p>

<p>O fórum será no formato de um encontro aberto, vamos construir juntos um texto coletivo para compor uma carta da Manaus dos nossos sonhos para a COP-30. O conselho é [&hellip;]</p>
