{"id":191,"date":"2025-07-09T11:11:49","date_gmt":"2025-07-09T14:11:49","guid":{"rendered":"https:\/\/viradasustentavel.org.br\/manaus\/?post_type=tribe_events&#038;p=191"},"modified":"2025-07-09T11:11:49","modified_gmt":"2025-07-09T14:11:49","slug":"aulao-de-zumba","status":"publish","type":"tribe_events","link":"https:\/\/viradasustentavel.org.br\/manaus\/eventos\/aulao-de-zumba\/","title":{"rendered":"Aul\u00e3o de zumba"},"content":{"rendered":"<p>Uma turma que pratica a dan\u00e7a-fitness inspirada em ritmos latinos, como salsa, merengue e cumbia, combinada com movimentos aer\u00f3bicos. \u00c9 uma atividade f\u00edsica divertida e acess\u00edvel a pessoas de todas as idades e n\u00edveis de condicionamento, promovendo o bem-estar f\u00edsico e mental.<\/p>\n<p>Grupo formado por mulheres e amigas que se reuniram para realizar uma atividade f\u00edsica alegre e saud\u00e1vel.<\/p>\n<p>Artista\/Grupo: Zumba do Monte<\/p>\n","protected":false},"excerpt":{"rendered":"<p>Uma turma que pratica a dan\u00e7a-fitness inspirada em ritmos latinos, como salsa, merengue e cumbia, combinada com movimentos aer\u00f3bicos. \u00c9 uma atividade f\u00edsica divertida e acess\u00edvel a pessoas de todas [&hellip;]<\/p>\n","protected":false},"author":1,"featured_media":192,"template":"","meta":{"_acf_changed":false,"_tribe_events_status":"","_tribe_events_status_reason":"","footnotes":""},"tags":[],"tribe_events_cat":[22],"class_list":["post-191","tribe_events","type-tribe_events","status-publish","has-post-thumbnail","hentry","tribe_events_cat-danca","cat_danca"],"acf":[],"_links":{"self":[{"href":"https:\/\/viradasustentavel.org.br\/manaus\/wp-json\/wp\/v2\/tribe_events\/191","targetHints":{"allow":["GET"]}}],"collection":[{"href":"https:\/\/viradasustentavel.org.br\/manaus\/wp-json\/wp\/v2\/tribe_events"}],"about":[{"href":"https:\/\/viradasustentavel.org.br\/manaus\/wp-json\/wp\/v2\/types\/tribe_events"}],"author":[{"embeddable":true,"href":"https:\/\/viradasustentavel.org.br\/manaus\/wp-json\/wp\/v2\/users\/1"}],"version-history":[{"count":1,"href":"https:\/\/viradasustentavel.org.br\/manaus\/wp-json\/wp\/v2\/tribe_events\/191\/revisions"}],"predecessor-version":[{"id":194,"href":"https:\/\/viradasustentavel.org.br\/manaus\/wp-json\/wp\/v2\/tribe_events\/191\/revisions\/194"}],"wp:featuredmedia":[{"embeddable":true,"href":"https:\/\/viradasustentavel.org.br\/manaus\/wp-json\/wp\/v2\/media\/192"}],"wp:attachment":[{"href":"https:\/\/viradasustentavel.org.br\/manaus\/wp-json\/wp\/v2\/media?parent=191"}],"wp:term":[{"taxonomy":"post_tag","embeddable":true,"href":"https:\/\/viradasustentavel.org.br\/manaus\/wp-json\/wp\/v2\/tags?post=191"},{"taxonomy":"tribe_events_cat","embeddable":true,"href":"https:\/\/viradasustentavel.org.br\/manaus\/wp-json\/wp\/v2\/tribe_events_cat?post=191"}],"curies":[{"name":"wp","href":"https:\/\/api.w.org\/{rel}","templated":true}]}}

Aulão de zumba

<p>Uma turma que pratica a dança-fitness inspirada em ritmos latinos, como salsa, merengue e cumbia, combinada com movimentos aeróbicos. É uma atividade física divertida e acessível a pessoas de todas as idades e níveis de condicionamento, promovendo o bem-estar físico e mental.</p>
<p>Grupo formado por mulheres e amigas que se reuniram para realizar uma atividade física alegre e saudável.</p>
<p>Artista/Grupo: Zumba do Monte</p>

<p>Uma turma que pratica a dança-fitness inspirada em ritmos latinos, como salsa, merengue e cumbia, combinada com movimentos aeróbicos. É uma atividade física divertida e acessível a pessoas de todas [&hellip;]</p>
