{"id":195,"date":"2025-07-09T11:14:09","date_gmt":"2025-07-09T14:14:09","guid":{"rendered":"https:\/\/viradasustentavel.org.br\/manaus\/?post_type=tribe_events&#038;p=195"},"modified":"2025-07-09T11:14:09","modified_gmt":"2025-07-09T14:14:09","slug":"roda-de-capoeira","status":"publish","type":"tribe_events","link":"https:\/\/viradasustentavel.org.br\/manaus\/eventos\/roda-de-capoeira\/","title":{"rendered":"Roda de capoeira"},"content":{"rendered":"<p>A atra\u00e7\u00e3o prop\u00f5e trazer a hist\u00f3ria da capoeira, valorizar iniciativas de inclus\u00e3o, dando visibilidade a a\u00e7\u00f5es positivas j\u00e1 promovidas pela sociedade, contribuir para a cria\u00e7\u00e3o de uma cultura de valoriza\u00e7\u00e3o da cultura afro, oferecendo espa\u00e7o de socializa\u00e7\u00e3o para as crian\u00e7as e jovens.<\/p>\n<p>Grupo com o objetivo de oferecer uma op\u00e7\u00e3o de entretenimento e esporte para jovens e crian\u00e7as em situa\u00e7\u00e3o de vulnerabilidade social.<\/p>\n<p>Artista\/Grupo: Soul Capoeira<\/p>\n","protected":false},"excerpt":{"rendered":"<p>A atra\u00e7\u00e3o prop\u00f5e trazer a hist\u00f3ria da capoeira, valorizar iniciativas de inclus\u00e3o, dando visibilidade a a\u00e7\u00f5es positivas j\u00e1 promovidas pela sociedade, contribuir para a cria\u00e7\u00e3o de uma cultura de valoriza\u00e7\u00e3o [&hellip;]<\/p>\n","protected":false},"author":1,"featured_media":196,"template":"","meta":{"_acf_changed":false,"_tribe_events_status":"","_tribe_events_status_reason":"","footnotes":""},"tags":[],"tribe_events_cat":[23],"class_list":["post-195","tribe_events","type-tribe_events","status-publish","has-post-thumbnail","hentry","tribe_events_cat-performance","cat_performance"],"acf":[],"_links":{"self":[{"href":"https:\/\/viradasustentavel.org.br\/manaus\/wp-json\/wp\/v2\/tribe_events\/195","targetHints":{"allow":["GET"]}}],"collection":[{"href":"https:\/\/viradasustentavel.org.br\/manaus\/wp-json\/wp\/v2\/tribe_events"}],"about":[{"href":"https:\/\/viradasustentavel.org.br\/manaus\/wp-json\/wp\/v2\/types\/tribe_events"}],"author":[{"embeddable":true,"href":"https:\/\/viradasustentavel.org.br\/manaus\/wp-json\/wp\/v2\/users\/1"}],"version-history":[{"count":1,"href":"https:\/\/viradasustentavel.org.br\/manaus\/wp-json\/wp\/v2\/tribe_events\/195\/revisions"}],"predecessor-version":[{"id":197,"href":"https:\/\/viradasustentavel.org.br\/manaus\/wp-json\/wp\/v2\/tribe_events\/195\/revisions\/197"}],"wp:featuredmedia":[{"embeddable":true,"href":"https:\/\/viradasustentavel.org.br\/manaus\/wp-json\/wp\/v2\/media\/196"}],"wp:attachment":[{"href":"https:\/\/viradasustentavel.org.br\/manaus\/wp-json\/wp\/v2\/media?parent=195"}],"wp:term":[{"taxonomy":"post_tag","embeddable":true,"href":"https:\/\/viradasustentavel.org.br\/manaus\/wp-json\/wp\/v2\/tags?post=195"},{"taxonomy":"tribe_events_cat","embeddable":true,"href":"https:\/\/viradasustentavel.org.br\/manaus\/wp-json\/wp\/v2\/tribe_events_cat?post=195"}],"curies":[{"name":"wp","href":"https:\/\/api.w.org\/{rel}","templated":true}]}}

<p>A atração propõe trazer a história da capoeira, valorizar iniciativas de inclusão, dando visibilidade a ações positivas já promovidas pela sociedade, contribuir para a criação de uma cultura de valorização da cultura afro, oferecendo espaço de socialização para as crianças e jovens.</p>
<p>Grupo com o objetivo de oferecer uma opção de entretenimento e esporte para jovens e crianças em situação de vulnerabilidade social.</p>
<p>Artista/Grupo: Soul Capoeira</p>

<p>A atração propõe trazer a história da capoeira, valorizar iniciativas de inclusão, dando visibilidade a ações positivas já promovidas pela sociedade, contribuir para a criação de uma cultura de valorização [&hellip;]</p>
