{"id":198,"date":"2025-07-09T11:15:55","date_gmt":"2025-07-09T14:15:55","guid":{"rendered":"https:\/\/viradasustentavel.org.br\/manaus\/?post_type=tribe_events&#038;p=198"},"modified":"2025-07-09T11:15:55","modified_gmt":"2025-07-09T14:15:55","slug":"feira-de-economia-criativa","status":"publish","type":"tribe_events","link":"https:\/\/viradasustentavel.org.br\/manaus\/eventos\/feira-de-economia-criativa\/","title":{"rendered":"Feira de economia criativa"},"content":{"rendered":"<p><span data-sheets-root=\"1\">Evento que fortalece o empreendedorismo feminino. Exposi\u00e7\u00e3o de produtos da pr\u00f3pria comunidade como forma de promover a independ\u00eancia financeira de mulheres chefes de fam\u00edlia.<\/span><\/p>\n<p><span data-sheets-root=\"1\">Mulheres empreendedoras do bairro Monte das Oliveiras. <\/span><\/p>\n<p>Artista\/Grupo: <span data-sheets-root=\"1\">Soul Mulher<\/span><\/p>\n","protected":false},"excerpt":{"rendered":"<p>Evento que fortalece o empreendedorismo feminino. Exposi\u00e7\u00e3o de produtos da pr\u00f3pria comunidade como forma de promover a independ\u00eancia financeira de mulheres chefes de fam\u00edlia. Mulheres empreendedoras do bairro Monte das [&hellip;]<\/p>\n","protected":false},"author":1,"featured_media":199,"template":"","meta":{"_acf_changed":false,"_tribe_events_status":"","_tribe_events_status_reason":"","footnotes":""},"tags":[],"tribe_events_cat":[24],"class_list":["post-198","tribe_events","type-tribe_events","status-publish","has-post-thumbnail","hentry","tribe_events_cat-feira","cat_feira"],"acf":[],"_links":{"self":[{"href":"https:\/\/viradasustentavel.org.br\/manaus\/wp-json\/wp\/v2\/tribe_events\/198","targetHints":{"allow":["GET"]}}],"collection":[{"href":"https:\/\/viradasustentavel.org.br\/manaus\/wp-json\/wp\/v2\/tribe_events"}],"about":[{"href":"https:\/\/viradasustentavel.org.br\/manaus\/wp-json\/wp\/v2\/types\/tribe_events"}],"author":[{"embeddable":true,"href":"https:\/\/viradasustentavel.org.br\/manaus\/wp-json\/wp\/v2\/users\/1"}],"version-history":[{"count":1,"href":"https:\/\/viradasustentavel.org.br\/manaus\/wp-json\/wp\/v2\/tribe_events\/198\/revisions"}],"predecessor-version":[{"id":200,"href":"https:\/\/viradasustentavel.org.br\/manaus\/wp-json\/wp\/v2\/tribe_events\/198\/revisions\/200"}],"wp:featuredmedia":[{"embeddable":true,"href":"https:\/\/viradasustentavel.org.br\/manaus\/wp-json\/wp\/v2\/media\/199"}],"wp:attachment":[{"href":"https:\/\/viradasustentavel.org.br\/manaus\/wp-json\/wp\/v2\/media?parent=198"}],"wp:term":[{"taxonomy":"post_tag","embeddable":true,"href":"https:\/\/viradasustentavel.org.br\/manaus\/wp-json\/wp\/v2\/tags?post=198"},{"taxonomy":"tribe_events_cat","embeddable":true,"href":"https:\/\/viradasustentavel.org.br\/manaus\/wp-json\/wp\/v2\/tribe_events_cat?post=198"}],"curies":[{"name":"wp","href":"https:\/\/api.w.org\/{rel}","templated":true}]}}

<p><span data-sheets-root="1">Evento que fortalece o empreendedorismo feminino. Exposição de produtos da própria comunidade como forma de promover a independência financeira de mulheres chefes de família.</span></p>
<p><span data-sheets-root="1">Mulheres empreendedoras do bairro Monte das Oliveiras. </span></p>
<p>Artista/Grupo: <span data-sheets-root="1">Soul Mulher</span></p>

<p>Evento que fortalece o empreendedorismo feminino. Exposição de produtos da própria comunidade como forma de promover a independência financeira de mulheres chefes de família. Mulheres empreendedoras do bairro Monte das [&hellip;]</p>
