{"id":201,"date":"2025-07-09T11:18:50","date_gmt":"2025-07-09T14:18:50","guid":{"rendered":"https:\/\/viradasustentavel.org.br\/manaus\/?post_type=tribe_events&#038;p=201"},"modified":"2025-07-09T11:18:50","modified_gmt":"2025-07-09T14:18:50","slug":"atracao-musical","status":"publish","type":"tribe_events","link":"https:\/\/viradasustentavel.org.br\/manaus\/eventos\/atracao-musical\/","title":{"rendered":"Atra\u00e7\u00e3o musical"},"content":{"rendered":"<p>Show musical com duas bandas locais. No repert\u00f3rio ter\u00e1 m\u00fasicas autorais.<\/p>\n<p><span data-sheets-root=\"1\">Brasilidades Latinas \u2013 Somos do Norte descendo o rio, um peixe nadando contra a corrente, saltando por adversidades para levar nossa vibe para o mundo.<\/span><\/p>\n<p>Artista\/Grupo: Banda Miller e Banda Los Matrinx\u00e3<\/p>\n","protected":false},"excerpt":{"rendered":"<p>Show musical com duas bandas locais. No repert\u00f3rio ter\u00e1 m\u00fasicas autorais. Brasilidades Latinas \u2013 Somos do Norte descendo o rio, um peixe nadando contra a corrente, saltando por adversidades para [&hellip;]<\/p>\n","protected":false},"author":1,"featured_media":202,"template":"","meta":{"_acf_changed":false,"_tribe_events_status":"","_tribe_events_status_reason":"","footnotes":""},"tags":[],"tribe_events_cat":[20],"class_list":["post-201","tribe_events","type-tribe_events","status-publish","has-post-thumbnail","hentry","tribe_events_cat-musica","cat_musica"],"acf":[],"_links":{"self":[{"href":"https:\/\/viradasustentavel.org.br\/manaus\/wp-json\/wp\/v2\/tribe_events\/201","targetHints":{"allow":["GET"]}}],"collection":[{"href":"https:\/\/viradasustentavel.org.br\/manaus\/wp-json\/wp\/v2\/tribe_events"}],"about":[{"href":"https:\/\/viradasustentavel.org.br\/manaus\/wp-json\/wp\/v2\/types\/tribe_events"}],"author":[{"embeddable":true,"href":"https:\/\/viradasustentavel.org.br\/manaus\/wp-json\/wp\/v2\/users\/1"}],"version-history":[{"count":1,"href":"https:\/\/viradasustentavel.org.br\/manaus\/wp-json\/wp\/v2\/tribe_events\/201\/revisions"}],"predecessor-version":[{"id":203,"href":"https:\/\/viradasustentavel.org.br\/manaus\/wp-json\/wp\/v2\/tribe_events\/201\/revisions\/203"}],"wp:featuredmedia":[{"embeddable":true,"href":"https:\/\/viradasustentavel.org.br\/manaus\/wp-json\/wp\/v2\/media\/202"}],"wp:attachment":[{"href":"https:\/\/viradasustentavel.org.br\/manaus\/wp-json\/wp\/v2\/media?parent=201"}],"wp:term":[{"taxonomy":"post_tag","embeddable":true,"href":"https:\/\/viradasustentavel.org.br\/manaus\/wp-json\/wp\/v2\/tags?post=201"},{"taxonomy":"tribe_events_cat","embeddable":true,"href":"https:\/\/viradasustentavel.org.br\/manaus\/wp-json\/wp\/v2\/tribe_events_cat?post=201"}],"curies":[{"name":"wp","href":"https:\/\/api.w.org\/{rel}","templated":true}]}}

Atração musical

<p>Show musical com duas bandas locais. No repertório terá músicas autorais.</p>
<p><span data-sheets-root="1">Brasilidades Latinas – Somos do Norte descendo o rio, um peixe nadando contra a corrente, saltando por adversidades para levar nossa vibe para o mundo.</span></p>
<p>Artista/Grupo: Banda Miller e Banda Los Matrinxã</p>

<p>Show musical com duas bandas locais. No repertório terá músicas autorais. Brasilidades Latinas – Somos do Norte descendo o rio, um peixe nadando contra a corrente, saltando por adversidades para [&hellip;]</p>
