{"id":204,"date":"2025-07-09T11:27:29","date_gmt":"2025-07-09T14:27:29","guid":{"rendered":"https:\/\/viradasustentavel.org.br\/manaus\/?post_type=tribe_events&#038;p=204"},"modified":"2025-07-09T11:27:29","modified_gmt":"2025-07-09T14:27:29","slug":"estetica-e-embelezamento","status":"publish","type":"tribe_events","link":"https:\/\/viradasustentavel.org.br\/manaus\/eventos\/estetica-e-embelezamento\/","title":{"rendered":"Est\u00e9tica e embelezamento"},"content":{"rendered":"<p>A\u00e7\u00e3o comunit\u00e1ria com servi\u00e7o de embelezamento e est\u00e9tica: manicure e pedicure, corte de cabelo e design de sobrancelhas.<\/p>\n<p>Artista\/Grupo: N\u00fabia manicure e esteticista<\/p>\n","protected":false},"excerpt":{"rendered":"<p>A\u00e7\u00e3o comunit\u00e1ria com servi\u00e7o de embelezamento e est\u00e9tica: manicure e pedicure, corte de cabelo e design de sobrancelhas. Artista\/Grupo: N\u00fabia manicure e esteticista<\/p>\n","protected":false},"author":1,"featured_media":205,"template":"","meta":{"_acf_changed":false,"_tribe_events_status":"","_tribe_events_status_reason":"","footnotes":""},"tags":[],"tribe_events_cat":[25],"class_list":["post-204","tribe_events","type-tribe_events","status-publish","has-post-thumbnail","hentry","tribe_events_cat-outros","cat_outros"],"acf":[],"_links":{"self":[{"href":"https:\/\/viradasustentavel.org.br\/manaus\/wp-json\/wp\/v2\/tribe_events\/204","targetHints":{"allow":["GET"]}}],"collection":[{"href":"https:\/\/viradasustentavel.org.br\/manaus\/wp-json\/wp\/v2\/tribe_events"}],"about":[{"href":"https:\/\/viradasustentavel.org.br\/manaus\/wp-json\/wp\/v2\/types\/tribe_events"}],"author":[{"embeddable":true,"href":"https:\/\/viradasustentavel.org.br\/manaus\/wp-json\/wp\/v2\/users\/1"}],"version-history":[{"count":1,"href":"https:\/\/viradasustentavel.org.br\/manaus\/wp-json\/wp\/v2\/tribe_events\/204\/revisions"}],"predecessor-version":[{"id":207,"href":"https:\/\/viradasustentavel.org.br\/manaus\/wp-json\/wp\/v2\/tribe_events\/204\/revisions\/207"}],"wp:featuredmedia":[{"embeddable":true,"href":"https:\/\/viradasustentavel.org.br\/manaus\/wp-json\/wp\/v2\/media\/205"}],"wp:attachment":[{"href":"https:\/\/viradasustentavel.org.br\/manaus\/wp-json\/wp\/v2\/media?parent=204"}],"wp:term":[{"taxonomy":"post_tag","embeddable":true,"href":"https:\/\/viradasustentavel.org.br\/manaus\/wp-json\/wp\/v2\/tags?post=204"},{"taxonomy":"tribe_events_cat","embeddable":true,"href":"https:\/\/viradasustentavel.org.br\/manaus\/wp-json\/wp\/v2\/tribe_events_cat?post=204"}],"curies":[{"name":"wp","href":"https:\/\/api.w.org\/{rel}","templated":true}]}}

Estética e embelezamento

<p>Ação comunitária com serviço de embelezamento e estética: manicure e pedicure, corte de cabelo e design de sobrancelhas.</p>
<p>Artista/Grupo: Núbia manicure e esteticista</p>

<p>Ação comunitária com serviço de embelezamento e estética: manicure e pedicure, corte de cabelo e design de sobrancelhas. Artista/Grupo: Núbia manicure e esteticista</p>
