{"id":208,"date":"2025-07-09T11:29:54","date_gmt":"2025-07-09T14:29:54","guid":{"rendered":"https:\/\/viradasustentavel.org.br\/manaus\/?post_type=tribe_events&#038;p=208"},"modified":"2025-07-09T19:36:27","modified_gmt":"2025-07-09T22:36:27","slug":"bale-infantil","status":"publish","type":"tribe_events","link":"https:\/\/viradasustentavel.org.br\/manaus\/eventos\/bale-infantil\/","title":{"rendered":"Bal\u00e9 Infantil"},"content":{"rendered":"<p><span data-sheets-root=\"1\">Apresenta\u00e7\u00e3o de bal\u00e9 com crian\u00e7as de 4 a 8 anos.<\/span><\/p>\n<p><span data-sheets-root=\"1\">Instituto oferece aulas e cursos profissionalizantes para crian\u00e7as e jovens.<\/span><\/p>\n<p>Artista\/Grupo: <span data-sheets-root=\"1\">Instituto Cultural Sidney Cerdeira<\/span><\/p>\n","protected":false},"excerpt":{"rendered":"<p>Apresenta\u00e7\u00e3o de bal\u00e9 com crian\u00e7as de 4 a 8 anos. Instituto oferece aulas e cursos profissionalizantes para crian\u00e7as e jovens. Artista\/Grupo: Instituto Cultural Sidney Cerdeira<\/p>\n","protected":false},"author":1,"featured_media":209,"template":"","meta":{"_acf_changed":false,"_tribe_events_status":"","_tribe_events_status_reason":"","footnotes":""},"tags":[],"tribe_events_cat":[23],"class_list":["post-208","tribe_events","type-tribe_events","status-publish","has-post-thumbnail","hentry","tribe_events_cat-performance","cat_performance"],"acf":[],"_links":{"self":[{"href":"https:\/\/viradasustentavel.org.br\/manaus\/wp-json\/wp\/v2\/tribe_events\/208","targetHints":{"allow":["GET"]}}],"collection":[{"href":"https:\/\/viradasustentavel.org.br\/manaus\/wp-json\/wp\/v2\/tribe_events"}],"about":[{"href":"https:\/\/viradasustentavel.org.br\/manaus\/wp-json\/wp\/v2\/types\/tribe_events"}],"author":[{"embeddable":true,"href":"https:\/\/viradasustentavel.org.br\/manaus\/wp-json\/wp\/v2\/users\/1"}],"version-history":[{"count":1,"href":"https:\/\/viradasustentavel.org.br\/manaus\/wp-json\/wp\/v2\/tribe_events\/208\/revisions"}],"predecessor-version":[{"id":210,"href":"https:\/\/viradasustentavel.org.br\/manaus\/wp-json\/wp\/v2\/tribe_events\/208\/revisions\/210"}],"wp:featuredmedia":[{"embeddable":true,"href":"https:\/\/viradasustentavel.org.br\/manaus\/wp-json\/wp\/v2\/media\/209"}],"wp:attachment":[{"href":"https:\/\/viradasustentavel.org.br\/manaus\/wp-json\/wp\/v2\/media?parent=208"}],"wp:term":[{"taxonomy":"post_tag","embeddable":true,"href":"https:\/\/viradasustentavel.org.br\/manaus\/wp-json\/wp\/v2\/tags?post=208"},{"taxonomy":"tribe_events_cat","embeddable":true,"href":"https:\/\/viradasustentavel.org.br\/manaus\/wp-json\/wp\/v2\/tribe_events_cat?post=208"}],"curies":[{"name":"wp","href":"https:\/\/api.w.org\/{rel}","templated":true}]}}

Balé Infantil

<p><span data-sheets-root="1">Apresentação de balé com crianças de 4 a 8 anos.</span></p>
<p><span data-sheets-root="1">Instituto oferece aulas e cursos profissionalizantes para crianças e jovens.</span></p>
<p>Artista/Grupo: <span data-sheets-root="1">Instituto Cultural Sidney Cerdeira</span></p>

<p>Apresentação de balé com crianças de 4 a 8 anos. Instituto oferece aulas e cursos profissionalizantes para crianças e jovens. Artista/Grupo: Instituto Cultural Sidney Cerdeira</p>
