{"id":214,"date":"2025-07-09T11:40:44","date_gmt":"2025-07-09T14:40:44","guid":{"rendered":"https:\/\/viradasustentavel.org.br\/manaus\/?post_type=tribe_events&#038;p=214"},"modified":"2025-07-09T14:54:42","modified_gmt":"2025-07-09T17:54:42","slug":"ciranda","status":"publish","type":"tribe_events","link":"https:\/\/viradasustentavel.org.br\/manaus\/eventos\/ciranda\/","title":{"rendered":"Ciranda"},"content":{"rendered":"<p><span data-sheets-root=\"1\">Apresenta\u00e7\u00e3o de performance de ciranda com dura\u00e7\u00e3o de uma hora.<\/span><\/p>\n<p><span data-sheets-root=\"1\">Grupo de senhoras da terceira idade que se re\u00fanem duas vezes por semana para praticar a dan\u00e7a.<\/span><\/p>\n<p>Artista\/Grupo: <span data-sheets-root=\"1\">Grupo de Ciranda Independente do Coroado<\/span><\/p>\n","protected":false},"excerpt":{"rendered":"<p>Apresenta\u00e7\u00e3o de performance de ciranda com dura\u00e7\u00e3o de uma hora. Grupo de senhoras da terceira idade que se re\u00fanem duas vezes por semana para praticar a dan\u00e7a. Artista\/Grupo: Grupo de [&hellip;]<\/p>\n","protected":false},"author":1,"featured_media":215,"template":"","meta":{"_acf_changed":false,"_tribe_events_status":"","_tribe_events_status_reason":"","footnotes":""},"tags":[],"tribe_events_cat":[23],"class_list":["post-214","tribe_events","type-tribe_events","status-publish","has-post-thumbnail","hentry","tribe_events_cat-performance","cat_performance"],"acf":[],"_links":{"self":[{"href":"https:\/\/viradasustentavel.org.br\/manaus\/wp-json\/wp\/v2\/tribe_events\/214","targetHints":{"allow":["GET"]}}],"collection":[{"href":"https:\/\/viradasustentavel.org.br\/manaus\/wp-json\/wp\/v2\/tribe_events"}],"about":[{"href":"https:\/\/viradasustentavel.org.br\/manaus\/wp-json\/wp\/v2\/types\/tribe_events"}],"author":[{"embeddable":true,"href":"https:\/\/viradasustentavel.org.br\/manaus\/wp-json\/wp\/v2\/users\/1"}],"version-history":[{"count":1,"href":"https:\/\/viradasustentavel.org.br\/manaus\/wp-json\/wp\/v2\/tribe_events\/214\/revisions"}],"predecessor-version":[{"id":216,"href":"https:\/\/viradasustentavel.org.br\/manaus\/wp-json\/wp\/v2\/tribe_events\/214\/revisions\/216"}],"wp:featuredmedia":[{"embeddable":true,"href":"https:\/\/viradasustentavel.org.br\/manaus\/wp-json\/wp\/v2\/media\/215"}],"wp:attachment":[{"href":"https:\/\/viradasustentavel.org.br\/manaus\/wp-json\/wp\/v2\/media?parent=214"}],"wp:term":[{"taxonomy":"post_tag","embeddable":true,"href":"https:\/\/viradasustentavel.org.br\/manaus\/wp-json\/wp\/v2\/tags?post=214"},{"taxonomy":"tribe_events_cat","embeddable":true,"href":"https:\/\/viradasustentavel.org.br\/manaus\/wp-json\/wp\/v2\/tribe_events_cat?post=214"}],"curies":[{"name":"wp","href":"https:\/\/api.w.org\/{rel}","templated":true}]}}

<p><span data-sheets-root="1">Apresentação de performance de ciranda com duração de uma hora.</span></p>
<p><span data-sheets-root="1">Grupo de senhoras da terceira idade que se reúnem duas vezes por semana para praticar a dança.</span></p>
<p>Artista/Grupo: <span data-sheets-root="1">Grupo de Ciranda Independente do Coroado</span></p>

<p>Apresentação de performance de ciranda com duração de uma hora. Grupo de senhoras da terceira idade que se reúnem duas vezes por semana para praticar a dança. Artista/Grupo: Grupo de [&hellip;]</p>
