{"id":217,"date":"2025-07-09T11:42:40","date_gmt":"2025-07-09T14:42:40","guid":{"rendered":"https:\/\/viradasustentavel.org.br\/manaus\/?post_type=tribe_events&#038;p=217"},"modified":"2025-07-09T14:24:16","modified_gmt":"2025-07-09T17:24:16","slug":"palestra-sobre-violencia-com-a-mulher","status":"publish","type":"tribe_events","link":"https:\/\/viradasustentavel.org.br\/manaus\/eventos\/palestra-sobre-violencia-com-a-mulher\/","title":{"rendered":"Palestra sobre Viol\u00eancia com a Mulher"},"content":{"rendered":"<p><span data-sheets-root=\"1\">Roda de conversa idealizada como uma oportunidade de colocar a popula\u00e7\u00e3o frente a frente com especialistas na tem\u00e1tica do feminismo e direito das mulheres, permitindo que os temas sejam amplamente discutidos e esclarecidos.<\/span><\/p>\n<p><span data-sheets-root=\"1\">O instituto possui projetos com os temas: empoderamento feminino, educa\u00e7\u00e3o para toler\u00e2ncia e ativismo social.<\/span><\/p>\n<p>Artista\/Grupo: Instituto Mana<\/p>\n","protected":false},"excerpt":{"rendered":"<p>Roda de conversa idealizada como uma oportunidade de colocar a popula\u00e7\u00e3o frente a frente com especialistas na tem\u00e1tica do feminismo e direito das mulheres, permitindo que os temas sejam amplamente [&hellip;]<\/p>\n","protected":false},"author":1,"featured_media":218,"template":"","meta":{"_acf_changed":false,"_tribe_events_status":"","_tribe_events_status_reason":"","footnotes":""},"tags":[],"tribe_events_cat":[27],"class_list":["post-217","tribe_events","type-tribe_events","status-publish","has-post-thumbnail","hentry","tribe_events_cat-palestra","cat_palestra"],"acf":[],"_links":{"self":[{"href":"https:\/\/viradasustentavel.org.br\/manaus\/wp-json\/wp\/v2\/tribe_events\/217","targetHints":{"allow":["GET"]}}],"collection":[{"href":"https:\/\/viradasustentavel.org.br\/manaus\/wp-json\/wp\/v2\/tribe_events"}],"about":[{"href":"https:\/\/viradasustentavel.org.br\/manaus\/wp-json\/wp\/v2\/types\/tribe_events"}],"author":[{"embeddable":true,"href":"https:\/\/viradasustentavel.org.br\/manaus\/wp-json\/wp\/v2\/users\/1"}],"version-history":[{"count":1,"href":"https:\/\/viradasustentavel.org.br\/manaus\/wp-json\/wp\/v2\/tribe_events\/217\/revisions"}],"predecessor-version":[{"id":219,"href":"https:\/\/viradasustentavel.org.br\/manaus\/wp-json\/wp\/v2\/tribe_events\/217\/revisions\/219"}],"wp:featuredmedia":[{"embeddable":true,"href":"https:\/\/viradasustentavel.org.br\/manaus\/wp-json\/wp\/v2\/media\/218"}],"wp:attachment":[{"href":"https:\/\/viradasustentavel.org.br\/manaus\/wp-json\/wp\/v2\/media?parent=217"}],"wp:term":[{"taxonomy":"post_tag","embeddable":true,"href":"https:\/\/viradasustentavel.org.br\/manaus\/wp-json\/wp\/v2\/tags?post=217"},{"taxonomy":"tribe_events_cat","embeddable":true,"href":"https:\/\/viradasustentavel.org.br\/manaus\/wp-json\/wp\/v2\/tribe_events_cat?post=217"}],"curies":[{"name":"wp","href":"https:\/\/api.w.org\/{rel}","templated":true}]}}

Palestra sobre Violência com a Mulher

<p><span data-sheets-root="1">Roda de conversa idealizada como uma oportunidade de colocar a população frente a frente com especialistas na temática do feminismo e direito das mulheres, permitindo que os temas sejam amplamente discutidos e esclarecidos.</span></p>
<p><span data-sheets-root="1">O instituto possui projetos com os temas: empoderamento feminino, educação para tolerância e ativismo social.</span></p>
<p>Artista/Grupo: Instituto Mana</p>

<p>Roda de conversa idealizada como uma oportunidade de colocar a população frente a frente com especialistas na temática do feminismo e direito das mulheres, permitindo que os temas sejam amplamente [&hellip;]</p>
