{"id":220,"date":"2025-07-09T19:39:04","date_gmt":"2025-07-09T22:39:04","guid":{"rendered":"https:\/\/viradasustentavel.org.br\/manaus\/?post_type=tribe_events&#038;p=220"},"modified":"2025-07-09T19:39:04","modified_gmt":"2025-07-09T22:39:04","slug":"feira-criativa-da-virada","status":"publish","type":"tribe_events","link":"https:\/\/viradasustentavel.org.br\/manaus\/eventos\/feira-criativa-da-virada\/","title":{"rendered":"Feira Criativa da Virada"},"content":{"rendered":"<p><span data-sheets-root=\"1\">Feira de Economia criativa com 30 expositores, diponibilizando produtos de artesanato, vestu\u00e1rio, aromaterapia, bioj\u00f3ias entre outros. <\/span><\/p>\n<p>Com <span data-sheets-root=\"1\">grupo de ates\u00e3os regionais.<\/span><\/p>\n<p>Artista\/Grupo: <span data-sheets-root=\"1\">Equipe Virada<\/span><\/p>\n","protected":false},"excerpt":{"rendered":"<p>Feira de Economia criativa com 30 expositores, diponibilizando produtos de artesanato, vestu\u00e1rio, aromaterapia, bioj\u00f3ias entre outros. Com grupo de ates\u00e3os regionais. Artista\/Grupo: Equipe Virada<\/p>\n","protected":false},"author":1,"featured_media":221,"template":"","meta":{"_acf_changed":false,"_tribe_events_status":"","_tribe_events_status_reason":"","footnotes":""},"tags":[],"tribe_events_cat":[24],"class_list":["post-220","tribe_events","type-tribe_events","status-publish","has-post-thumbnail","hentry","tribe_events_cat-feira","cat_feira"],"acf":[],"_links":{"self":[{"href":"https:\/\/viradasustentavel.org.br\/manaus\/wp-json\/wp\/v2\/tribe_events\/220","targetHints":{"allow":["GET"]}}],"collection":[{"href":"https:\/\/viradasustentavel.org.br\/manaus\/wp-json\/wp\/v2\/tribe_events"}],"about":[{"href":"https:\/\/viradasustentavel.org.br\/manaus\/wp-json\/wp\/v2\/types\/tribe_events"}],"author":[{"embeddable":true,"href":"https:\/\/viradasustentavel.org.br\/manaus\/wp-json\/wp\/v2\/users\/1"}],"version-history":[{"count":1,"href":"https:\/\/viradasustentavel.org.br\/manaus\/wp-json\/wp\/v2\/tribe_events\/220\/revisions"}],"predecessor-version":[{"id":222,"href":"https:\/\/viradasustentavel.org.br\/manaus\/wp-json\/wp\/v2\/tribe_events\/220\/revisions\/222"}],"wp:featuredmedia":[{"embeddable":true,"href":"https:\/\/viradasustentavel.org.br\/manaus\/wp-json\/wp\/v2\/media\/221"}],"wp:attachment":[{"href":"https:\/\/viradasustentavel.org.br\/manaus\/wp-json\/wp\/v2\/media?parent=220"}],"wp:term":[{"taxonomy":"post_tag","embeddable":true,"href":"https:\/\/viradasustentavel.org.br\/manaus\/wp-json\/wp\/v2\/tags?post=220"},{"taxonomy":"tribe_events_cat","embeddable":true,"href":"https:\/\/viradasustentavel.org.br\/manaus\/wp-json\/wp\/v2\/tribe_events_cat?post=220"}],"curies":[{"name":"wp","href":"https:\/\/api.w.org\/{rel}","templated":true}]}}

<p><span data-sheets-root="1">Feira de Economia criativa com 30 expositores, diponibilizando produtos de artesanato, vestuário, aromaterapia, biojóias entre outros. </span></p>
<p>Com <span data-sheets-root="1">grupo de atesãos regionais.</span></p>
<p>Artista/Grupo: <span data-sheets-root="1">Equipe Virada</span></p>

<p>Feira de Economia criativa com 30 expositores, diponibilizando produtos de artesanato, vestuário, aromaterapia, biojóias entre outros. Com grupo de atesãos regionais. Artista/Grupo: Equipe Virada</p>
