{"id":223,"date":"2025-07-09T19:41:17","date_gmt":"2025-07-09T22:41:17","guid":{"rendered":"https:\/\/viradasustentavel.org.br\/manaus\/?post_type=tribe_events&#038;p=223"},"modified":"2025-07-09T19:41:17","modified_gmt":"2025-07-09T22:41:17","slug":"atracao-musical-2","status":"publish","type":"tribe_events","link":"https:\/\/viradasustentavel.org.br\/manaus\/eventos\/atracao-musical-2\/","title":{"rendered":"Atra\u00e7\u00e3o musical"},"content":{"rendered":"<p><span data-sheets-root=\"1\">O artista Matheus Crazy, MC e DJ, exibir\u00e1 uma playlist com m\u00fasicas regionais para dar in\u00edcio ao evento na Virada no Largo de Sa\u00f5 Sebasti\u00e3o<\/span><\/p>\n<p>Artista\/grupo: <span data-sheets-root=\"1\">Matheus Crazy<\/span><\/p>\n","protected":false},"excerpt":{"rendered":"<p>O artista Matheus Crazy, MC e DJ, exibir\u00e1 uma playlist com m\u00fasicas regionais para dar in\u00edcio ao evento na Virada no Largo de Sa\u00f5 Sebasti\u00e3o Artista\/grupo: Matheus Crazy<\/p>\n","protected":false},"author":1,"featured_media":0,"template":"","meta":{"_acf_changed":false,"_tribe_events_status":"","_tribe_events_status_reason":"","footnotes":""},"tags":[],"tribe_events_cat":[20],"class_list":["post-223","tribe_events","type-tribe_events","status-publish","hentry","tribe_events_cat-musica","cat_musica"],"acf":[],"_links":{"self":[{"href":"https:\/\/viradasustentavel.org.br\/manaus\/wp-json\/wp\/v2\/tribe_events\/223","targetHints":{"allow":["GET"]}}],"collection":[{"href":"https:\/\/viradasustentavel.org.br\/manaus\/wp-json\/wp\/v2\/tribe_events"}],"about":[{"href":"https:\/\/viradasustentavel.org.br\/manaus\/wp-json\/wp\/v2\/types\/tribe_events"}],"author":[{"embeddable":true,"href":"https:\/\/viradasustentavel.org.br\/manaus\/wp-json\/wp\/v2\/users\/1"}],"version-history":[{"count":1,"href":"https:\/\/viradasustentavel.org.br\/manaus\/wp-json\/wp\/v2\/tribe_events\/223\/revisions"}],"predecessor-version":[{"id":224,"href":"https:\/\/viradasustentavel.org.br\/manaus\/wp-json\/wp\/v2\/tribe_events\/223\/revisions\/224"}],"wp:attachment":[{"href":"https:\/\/viradasustentavel.org.br\/manaus\/wp-json\/wp\/v2\/media?parent=223"}],"wp:term":[{"taxonomy":"post_tag","embeddable":true,"href":"https:\/\/viradasustentavel.org.br\/manaus\/wp-json\/wp\/v2\/tags?post=223"},{"taxonomy":"tribe_events_cat","embeddable":true,"href":"https:\/\/viradasustentavel.org.br\/manaus\/wp-json\/wp\/v2\/tribe_events_cat?post=223"}],"curies":[{"name":"wp","href":"https:\/\/api.w.org\/{rel}","templated":true}]}}

Atração musical

<p><span data-sheets-root="1">O artista Matheus Crazy, MC e DJ, exibirá uma playlist com músicas regionais para dar início ao evento na Virada no Largo de Saõ Sebastião</span></p>
<p>Artista/grupo: <span data-sheets-root="1">Matheus Crazy</span></p>

<p>O artista Matheus Crazy, MC e DJ, exibirá uma playlist com músicas regionais para dar início ao evento na Virada no Largo de Saõ Sebastião Artista/grupo: Matheus Crazy</p>
