{"id":236,"date":"2025-07-09T19:48:29","date_gmt":"2025-07-09T22:48:29","guid":{"rendered":"https:\/\/viradasustentavel.org.br\/manaus\/?post_type=tribe_events&#038;p=236"},"modified":"2025-07-09T19:48:55","modified_gmt":"2025-07-09T22:48:55","slug":"show-musical-rock-anos-80","status":"publish","type":"tribe_events","link":"https:\/\/viradasustentavel.org.br\/manaus\/eventos\/show-musical-rock-anos-80\/","title":{"rendered":"Show musical &#8211; Rock anos 80"},"content":{"rendered":"<p><span data-sheets-root=\"1\">Setlist da atra\u00e7\u00e3o contar\u00e1 com os cl\u00e1ssicos do rock dos anos 80.<\/span><\/p>\n<p>Artista\/grupo: <span data-sheets-root=\"1\">Banda Oficial 80<\/span><\/p>\n","protected":false},"excerpt":{"rendered":"<p>Setlist da atra\u00e7\u00e3o contar\u00e1 com os cl\u00e1ssicos do rock dos anos 80. Artista\/grupo: Banda Oficial 80<\/p>\n","protected":false},"author":1,"featured_media":238,"template":"","meta":{"_acf_changed":false,"_tribe_events_status":"","_tribe_events_status_reason":"","footnotes":""},"tags":[],"tribe_events_cat":[20],"class_list":["post-236","tribe_events","type-tribe_events","status-publish","has-post-thumbnail","hentry","tribe_events_cat-musica","cat_musica"],"acf":[],"_links":{"self":[{"href":"https:\/\/viradasustentavel.org.br\/manaus\/wp-json\/wp\/v2\/tribe_events\/236","targetHints":{"allow":["GET"]}}],"collection":[{"href":"https:\/\/viradasustentavel.org.br\/manaus\/wp-json\/wp\/v2\/tribe_events"}],"about":[{"href":"https:\/\/viradasustentavel.org.br\/manaus\/wp-json\/wp\/v2\/types\/tribe_events"}],"author":[{"embeddable":true,"href":"https:\/\/viradasustentavel.org.br\/manaus\/wp-json\/wp\/v2\/users\/1"}],"version-history":[{"count":1,"href":"https:\/\/viradasustentavel.org.br\/manaus\/wp-json\/wp\/v2\/tribe_events\/236\/revisions"}],"predecessor-version":[{"id":237,"href":"https:\/\/viradasustentavel.org.br\/manaus\/wp-json\/wp\/v2\/tribe_events\/236\/revisions\/237"}],"wp:featuredmedia":[{"embeddable":true,"href":"https:\/\/viradasustentavel.org.br\/manaus\/wp-json\/wp\/v2\/media\/238"}],"wp:attachment":[{"href":"https:\/\/viradasustentavel.org.br\/manaus\/wp-json\/wp\/v2\/media?parent=236"}],"wp:term":[{"taxonomy":"post_tag","embeddable":true,"href":"https:\/\/viradasustentavel.org.br\/manaus\/wp-json\/wp\/v2\/tags?post=236"},{"taxonomy":"tribe_events_cat","embeddable":true,"href":"https:\/\/viradasustentavel.org.br\/manaus\/wp-json\/wp\/v2\/tribe_events_cat?post=236"}],"curies":[{"name":"wp","href":"https:\/\/api.w.org\/{rel}","templated":true}]}}

<p><span data-sheets-root="1">Setlist da atração contará com os clássicos do rock dos anos 80.</span></p>
<p>Artista/grupo: <span data-sheets-root="1">Banda Oficial 80</span></p>

<p>Setlist da atração contará com os clássicos do rock dos anos 80. Artista/grupo: Banda Oficial 80</p>
