{"id":239,"date":"2025-07-09T19:50:20","date_gmt":"2025-07-09T22:50:20","guid":{"rendered":"https:\/\/viradasustentavel.org.br\/manaus\/?post_type=tribe_events&#038;p=239"},"modified":"2025-07-09T19:50:20","modified_gmt":"2025-07-09T22:50:20","slug":"performance-ioga","status":"publish","type":"tribe_events","link":"https:\/\/viradasustentavel.org.br\/manaus\/eventos\/performance-ioga\/","title":{"rendered":"Performance &#8211; Ioga"},"content":{"rendered":"<p><span data-sheets-root=\"1\">Oficina de inicia\u00e7\u00e3o musical e t\u00e9cnicas de canto meditativo.<\/span><\/p>\n<p><span data-sheets-root=\"1\">Coletivo de professores de Ioga e praticas respirat\u00f3rias\/musicais.<\/span><\/p>\n<p>Artista\/Grupo: <span data-sheets-root=\"1\">Coletivo Ioga Manaus<\/span><\/p>\n","protected":false},"excerpt":{"rendered":"<p>Oficina de inicia\u00e7\u00e3o musical e t\u00e9cnicas de canto meditativo. Coletivo de professores de Ioga e praticas respirat\u00f3rias\/musicais. Artista\/Grupo: Coletivo Ioga Manaus<\/p>\n","protected":false},"author":1,"featured_media":240,"template":"","meta":{"_acf_changed":false,"_tribe_events_status":"","_tribe_events_status_reason":"","footnotes":""},"tags":[],"tribe_events_cat":[25],"class_list":["post-239","tribe_events","type-tribe_events","status-publish","has-post-thumbnail","hentry","tribe_events_cat-outros","cat_outros"],"acf":[],"_links":{"self":[{"href":"https:\/\/viradasustentavel.org.br\/manaus\/wp-json\/wp\/v2\/tribe_events\/239","targetHints":{"allow":["GET"]}}],"collection":[{"href":"https:\/\/viradasustentavel.org.br\/manaus\/wp-json\/wp\/v2\/tribe_events"}],"about":[{"href":"https:\/\/viradasustentavel.org.br\/manaus\/wp-json\/wp\/v2\/types\/tribe_events"}],"author":[{"embeddable":true,"href":"https:\/\/viradasustentavel.org.br\/manaus\/wp-json\/wp\/v2\/users\/1"}],"version-history":[{"count":1,"href":"https:\/\/viradasustentavel.org.br\/manaus\/wp-json\/wp\/v2\/tribe_events\/239\/revisions"}],"predecessor-version":[{"id":241,"href":"https:\/\/viradasustentavel.org.br\/manaus\/wp-json\/wp\/v2\/tribe_events\/239\/revisions\/241"}],"wp:featuredmedia":[{"embeddable":true,"href":"https:\/\/viradasustentavel.org.br\/manaus\/wp-json\/wp\/v2\/media\/240"}],"wp:attachment":[{"href":"https:\/\/viradasustentavel.org.br\/manaus\/wp-json\/wp\/v2\/media?parent=239"}],"wp:term":[{"taxonomy":"post_tag","embeddable":true,"href":"https:\/\/viradasustentavel.org.br\/manaus\/wp-json\/wp\/v2\/tags?post=239"},{"taxonomy":"tribe_events_cat","embeddable":true,"href":"https:\/\/viradasustentavel.org.br\/manaus\/wp-json\/wp\/v2\/tribe_events_cat?post=239"}],"curies":[{"name":"wp","href":"https:\/\/api.w.org\/{rel}","templated":true}]}}

<p><span data-sheets-root="1">Oficina de iniciação musical e técnicas de canto meditativo.</span></p>
<p><span data-sheets-root="1">Coletivo de professores de Ioga e praticas respiratórias/musicais.</span></p>
<p>Artista/Grupo: <span data-sheets-root="1">Coletivo Ioga Manaus</span></p>

<p>Oficina de iniciação musical e técnicas de canto meditativo. Coletivo de professores de Ioga e praticas respiratórias/musicais. Artista/Grupo: Coletivo Ioga Manaus</p>
