{"id":245,"date":"2025-07-09T19:53:46","date_gmt":"2025-07-09T22:53:46","guid":{"rendered":"https:\/\/viradasustentavel.org.br\/manaus\/?post_type=tribe_events&#038;p=245"},"modified":"2025-07-09T19:53:46","modified_gmt":"2025-07-09T22:53:46","slug":"oficina","status":"publish","type":"tribe_events","link":"https:\/\/viradasustentavel.org.br\/manaus\/eventos\/oficina\/","title":{"rendered":"Oficina"},"content":{"rendered":"<p><span data-sheets-root=\"1\">Oficina de sauda\u00e7\u00e3o ao sol e pr\u00e1tica de posturas corporais e respira\u00e7\u00e3o.<\/span><\/p>\n<p><span data-sheets-root=\"1\">Coletivo de professores de Ioga e praticas respirat\u00f3rias\/musicais.<\/span><\/p>\n<p>Artista\/Grupo: <span data-sheets-root=\"1\">Coletivo Ioga Manaus.<\/span><\/p>\n","protected":false},"excerpt":{"rendered":"<p>Oficina de sauda\u00e7\u00e3o ao sol e pr\u00e1tica de posturas corporais e respira\u00e7\u00e3o. Coletivo de professores de Ioga e praticas respirat\u00f3rias\/musicais. Artista\/Grupo: Coletivo Ioga Manaus.<\/p>\n","protected":false},"author":1,"featured_media":246,"template":"","meta":{"_acf_changed":false,"_tribe_events_status":"","_tribe_events_status_reason":"","footnotes":""},"tags":[],"tribe_events_cat":[29],"class_list":["post-245","tribe_events","type-tribe_events","status-publish","has-post-thumbnail","hentry","tribe_events_cat-oficina","cat_oficina"],"acf":[],"_links":{"self":[{"href":"https:\/\/viradasustentavel.org.br\/manaus\/wp-json\/wp\/v2\/tribe_events\/245","targetHints":{"allow":["GET"]}}],"collection":[{"href":"https:\/\/viradasustentavel.org.br\/manaus\/wp-json\/wp\/v2\/tribe_events"}],"about":[{"href":"https:\/\/viradasustentavel.org.br\/manaus\/wp-json\/wp\/v2\/types\/tribe_events"}],"author":[{"embeddable":true,"href":"https:\/\/viradasustentavel.org.br\/manaus\/wp-json\/wp\/v2\/users\/1"}],"version-history":[{"count":1,"href":"https:\/\/viradasustentavel.org.br\/manaus\/wp-json\/wp\/v2\/tribe_events\/245\/revisions"}],"predecessor-version":[{"id":247,"href":"https:\/\/viradasustentavel.org.br\/manaus\/wp-json\/wp\/v2\/tribe_events\/245\/revisions\/247"}],"wp:featuredmedia":[{"embeddable":true,"href":"https:\/\/viradasustentavel.org.br\/manaus\/wp-json\/wp\/v2\/media\/246"}],"wp:attachment":[{"href":"https:\/\/viradasustentavel.org.br\/manaus\/wp-json\/wp\/v2\/media?parent=245"}],"wp:term":[{"taxonomy":"post_tag","embeddable":true,"href":"https:\/\/viradasustentavel.org.br\/manaus\/wp-json\/wp\/v2\/tags?post=245"},{"taxonomy":"tribe_events_cat","embeddable":true,"href":"https:\/\/viradasustentavel.org.br\/manaus\/wp-json\/wp\/v2\/tribe_events_cat?post=245"}],"curies":[{"name":"wp","href":"https:\/\/api.w.org\/{rel}","templated":true}]}}

<p><span data-sheets-root="1">Oficina de saudação ao sol e prática de posturas corporais e respiração.</span></p>
<p><span data-sheets-root="1">Coletivo de professores de Ioga e praticas respiratórias/musicais.</span></p>
<p>Artista/Grupo: <span data-sheets-root="1">Coletivo Ioga Manaus.</span></p>

<p>Oficina de saudação ao sol e prática de posturas corporais e respiração. Coletivo de professores de Ioga e praticas respiratórias/musicais. Artista/Grupo: Coletivo Ioga Manaus.</p>
