{"id":1173,"date":"2025-10-14T16:57:10","date_gmt":"2025-10-14T19:57:10","guid":{"rendered":"https:\/\/viradasustentavel.org.br\/rio-de-janeiro\/eventos\/paula-morelenbaum-e-jaques-morelenbaum-com-participacao-de-dora-morelenbaum-homenagem-a-tom-jobim\/"},"modified":"2025-10-14T17:55:07","modified_gmt":"2025-10-14T20:55:07","slug":"paula-morelenbaum-e-jaques-morelenbaum-com-participacao-de-dora-morelenbaum-homenagem-a-tom-jobim","status":"publish","type":"tribe_events","link":"https:\/\/viradasustentavel.org.br\/rio-de-janeiro\/eventos\/paula-morelenbaum-e-jaques-morelenbaum-com-participacao-de-dora-morelenbaum-homenagem-a-tom-jobim\/","title":{"rendered":"Paula Morelenbaum e Jaques Morelenbaum com participa\u00e7\u00e3o de Dora Morelenbaum \u2013 Homenagem a Tom Jobim"},"content":{"rendered":"<p>Paula Morelenbaum e Jaques Morelenbaum com participa\u00e7\u00e3o de Dora Morelenbaum<\/p>\n<p>Apresenta\u00e7\u00e3o musical em homenagem a Tom Jobim com Paula Morelenbaum e Jaques Morelenbaum com participa\u00e7\u00e3o de Dora Morelenbaum<\/p>\n<p>Paula Morelenbaum, cantora e Jaques Morelenbaum, violoncelista, arranjador, produtor e compositor, s\u00e3o profundos conhecedores da Bossa Nova \u2013 por terem em seus curr\u00edculos a participa\u00e7\u00e3o por dez anos na brilhante &#8220;Nova Banda&#8221; de Antonio Carlos Jobim. Ap\u00f3s o fim das atividades da banda, Paula e Jaques continuaram explorando o repert\u00f3rio cl\u00e1ssico de Jobim, bem como de outros mestres da MPB, o que refletiu nos seus belos trabalhos, recebidos com entusiasmo pela cr\u00edtica e pelo p\u00fablico mundial.<\/p>\n<p>Em 2001, suas carreiras ganharam reconhecimento internacional com o aclamado trio Morelenbaum2\/Sakamoto, parceria de Paula e Jaques com o proeminente compositor\/pianista japon\u00eas Ryuichi Sakamoto. A estreia do grupo com o \u00e1lbum &#8220;Casa&#8221;, lhes rendeu pr\u00eamios e elogios dos cr\u00edticos de m\u00fasica em todo o mundo, seguido por dois outros \u00e1lbuns, &#8220;Live in Tokyo&#8221; e &#8220;A day in New York&#8221;.<\/p>\n<p>Paula Morelenbaum lan\u00e7ou em 2004, seu segundo \u00e1lbum solo, &#8220;Berimbaum&#8221;, uma homenagem ao &#8220;poeta da Bossa Nova\u201d Vinicius de Moraes, dentro de um conceito eletro-ac\u00fastico contempor\u00e2neo. Em 2009, ela lan\u00e7ou o \u00e1lbum &#8220;Telecoteco&#8221; com m\u00fasicas brasileiras dos anos 40 e 50 \u2013 per\u00edodo pr\u00e9-Bossa Nova. Este \u00e1lbum foi nomeado para o &#8220;Pr\u00eamio de M\u00fasica Brasileira 2009 &#8216;na categoria&#8217; MPB \u2013 Melhor \u00c1lbum&#8221;, e tamb\u00e9m para o &#8220;Grammy Latino&#8221;. Em 2010, Paula Morelenbaum lan\u00e7ou &#8220;Bossarenova&#8221; com o arranjador\/pianista\/produtor Ralf Schmid, e a renomada SWR Big Band de Stuttgart, na Alemanha. Em 2011, ela lan\u00e7ou &#8220;Paula &amp; Donato \u2013 \u00c1gua&#8221;, com a reuni\u00e3o do inconfund\u00edvel piano do compositor com seus vocais. Em 2013, ela lan\u00e7ou na Europa um novo \u00e1lbum: &#8220;Samba Prel\u00fadio&#8221;, com o pianista Ralf Schmid e trompetista Joo Kraus, construindo uma ponte entre as culturas brasileira e alem\u00e3, conectando belas melodias que diminuem a dist\u00e2ncia entre esses dois pa\u00edses.<\/p>\n<p>Em 2017, Paula e Jaques lan\u00e7am o \u00e1lbum \u201cPaula e Jaques Morelenbaum Live na It\u00e1lia Omaggio a Jobim \u2013 com CelloSam3aTrio\u201d (participa\u00e7\u00e3o de Lula Galv\u00e3o). Em 2019, Paula lan\u00e7a o novo \u00e1lbum \u201cAtl\u00e2ntico\u201d, com o pianista Ralf Schmid e trompetista Joo Kraus, nas plataformas digitais.<\/p>\n<p>Jaques Morelenbaum, violoncelista, compositor, arranjador e produtor brasileiro, j\u00e1 colaborou para v\u00e1rios artistas do cen\u00e1rio mundial, como Sting, David Byrne, Henri Salvador, Mariza, Omar Sosa, Gal Costa, Ces\u00e1ria \u00c9vora, Sadao Watanabe, Egberto Gismonti, Caetano Veloso (quinze \u00e1lbuns), e Gilberto Gil entre outros. Em 2014, lan\u00e7a seu primeiro \u00e1lbum solo: \u201cJaques Morelenbaum e o CelloSam3aTrio \u2013 Saudade do Futuro \u2013 Futuro da Saudade&#8221;, com a participa\u00e7\u00e3o de Lula Galv\u00e3o e Rafael Barata.<\/p>\n<p>A partir de Heitor Villa-Lobos, o cello se tornou um dos \u00edcones musicais do Brasil. Seu doce e rom\u00e2ntico timbre, a semelhan\u00e7a de seu som com a voz humana, sua natural flexibilidade entre articula\u00e7\u00f5es gingadas, fizeram este instrumento, originalmente europeu, assumir uma identidade muito brasileira. O cello tem sido amado e utilizado como um meio de express\u00e3o bastante particular e peculiar por grandes compositores brasileiros, entre eles Antonio Carlos Jobim.<\/p>\n<p>Paula Morelenbaum, de voz cristalina, Jaques Morelenbaum, com seu cello brilhante s\u00e3o parceiros de longa data, e de muitos shows e projetos, e juntamente com a participa\u00e7\u00e3o de Dora Morelenbaum, uma das vozes mais bonitas da atualidade,  far\u00e3o uma linda homenagem a TOM JOBIM. Eles sobem ao palco acompanhados por Adriano Souza no piano, Lula Galv\u00e3o no viol\u00e3o e Thomas Harres na bateria.<\/p>\n","protected":false},"excerpt":{"rendered":"<p>Paula Morelenbaum e Jaques Morelenbaum com participa\u00e7\u00e3o de Dora Morelenbaum Apresenta\u00e7\u00e3o musical em homenagem a Tom Jobim com Paula Morelenbaum e Jaques Morelenbaum com participa\u00e7\u00e3o de Dora Morelenbaum Paula Morelenbaum, [&hellip;]<\/p>\n","protected":false},"author":2,"featured_media":0,"template":"","meta":{"_tribe_events_status":"","_tribe_events_status_reason":"","footnotes":""},"tags":[20,19,55],"tribe_events_cat":[25],"class_list":["post-1173","tribe_events","type-tribe_events","status-publish","hentry","tag-ccbb","tag-livre","tag-rouanet","tribe_events_cat-musica","cat_musica"],"_links":{"self":[{"href":"https:\/\/viradasustentavel.org.br\/rio-de-janeiro\/wp-json\/wp\/v2\/tribe_events\/1173","targetHints":{"allow":["GET"]}}],"collection":[{"href":"https:\/\/viradasustentavel.org.br\/rio-de-janeiro\/wp-json\/wp\/v2\/tribe_events"}],"about":[{"href":"https:\/\/viradasustentavel.org.br\/rio-de-janeiro\/wp-json\/wp\/v2\/types\/tribe_events"}],"author":[{"embeddable":true,"href":"https:\/\/viradasustentavel.org.br\/rio-de-janeiro\/wp-json\/wp\/v2\/users\/2"}],"version-history":[{"count":2,"href":"https:\/\/viradasustentavel.org.br\/rio-de-janeiro\/wp-json\/wp\/v2\/tribe_events\/1173\/revisions"}],"predecessor-version":[{"id":1389,"href":"https:\/\/viradasustentavel.org.br\/rio-de-janeiro\/wp-json\/wp\/v2\/tribe_events\/1173\/revisions\/1389"}],"wp:attachment":[{"href":"https:\/\/viradasustentavel.org.br\/rio-de-janeiro\/wp-json\/wp\/v2\/media?parent=1173"}],"wp:term":[{"taxonomy":"post_tag","embeddable":true,"href":"https:\/\/viradasustentavel.org.br\/rio-de-janeiro\/wp-json\/wp\/v2\/tags?post=1173"},{"taxonomy":"tribe_events_cat","embeddable":true,"href":"https:\/\/viradasustentavel.org.br\/rio-de-janeiro\/wp-json\/wp\/v2\/tribe_events_cat?post=1173"}],"curies":[{"name":"wp","href":"https:\/\/api.w.org\/{rel}","templated":true}]}}

Paula Morelenbaum e Jaques Morelenbaum com participação de Dora Morelenbaum – Homenagem a Tom Jobim

<p>Paula Morelenbaum e Jaques Morelenbaum com participação de Dora Morelenbaum</p>
<p>Apresentação musical em homenagem a Tom Jobim com Paula Morelenbaum e Jaques Morelenbaum com participação de Dora Morelenbaum</p>
<p>Paula Morelenbaum, cantora e Jaques Morelenbaum, violoncelista, arranjador, produtor e compositor, são profundos conhecedores da Bossa Nova – por terem em seus currículos a participação por dez anos na brilhante &#8220;Nova Banda&#8221; de Antonio Carlos Jobim. Após o fim das atividades da banda, Paula e Jaques continuaram explorando o repertório clássico de Jobim, bem como de outros mestres da MPB, o que refletiu nos seus belos trabalhos, recebidos com entusiasmo pela crítica e pelo público mundial.</p>
<p>Em 2001, suas carreiras ganharam reconhecimento internacional com o aclamado trio Morelenbaum2/Sakamoto, parceria de Paula e Jaques com o proeminente compositor/pianista japonês Ryuichi Sakamoto. A estreia do grupo com o álbum &#8220;Casa&#8221;, lhes rendeu prêmios e elogios dos críticos de música em todo o mundo, seguido por dois outros álbuns, &#8220;Live in Tokyo&#8221; e &#8220;A day in New York&#8221;.</p>
<p>Paula Morelenbaum lançou em 2004, seu segundo álbum solo, &#8220;Berimbaum&#8221;, uma homenagem ao &#8220;poeta da Bossa Nova” Vinicius de Moraes, dentro de um conceito eletro-acústico contemporâneo. Em 2009, ela lançou o álbum &#8220;Telecoteco&#8221; com músicas brasileiras dos anos 40 e 50 – período pré-Bossa Nova. Este álbum foi nomeado para o &#8220;Prêmio de Música Brasileira 2009 &#8216;na categoria&#8217; MPB – Melhor Álbum&#8221;, e também para o &#8220;Grammy Latino&#8221;. Em 2010, Paula Morelenbaum lançou &#8220;Bossarenova&#8221; com o arranjador/pianista/produtor Ralf Schmid, e a renomada SWR Big Band de Stuttgart, na Alemanha. Em 2011, ela lançou &#8220;Paula &amp; Donato – Água&#8221;, com a reunião do inconfundível piano do compositor com seus vocais. Em 2013, ela lançou na Europa um novo álbum: &#8220;Samba Prelúdio&#8221;, com o pianista Ralf Schmid e trompetista Joo Kraus, construindo uma ponte entre as culturas brasileira e alemã, conectando belas melodias que diminuem a distância entre esses dois países.</p>
<p>Em 2017, Paula e Jaques lançam o álbum “Paula e Jaques Morelenbaum Live na Itália Omaggio a Jobim – com CelloSam3aTrio” (participação de Lula Galvão). Em 2019, Paula lança o novo álbum “Atlântico”, com o pianista Ralf Schmid e trompetista Joo Kraus, nas plataformas digitais.</p>
<p>Jaques Morelenbaum, violoncelista, compositor, arranjador e produtor brasileiro, já colaborou para vários artistas do cenário mundial, como Sting, David Byrne, Henri Salvador, Mariza, Omar Sosa, Gal Costa, Cesária Évora, Sadao Watanabe, Egberto Gismonti, Caetano Veloso (quinze álbuns), e Gilberto Gil entre outros. Em 2014, lança seu primeiro álbum solo: “Jaques Morelenbaum e o CelloSam3aTrio – Saudade do Futuro – Futuro da Saudade&#8221;, com a participação de Lula Galvão e Rafael Barata.</p>
<p>A partir de Heitor Villa-Lobos, o cello se tornou um dos ícones musicais do Brasil. Seu doce e romântico timbre, a semelhança de seu som com a voz humana, sua natural flexibilidade entre articulações gingadas, fizeram este instrumento, originalmente europeu, assumir uma identidade muito brasileira. O cello tem sido amado e utilizado como um meio de expressão bastante particular e peculiar por grandes compositores brasileiros, entre eles Antonio Carlos Jobim.</p>
<p>Paula Morelenbaum, de voz cristalina, Jaques Morelenbaum, com seu cello brilhante são parceiros de longa data, e de muitos shows e projetos, e juntamente com a participação de Dora Morelenbaum, uma das vozes mais bonitas da atualidade,  farão uma linda homenagem a TOM JOBIM. Eles sobem ao palco acompanhados por Adriano Souza no piano, Lula Galvão no violão e Thomas Harres na bateria.</p>

<p>Paula Morelenbaum e Jaques Morelenbaum com participação de Dora Morelenbaum Apresentação musical em homenagem a Tom Jobim com Paula Morelenbaum e Jaques Morelenbaum com participação de Dora Morelenbaum Paula Morelenbaum, [&hellip;]</p>
