{"id":1179,"date":"2025-10-14T16:57:33","date_gmt":"2025-10-14T19:57:33","guid":{"rendered":"https:\/\/viradasustentavel.org.br\/rio-de-janeiro\/eventos\/tocaia\/"},"modified":"2025-10-16T00:02:21","modified_gmt":"2025-10-16T03:02:21","slug":"tocaia","status":"publish","type":"tribe_events","link":"https:\/\/viradasustentavel.org.br\/rio-de-janeiro\/eventos\/tocaia\/","title":{"rendered":"Tocaia"},"content":{"rendered":"<p>O grupo cria seus pr\u00f3prios arranjos, mesclando m\u00fasicas instrumentais e can\u00e7\u00f5es do universo do forr\u00f3 com outros estilos adaptadas para o baile. O show dan\u00e7ante e animado convida o p\u00fablico a mergulhar no universo do forr\u00f3. Por meio da forma\u00e7\u00e3o cl\u00e1ssica de um trio p\u00e9 de serra; zabumba, tri\u00e2ngulo e sanfona, somado ao violino &#8220;rabecado&#8221; cria-se uma sonoridade moderna com ra\u00edzes tradicionais.<\/p>\n<p><strong>Tocaia<\/strong><\/p>\n<p>Tocaia \u00e9 uma banda carioca de forr\u00f3, formada pelas artistas Renata Neves, Mari Jasca, Paloma Ronai e Bela Ciavatta.<\/p>\n<p>O repert\u00f3rio e os arranjos s\u00e3o cuidadosamente escolhidos e inspirados na m\u00fasica latino-americana, incorporando novos elementos r\u00edtmicos e harm\u00f4nicos que tornam a experi\u00eancia \u00fanica. Nas can\u00e7\u00f5es interpretadas pelas vozes marcantes e singulares de Mari Jasca e Bela Ciavatta, tamb\u00e9m percussionistas da banda, os contrapontos e acompanhamentos do violino de Renata Neves e da sanfona de Paloma Ronai, adicionam camadas de profundidade e riqueza musical, tantas vezes fazendo o p\u00fablico pausar a dan\u00e7a para contemplar a performance sonora. Durante o show, as integrantes tocam tamb\u00e9m outros instrumentos, criando novas forma\u00e7\u00f5es e possibilidades. Pandeiro, pife, viol\u00e3o e rabeca entram pra somar nessa festa e enriquecem a experi\u00eancia do baile.<\/p>\n","protected":false},"excerpt":{"rendered":"<p>O grupo cria seus pr\u00f3prios arranjos, mesclando m\u00fasicas instrumentais e can\u00e7\u00f5es do universo do forr\u00f3 com outros estilos adaptadas para o baile. O show dan\u00e7ante e animado convida o p\u00fablico [&hellip;]<\/p>\n","protected":false},"author":2,"featured_media":354,"template":"","meta":{"_tribe_events_status":"","_tribe_events_status_reason":"","footnotes":""},"tags":[19,48,55],"tribe_events_cat":[25],"class_list":["post-1179","tribe_events","type-tribe_events","status-publish","has-post-thumbnail","hentry","tag-livre","tag-parque-garota-de-ipanema","tag-rouanet","tribe_events_cat-musica","cat_musica"],"_links":{"self":[{"href":"https:\/\/viradasustentavel.org.br\/rio-de-janeiro\/wp-json\/wp\/v2\/tribe_events\/1179","targetHints":{"allow":["GET"]}}],"collection":[{"href":"https:\/\/viradasustentavel.org.br\/rio-de-janeiro\/wp-json\/wp\/v2\/tribe_events"}],"about":[{"href":"https:\/\/viradasustentavel.org.br\/rio-de-janeiro\/wp-json\/wp\/v2\/types\/tribe_events"}],"author":[{"embeddable":true,"href":"https:\/\/viradasustentavel.org.br\/rio-de-janeiro\/wp-json\/wp\/v2\/users\/2"}],"version-history":[{"count":3,"href":"https:\/\/viradasustentavel.org.br\/rio-de-janeiro\/wp-json\/wp\/v2\/tribe_events\/1179\/revisions"}],"predecessor-version":[{"id":1666,"href":"https:\/\/viradasustentavel.org.br\/rio-de-janeiro\/wp-json\/wp\/v2\/tribe_events\/1179\/revisions\/1666"}],"wp:featuredmedia":[{"embeddable":true,"href":"https:\/\/viradasustentavel.org.br\/rio-de-janeiro\/wp-json\/wp\/v2\/media\/354"}],"wp:attachment":[{"href":"https:\/\/viradasustentavel.org.br\/rio-de-janeiro\/wp-json\/wp\/v2\/media?parent=1179"}],"wp:term":[{"taxonomy":"post_tag","embeddable":true,"href":"https:\/\/viradasustentavel.org.br\/rio-de-janeiro\/wp-json\/wp\/v2\/tags?post=1179"},{"taxonomy":"tribe_events_cat","embeddable":true,"href":"https:\/\/viradasustentavel.org.br\/rio-de-janeiro\/wp-json\/wp\/v2\/tribe_events_cat?post=1179"}],"curies":[{"name":"wp","href":"https:\/\/api.w.org\/{rel}","templated":true}]}}

<p>O grupo cria seus próprios arranjos, mesclando músicas instrumentais e canções do universo do forró com outros estilos adaptadas para o baile. O show dançante e animado convida o público a mergulhar no universo do forró. Por meio da formação clássica de um trio pé de serra; zabumba, triângulo e sanfona, somado ao violino &#8220;rabecado&#8221; cria-se uma sonoridade moderna com raízes tradicionais.</p>
<p><strong>Tocaia</strong></p>
<p>Tocaia é uma banda carioca de forró, formada pelas artistas Renata Neves, Mari Jasca, Paloma Ronai e Bela Ciavatta.</p>
<p>O repertório e os arranjos são cuidadosamente escolhidos e inspirados na música latino-americana, incorporando novos elementos rítmicos e harmônicos que tornam a experiência única. Nas canções interpretadas pelas vozes marcantes e singulares de Mari Jasca e Bela Ciavatta, também percussionistas da banda, os contrapontos e acompanhamentos do violino de Renata Neves e da sanfona de Paloma Ronai, adicionam camadas de profundidade e riqueza musical, tantas vezes fazendo o público pausar a dança para contemplar a performance sonora. Durante o show, as integrantes tocam também outros instrumentos, criando novas formações e possibilidades. Pandeiro, pife, violão e rabeca entram pra somar nessa festa e enriquecem a experiência do baile.</p>

<p>O grupo cria seus próprios arranjos, mesclando músicas instrumentais e canções do universo do forró com outros estilos adaptadas para o baile. O show dançante e animado convida o público [&hellip;]</p>
