{"id":1180,"date":"2025-10-14T16:57:33","date_gmt":"2025-10-14T19:57:33","guid":{"rendered":"https:\/\/viradasustentavel.org.br\/rio-de-janeiro\/eventos\/rio-maracatu\/"},"modified":"2025-10-16T00:04:53","modified_gmt":"2025-10-16T03:04:53","slug":"rio-maracatu","status":"publish","type":"tribe_events","link":"https:\/\/viradasustentavel.org.br\/rio-de-janeiro\/eventos\/rio-maracatu\/","title":{"rendered":"Rio Maracatu"},"content":{"rendered":"<p>Apresenta\u00e7\u00e3o de Maracatu de Baque Virado com os percussionistas e bailarinas para apresentar um cortejo pelo espa\u00e7o com a ala das catirinas, os instrumentos, onde tocaremos toadas autorais do Rio Maracatu e toadas de algumas Na\u00e7\u00f5es de Maracatu de Baque Virado de Recife.<\/p>\n<p><strong>Rio Maracatu<\/strong><\/p>\n<p>Desde 1998, o grupo realiza shows, oficinas e cortejos. Nesses 26 anos, podemos destacar participa\u00e7\u00f5es em shows de artistas consagrados, apresenta\u00e7\u00f5es em lonas culturais e em v\u00e1rios eventos em comunidades da Zona Oeste e Baixada Fluminense. O Rio Maracatu \u00e9 um grupo bem conhecido dos cariocas e estabelece um intenso interc\u00e2mbio com os mais importantes mestres de Maracatu do Recife. Nascido no Rio de Janeiro, o grupo n\u00e3o aspira a tentar igualar-se \u00e0s grandes Na\u00e7\u00f5es de Maracatu do Recife, mas a ativar e estimular interc\u00e2mbios entre essas duas culturas, a pernambucana e a carioca. Al\u00e9m disso, o grupo mant\u00e9m oficinas peri\u00f3dicas de percuss\u00e3o e dan\u00e7a desde 2001 na Fundi\u00e7\u00e3o Progresso.<\/p>\n","protected":false},"excerpt":{"rendered":"<p>Apresenta\u00e7\u00e3o de Maracatu de Baque Virado com os percussionistas e bailarinas para apresentar um cortejo pelo espa\u00e7o com a ala das catirinas, os instrumentos, onde tocaremos toadas autorais do Rio [&hellip;]<\/p>\n","protected":false},"author":2,"featured_media":358,"template":"","meta":{"_tribe_events_status":"","_tribe_events_status_reason":"","footnotes":""},"tags":[19,48,55],"tribe_events_cat":[25],"class_list":["post-1180","tribe_events","type-tribe_events","status-publish","has-post-thumbnail","hentry","tag-livre","tag-parque-garota-de-ipanema","tag-rouanet","tribe_events_cat-musica","cat_musica"],"_links":{"self":[{"href":"https:\/\/viradasustentavel.org.br\/rio-de-janeiro\/wp-json\/wp\/v2\/tribe_events\/1180","targetHints":{"allow":["GET"]}}],"collection":[{"href":"https:\/\/viradasustentavel.org.br\/rio-de-janeiro\/wp-json\/wp\/v2\/tribe_events"}],"about":[{"href":"https:\/\/viradasustentavel.org.br\/rio-de-janeiro\/wp-json\/wp\/v2\/types\/tribe_events"}],"author":[{"embeddable":true,"href":"https:\/\/viradasustentavel.org.br\/rio-de-janeiro\/wp-json\/wp\/v2\/users\/2"}],"version-history":[{"count":3,"href":"https:\/\/viradasustentavel.org.br\/rio-de-janeiro\/wp-json\/wp\/v2\/tribe_events\/1180\/revisions"}],"predecessor-version":[{"id":1669,"href":"https:\/\/viradasustentavel.org.br\/rio-de-janeiro\/wp-json\/wp\/v2\/tribe_events\/1180\/revisions\/1669"}],"wp:featuredmedia":[{"embeddable":true,"href":"https:\/\/viradasustentavel.org.br\/rio-de-janeiro\/wp-json\/wp\/v2\/media\/358"}],"wp:attachment":[{"href":"https:\/\/viradasustentavel.org.br\/rio-de-janeiro\/wp-json\/wp\/v2\/media?parent=1180"}],"wp:term":[{"taxonomy":"post_tag","embeddable":true,"href":"https:\/\/viradasustentavel.org.br\/rio-de-janeiro\/wp-json\/wp\/v2\/tags?post=1180"},{"taxonomy":"tribe_events_cat","embeddable":true,"href":"https:\/\/viradasustentavel.org.br\/rio-de-janeiro\/wp-json\/wp\/v2\/tribe_events_cat?post=1180"}],"curies":[{"name":"wp","href":"https:\/\/api.w.org\/{rel}","templated":true}]}}

<p>Apresentação de Maracatu de Baque Virado com os percussionistas e bailarinas para apresentar um cortejo pelo espaço com a ala das catirinas, os instrumentos, onde tocaremos toadas autorais do Rio Maracatu e toadas de algumas Nações de Maracatu de Baque Virado de Recife.</p>
<p><strong>Rio Maracatu</strong></p>
<p>Desde 1998, o grupo realiza shows, oficinas e cortejos. Nesses 26 anos, podemos destacar participações em shows de artistas consagrados, apresentações em lonas culturais e em vários eventos em comunidades da Zona Oeste e Baixada Fluminense. O Rio Maracatu é um grupo bem conhecido dos cariocas e estabelece um intenso intercâmbio com os mais importantes mestres de Maracatu do Recife. Nascido no Rio de Janeiro, o grupo não aspira a tentar igualar-se às grandes Nações de Maracatu do Recife, mas a ativar e estimular intercâmbios entre essas duas culturas, a pernambucana e a carioca. Além disso, o grupo mantém oficinas periódicas de percussão e dança desde 2001 na Fundição Progresso.</p>

<p>Apresentação de Maracatu de Baque Virado com os percussionistas e bailarinas para apresentar um cortejo pelo espaço com a ala das catirinas, os instrumentos, onde tocaremos toadas autorais do Rio [&hellip;]</p>
