{"id":1183,"date":"2025-10-14T16:57:43","date_gmt":"2025-10-14T19:57:43","guid":{"rendered":"https:\/\/viradasustentavel.org.br\/rio-de-janeiro\/eventos\/raios-de-sol\/"},"modified":"2025-10-16T00:04:11","modified_gmt":"2025-10-16T03:04:11","slug":"raios-de-sol","status":"publish","type":"tribe_events","link":"https:\/\/viradasustentavel.org.br\/rio-de-janeiro\/eventos\/raios-de-sol\/","title":{"rendered":"Raios de Sol"},"content":{"rendered":"<p>O espet\u00e1culo conta a hist\u00f3ria dos dois \u00faltimos palha\u00e7os sobreviventes do mundo que se encontram em meio ao lixo e juntos embarcam em uma aventura pela reconstru\u00e7\u00e3o da humanidade, da natureza e da vida.<\/p>\n<p><strong>Grupo OBA<\/strong><\/p>\n<p>Sediados no Rio de Janeiro, somos uma produtora que valoriza a pesquisa e a multilinguagem, misturando o cl\u00e1ssico e o contempor\u00e2neo, gerando conceitos pr\u00f3prios e caracter\u00edsticos, atuando assim nas diversas \u00e1reas art\u00edsticas por meio de produ\u00e7\u00f5es cinematogr\u00e1ficas, teatrais, cria\u00e7\u00e3o e finaliza\u00e7\u00e3o de conte\u00fado audiovisuais, al\u00e9m do gerenciamento do Espa\u00e7o de Pesquisas Art\u00edsticas e suas atividades culturais.<\/p>\n","protected":false},"excerpt":{"rendered":"<p>O espet\u00e1culo conta a hist\u00f3ria dos dois \u00faltimos palha\u00e7os sobreviventes do mundo que se encontram em meio ao lixo e juntos embarcam em uma aventura pela reconstru\u00e7\u00e3o da humanidade, da [&hellip;]<\/p>\n","protected":false},"author":2,"featured_media":362,"template":"","meta":{"_tribe_events_status":"","_tribe_events_status_reason":"","footnotes":""},"tags":[19,48,55],"tribe_events_cat":[30],"class_list":["post-1183","tribe_events","type-tribe_events","status-publish","has-post-thumbnail","hentry","tag-livre","tag-parque-garota-de-ipanema","tag-rouanet","tribe_events_cat-teatro","cat_teatro"],"_links":{"self":[{"href":"https:\/\/viradasustentavel.org.br\/rio-de-janeiro\/wp-json\/wp\/v2\/tribe_events\/1183","targetHints":{"allow":["GET"]}}],"collection":[{"href":"https:\/\/viradasustentavel.org.br\/rio-de-janeiro\/wp-json\/wp\/v2\/tribe_events"}],"about":[{"href":"https:\/\/viradasustentavel.org.br\/rio-de-janeiro\/wp-json\/wp\/v2\/types\/tribe_events"}],"author":[{"embeddable":true,"href":"https:\/\/viradasustentavel.org.br\/rio-de-janeiro\/wp-json\/wp\/v2\/users\/2"}],"version-history":[{"count":3,"href":"https:\/\/viradasustentavel.org.br\/rio-de-janeiro\/wp-json\/wp\/v2\/tribe_events\/1183\/revisions"}],"predecessor-version":[{"id":1668,"href":"https:\/\/viradasustentavel.org.br\/rio-de-janeiro\/wp-json\/wp\/v2\/tribe_events\/1183\/revisions\/1668"}],"wp:featuredmedia":[{"embeddable":true,"href":"https:\/\/viradasustentavel.org.br\/rio-de-janeiro\/wp-json\/wp\/v2\/media\/362"}],"wp:attachment":[{"href":"https:\/\/viradasustentavel.org.br\/rio-de-janeiro\/wp-json\/wp\/v2\/media?parent=1183"}],"wp:term":[{"taxonomy":"post_tag","embeddable":true,"href":"https:\/\/viradasustentavel.org.br\/rio-de-janeiro\/wp-json\/wp\/v2\/tags?post=1183"},{"taxonomy":"tribe_events_cat","embeddable":true,"href":"https:\/\/viradasustentavel.org.br\/rio-de-janeiro\/wp-json\/wp\/v2\/tribe_events_cat?post=1183"}],"curies":[{"name":"wp","href":"https:\/\/api.w.org\/{rel}","templated":true}]}}

<p>O espetáculo conta a história dos dois últimos palhaços sobreviventes do mundo que se encontram em meio ao lixo e juntos embarcam em uma aventura pela reconstrução da humanidade, da natureza e da vida.</p>
<p><strong>Grupo OBA</strong></p>
<p>Sediados no Rio de Janeiro, somos uma produtora que valoriza a pesquisa e a multilinguagem, misturando o clássico e o contemporâneo, gerando conceitos próprios e característicos, atuando assim nas diversas áreas artísticas por meio de produções cinematográficas, teatrais, criação e finalização de conteúdo audiovisuais, além do gerenciamento do Espaço de Pesquisas Artísticas e suas atividades culturais.</p>

<p>O espetáculo conta a história dos dois últimos palhaços sobreviventes do mundo que se encontram em meio ao lixo e juntos embarcam em uma aventura pela reconstrução da humanidade, da [&hellip;]</p>
