{"id":1184,"date":"2025-10-14T16:57:43","date_gmt":"2025-10-14T19:57:43","guid":{"rendered":"https:\/\/viradasustentavel.org.br\/rio-de-janeiro\/eventos\/alulu-paranhos\/"},"modified":"2025-10-16T00:03:25","modified_gmt":"2025-10-16T03:03:25","slug":"alulu-paranhos","status":"publish","type":"tribe_events","link":"https:\/\/viradasustentavel.org.br\/rio-de-janeiro\/eventos\/alulu-paranhos\/","title":{"rendered":"Alulu Paranhos"},"content":{"rendered":"<p>Alulu apresenta o seu show de MPB moderna com som leve, balan\u00e7ado e profundo. Produzido pelas artistas MAHMUNDI e Josefe, tendo tamb\u00e9m Pepe Starling na produ\u00e7\u00e3o, feats com Bruno Berle e Tiago Nacarat e composi\u00e7\u00f5es de Alulu, Ava Rocha, Iara Renn\u00f3, Dend\u00ea, Carlos Posada, Arlindo cruz, Chico Buarque, Clara Valverde, Jo\u00e3o Menezes, Felipe Toca, Bruno Berle, Mahmundi e Josefe. O show in\u00e9dito da jovem cantora de 25 anos, que est\u00e1 debutando em seu primeiro \u00e1lbum, ter\u00e1 uma forma\u00e7\u00e3o ac\u00fastica de viol\u00e3o, voz e percuss\u00e3o. Alulu ir\u00e1 tocar o p\u00fablico com can\u00e7\u00f5es que procuram restaurar a esperan\u00e7a na vida e nos anseios dos ouvintes.<\/p>\n<p><strong>Alulu Paranhos<\/strong><\/p>\n<p>Cantora e compositora carioca, Alulu \u00e9 uma artista m\u00faltipla que ama m\u00fasica brasileira e se debru\u00e7a sobre ela em suas cria\u00e7\u00f5es. Al\u00e9m da carreira solo, se apresenta nos bailes do Forr\u00f3 de Pife e Aquela Jararaca. Ja fez feat com Elba Ramalho no seu EP de forr\u00f3 &#8220;Pra Dancar Colada&#8221;, trilha sonora do desfile da Salinas, no S\u00e3o Paulo Fashion Week. Se apresentou no palco principal do Rock The Mountain com suas can\u00e7\u00f5es e celebrou parcerias com Bruno Berle, Ana Frango El\u00e9trico e outros musicistas de sua gera\u00e7\u00e3o. Em seu primeiro \u00e1lbum, &#8220;P\u00f5e Esperan\u00e7a Nisso&#8221; contou com a produ\u00e7\u00e3o, parceria e acolhimento da artista Mahmundi. Se chegou at\u00e9 voc\u00ea, passa um caf\u00e9, bota o fone e deixa m\u00fasica de Alulu te contar sobre ela.<\/p>\n","protected":false},"excerpt":{"rendered":"<p>Alulu apresenta o seu show de MPB moderna com som leve, balan\u00e7ado e profundo. Produzido pelas artistas MAHMUNDI e Josefe, tendo tamb\u00e9m Pepe Starling na produ\u00e7\u00e3o, feats com Bruno Berle [&hellip;]<\/p>\n","protected":false},"author":2,"featured_media":1405,"template":"","meta":{"_tribe_events_status":"","_tribe_events_status_reason":"","footnotes":""},"tags":[19,48,55],"tribe_events_cat":[25],"class_list":["post-1184","tribe_events","type-tribe_events","status-publish","has-post-thumbnail","hentry","tag-livre","tag-parque-garota-de-ipanema","tag-rouanet","tribe_events_cat-musica","cat_musica"],"_links":{"self":[{"href":"https:\/\/viradasustentavel.org.br\/rio-de-janeiro\/wp-json\/wp\/v2\/tribe_events\/1184","targetHints":{"allow":["GET"]}}],"collection":[{"href":"https:\/\/viradasustentavel.org.br\/rio-de-janeiro\/wp-json\/wp\/v2\/tribe_events"}],"about":[{"href":"https:\/\/viradasustentavel.org.br\/rio-de-janeiro\/wp-json\/wp\/v2\/types\/tribe_events"}],"author":[{"embeddable":true,"href":"https:\/\/viradasustentavel.org.br\/rio-de-janeiro\/wp-json\/wp\/v2\/users\/2"}],"version-history":[{"count":3,"href":"https:\/\/viradasustentavel.org.br\/rio-de-janeiro\/wp-json\/wp\/v2\/tribe_events\/1184\/revisions"}],"predecessor-version":[{"id":1667,"href":"https:\/\/viradasustentavel.org.br\/rio-de-janeiro\/wp-json\/wp\/v2\/tribe_events\/1184\/revisions\/1667"}],"wp:featuredmedia":[{"embeddable":true,"href":"https:\/\/viradasustentavel.org.br\/rio-de-janeiro\/wp-json\/wp\/v2\/media\/1405"}],"wp:attachment":[{"href":"https:\/\/viradasustentavel.org.br\/rio-de-janeiro\/wp-json\/wp\/v2\/media?parent=1184"}],"wp:term":[{"taxonomy":"post_tag","embeddable":true,"href":"https:\/\/viradasustentavel.org.br\/rio-de-janeiro\/wp-json\/wp\/v2\/tags?post=1184"},{"taxonomy":"tribe_events_cat","embeddable":true,"href":"https:\/\/viradasustentavel.org.br\/rio-de-janeiro\/wp-json\/wp\/v2\/tribe_events_cat?post=1184"}],"curies":[{"name":"wp","href":"https:\/\/api.w.org\/{rel}","templated":true}]}}

<p>Alulu apresenta o seu show de MPB moderna com som leve, balançado e profundo. Produzido pelas artistas MAHMUNDI e Josefe, tendo também Pepe Starling na produção, feats com Bruno Berle e Tiago Nacarat e composições de Alulu, Ava Rocha, Iara Rennó, Dendê, Carlos Posada, Arlindo cruz, Chico Buarque, Clara Valverde, João Menezes, Felipe Toca, Bruno Berle, Mahmundi e Josefe. O show inédito da jovem cantora de 25 anos, que está debutando em seu primeiro álbum, terá uma formação acústica de violão, voz e percussão. Alulu irá tocar o público com canções que procuram restaurar a esperança na vida e nos anseios dos ouvintes.</p>
<p><strong>Alulu Paranhos</strong></p>
<p>Cantora e compositora carioca, Alulu é uma artista múltipla que ama música brasileira e se debruça sobre ela em suas criações. Além da carreira solo, se apresenta nos bailes do Forró de Pife e Aquela Jararaca. Ja fez feat com Elba Ramalho no seu EP de forró &#8220;Pra Dancar Colada&#8221;, trilha sonora do desfile da Salinas, no São Paulo Fashion Week. Se apresentou no palco principal do Rock The Mountain com suas canções e celebrou parcerias com Bruno Berle, Ana Frango Elétrico e outros musicistas de sua geração. Em seu primeiro álbum, &#8220;Põe Esperança Nisso&#8221; contou com a produção, parceria e acolhimento da artista Mahmundi. Se chegou até você, passa um café, bota o fone e deixa música de Alulu te contar sobre ela.</p>

<p>Alulu apresenta o seu show de MPB moderna com som leve, balançado e profundo. Produzido pelas artistas MAHMUNDI e Josefe, tendo também Pepe Starling na produção, feats com Bruno Berle [&hellip;]</p>
