{"id":1185,"date":"2025-10-14T16:57:43","date_gmt":"2025-10-14T19:57:43","guid":{"rendered":"https:\/\/viradasustentavel.org.br\/rio-de-janeiro\/eventos\/natasha-llerena-cantar-a-terra\/"},"modified":"2025-10-15T23:59:36","modified_gmt":"2025-10-16T02:59:36","slug":"natasha-llerena-cantar-a-terra","status":"publish","type":"tribe_events","link":"https:\/\/viradasustentavel.org.br\/rio-de-janeiro\/eventos\/natasha-llerena-cantar-a-terra\/","title":{"rendered":"Natasha Llerena \u2013 Cantar \u00e0 Terra"},"content":{"rendered":"<p>Cantar \u00e0 Terra \u00e9 um show-manifesto que entrela\u00e7a arte e consci\u00eancia em um chamado urgente pela reconex\u00e3o do ser humano com a natureza. Inspirado na cosmovis\u00e3o do Bem Viver e nos saberes ancestrais dos povos origin\u00e1rios, o espet\u00e1culo prop\u00f5e um mergulho sensorial e espiritual em valores como coletividade, respeito ao feminino, comunh\u00e3o com a terra e escuta profunda dos ciclos da vida. Por meio de letras po\u00e9ticas, melodias envolventes e uma est\u00e9tica c\u00eanica ritual\u00edstica, Cantar \u00e0 Terra resgata o v\u00ednculo essencial entre corpo, territ\u00f3rio e esp\u00edrito. Com influ\u00eancias da m\u00fasica ib\u00e9rica, latino-americana, ind\u00edgena e popular brasileira, o repert\u00f3rio transita entre composi\u00e7\u00f5es autorais e releituras que reverberam consci\u00eancia planet\u00e1ria e for\u00e7a ancestral. A voz de Natasha Llerena \u2013 potente, sens\u00edvel e visceral \u2013 conduz o p\u00fablico por uma jornada de encantamento e reflex\u00e3o, evocando ecos de grandes int\u00e9rpretes como Mercedes Sosa e Maria Beth\u00e2nia. Mais do que um espet\u00e1culo, Cantar \u00e0 Terra \u00e9 uma semente de resist\u00eancia que floresce no coletivo, reunindo aqueles que cantam com o cora\u00e7\u00e3o e anseiam por transforma\u00e7\u00e3o. A experi\u00eancia convida o p\u00fablico a vivenciar um rito art\u00edstico que pulsa com espiritualidade, ativismo e beleza. Ao final, quem assiste sai tocado, em estado de \u00eaxtase e reconex\u00e3o \u2013 como quem reencontra algo essencial que havia sido esquecido.<\/p>\n<p><strong>Natasha Llerena<\/strong><\/p>\n<p>Apresenta\u00e7\u00e3o musical com Natasha Llerena, cantora, compositora e bailarina. Orientada por refere\u0302ncias diversas da mu\u0301sica brasileira, africana, a\u0301rabe e ibe\u0301rica, dedica-se a\u0300 criac\u0327a\u0303o de uma sonoridade pro\u0301pria.<\/p>\n","protected":false},"excerpt":{"rendered":"<p>Cantar \u00e0 Terra \u00e9 um show-manifesto que entrela\u00e7a arte e consci\u00eancia em um chamado urgente pela reconex\u00e3o do ser humano com a natureza. Inspirado na cosmovis\u00e3o do Bem Viver e [&hellip;]<\/p>\n","protected":false},"author":2,"featured_media":1403,"template":"","meta":{"_tribe_events_status":"","_tribe_events_status_reason":"","footnotes":""},"tags":[19,48,55],"tribe_events_cat":[25],"class_list":["post-1185","tribe_events","type-tribe_events","status-publish","has-post-thumbnail","hentry","tag-livre","tag-parque-garota-de-ipanema","tag-rouanet","tribe_events_cat-musica","cat_musica"],"_links":{"self":[{"href":"https:\/\/viradasustentavel.org.br\/rio-de-janeiro\/wp-json\/wp\/v2\/tribe_events\/1185","targetHints":{"allow":["GET"]}}],"collection":[{"href":"https:\/\/viradasustentavel.org.br\/rio-de-janeiro\/wp-json\/wp\/v2\/tribe_events"}],"about":[{"href":"https:\/\/viradasustentavel.org.br\/rio-de-janeiro\/wp-json\/wp\/v2\/types\/tribe_events"}],"author":[{"embeddable":true,"href":"https:\/\/viradasustentavel.org.br\/rio-de-janeiro\/wp-json\/wp\/v2\/users\/2"}],"version-history":[{"count":3,"href":"https:\/\/viradasustentavel.org.br\/rio-de-janeiro\/wp-json\/wp\/v2\/tribe_events\/1185\/revisions"}],"predecessor-version":[{"id":1663,"href":"https:\/\/viradasustentavel.org.br\/rio-de-janeiro\/wp-json\/wp\/v2\/tribe_events\/1185\/revisions\/1663"}],"wp:featuredmedia":[{"embeddable":true,"href":"https:\/\/viradasustentavel.org.br\/rio-de-janeiro\/wp-json\/wp\/v2\/media\/1403"}],"wp:attachment":[{"href":"https:\/\/viradasustentavel.org.br\/rio-de-janeiro\/wp-json\/wp\/v2\/media?parent=1185"}],"wp:term":[{"taxonomy":"post_tag","embeddable":true,"href":"https:\/\/viradasustentavel.org.br\/rio-de-janeiro\/wp-json\/wp\/v2\/tags?post=1185"},{"taxonomy":"tribe_events_cat","embeddable":true,"href":"https:\/\/viradasustentavel.org.br\/rio-de-janeiro\/wp-json\/wp\/v2\/tribe_events_cat?post=1185"}],"curies":[{"name":"wp","href":"https:\/\/api.w.org\/{rel}","templated":true}]}}

Natasha Llerena – Cantar à Terra

<p>Cantar à Terra é um show-manifesto que entrelaça arte e consciência em um chamado urgente pela reconexão do ser humano com a natureza. Inspirado na cosmovisão do Bem Viver e nos saberes ancestrais dos povos originários, o espetáculo propõe um mergulho sensorial e espiritual em valores como coletividade, respeito ao feminino, comunhão com a terra e escuta profunda dos ciclos da vida. Por meio de letras poéticas, melodias envolventes e uma estética cênica ritualística, Cantar à Terra resgata o vínculo essencial entre corpo, território e espírito. Com influências da música ibérica, latino-americana, indígena e popular brasileira, o repertório transita entre composições autorais e releituras que reverberam consciência planetária e força ancestral. A voz de Natasha Llerena – potente, sensível e visceral – conduz o público por uma jornada de encantamento e reflexão, evocando ecos de grandes intérpretes como Mercedes Sosa e Maria Bethânia. Mais do que um espetáculo, Cantar à Terra é uma semente de resistência que floresce no coletivo, reunindo aqueles que cantam com o coração e anseiam por transformação. A experiência convida o público a vivenciar um rito artístico que pulsa com espiritualidade, ativismo e beleza. Ao final, quem assiste sai tocado, em estado de êxtase e reconexão – como quem reencontra algo essencial que havia sido esquecido.</p>
<p><strong>Natasha Llerena</strong></p>
<p>Apresentação musical com Natasha Llerena, cantora, compositora e bailarina. Orientada por referências diversas da música brasileira, africana, árabe e ibérica, dedica-se à criação de uma sonoridade própria.</p>

<p>Cantar à Terra é um show-manifesto que entrelaça arte e consciência em um chamado urgente pela reconexão do ser humano com a natureza. Inspirado na cosmovisão do Bem Viver e [&hellip;]</p>
